000
CXUS54 KFWD 210730
CF6CRS
PRELIMINARY LOCAL CLIMATOLOGICAL DATA (WS FORM: F-6)

                                          STATION:   CORSICANA
                                          MONTH:     NOVEMBER
                                          YEAR:      2017
                                          LATITUDE:   32  1 N
                                          LONGITUDE:  96 24 W

  TEMPERATURE IN F:       :PCPN:    SNOW:  WIND      :SUNSHINE: SKY     :PK WND
================================================================================
1   2   3   4   5  6A  6B    7    8   9   10  11  12  13   14  15   16   17  18
                                     12Z  AVG MX 2MIN
DY MAX MIN AVG DEP HDD CDD  WTR  SNW DPTH SPD SPD DIR MIN PSBL S-S WX    SPD DR
================================================================================

 1  72  50  61  -2   4   0    T  0.0    0  8.7 17 180   M    M   5 1      25 200
 2  88  68  78  15   0  13 0.00  0.0    0 13.9 24 210   M    M   3 1      31 200
 3  78  62  70   8   0   5 0.00  0.0    0  7.0 14 310   M    M   6 18     18 300
 4  83  65  74  12   0   9 0.00  0.0    0 10.1 21 190   M    M   6 1      27 200
 5  85  70  78  16   0  13 0.00  0.0    0 12.9 25 210   M    M   4        32 190
 6  86  62  74  13   0   9 0.00  0.0    0  9.1 20 220   M    M   5 18     24 220
 7  62  51  57  -4   8   0    T  0.0    0  9.2 17 360   M    M   M        23  10
 8  51  46  49 -11  16   0 1.09  0.0    0  9.8 17 340   M    M  10 1      23 350
 9  54  43  49 -11  16   0    T  0.0    0  5.6 10  10   M    M   7 1      15 350
10  66  40  53  -7  12   0 0.00  0.0    0  4.9 14 140   M    M   5 12     17 120
11  69  56  63   4   2   0    T  0.0    0 10.4 18 150   M    M   9        22 150
12  72  60  66   7   0   1 0.02  0.0    0  5.5 12  50   M    M  10 1      17  40
13  66  58  62   4   3   0 0.00  0.0    0  5.8 12 110   M    M   9 18     15  90
14  78  60  69  11   0   4 0.00  0.0    0  9.9 16 160   M    M   8        21 190
15  72  63  68  10   0   3 0.00  0.0    0  8.4 16 160   M    M  10 1      20 160
16  79  63  71  14   0   6 0.00  0.0    0  5.4 12 150   M    M   7 18     15 150
17  83  67  75  18   0  10 0.00  0.0    0 14.5 29 190   M    M   6        36 190
18  78  46  62   6   3   0 0.00  0.0    0 17.0 31 320   M    M   3        40 310
19  63  41  52  -4  13   0 0.00  0.0    0  4.8 14  50   M    M   0        19  90
20  65  39  52  -3  13   0 0.00  0.0    0  8.2 18 180   M    M   0 8      25 170
================================================================================
SM 1450 1110        90  73  1.11     0.0 181.1          M      113
================================================================================
AV 72.5 55.5                               9.1 FASTST   M    M   6    MAX(MPH)
                                 MISC ---->  # 31 320               # 40  310
================================================================================
NOTES:
# LAST OF SEVERAL OCCURRENCES

COLUMN 17 PEAK WIND IN M.P.H.

PRELIMINARY LOCAL CLIMATOLOGICAL DATA (WS FORM: F-6) , PAGE 2

                                          STATION:  CORSICANA
                                          MONTH:    NOVEMBER
                                          YEAR:     2017
                                          LATITUDE:   32  1 N
                                          LONGITUDE:  96 24 W

[TEMPERATURE DATA]      [PRECIPITATION DATA]       SYMBOLS USED IN COLUMN 16

AVERAGE MONTHLY: 64.0   TOTAL FOR MONTH:   1.11    1 = FOG OR MIST
DPTR FM NORMAL:   4.7   DPTR FM NORMAL:   -1.71    2 = FOG REDUCING VISIBILITY
HIGHEST:    88 ON  2    GRTST 24HR  1.09 ON  8- 8      TO 1/4 MILE OR LESS
LOWEST:     39 ON 20                               3 = THUNDER
                        SNOW, ICE PELLETS, HAIL    4 = ICE PELLETS
                        TOTAL MONTH:   0.0 INCH    5 = HAIL
                        GRTST 24HR     0.0         6 = FREEZING RAIN OR DRIZZLE
                        GRTST DEPTH:   0           7 = DUSTSTORM OR SANDSTORM:
                                                       VSBY 1/2 MILE OR LESS
                                                   8 = SMOKE OR HAZE
[NO. OF DAYS WITH]      [WEATHER - DAYS WITH]      9 = BLOWING SNOW
                                                   X = TORNADO
MAX 32 OR BELOW:   0    0.01 INCH OR MORE:   2
MAX 90 OR ABOVE:   0    0.10 INCH OR MORE:   1
MIN 32 OR BELOW:   0    0.50 INCH OR MORE:   1
MIN  0 OR BELOW:   0    1.00 INCH OR MORE:   1

[HDD (BASE 65) ]
TOTAL THIS MO.    90    CLEAR  (SCALE 0-3)   2
DPTR FM NORMAL   -49    PTCLDY (SCALE 4-7)  11
TOTAL FM JUL 1   163    CLOUDY (SCALE 8-10)  6
DPTR FM NORMAL   -37

[CDD (BASE 65) ]
TOTAL THIS MO.    73
DPTR FM NORMAL    48    [PRESSURE DATA]
TOTAL FM JAN 1  2959    HIGHEST SLP M ON M
DPTR FM NORMAL   348    LOWEST  SLP 29.63 ON 18

[REMARKS]
