000
CXUS52 KFFC 291110
CF6CSG
PRELIMINARY LOCAL CLIMATOLOGICAL DATA (WS FORM: F-6)

                                          STATION:   COLUMBUS
                                          MONTH:     AUGUST
                                          YEAR:      2014
                                          LATITUDE:   32 31 N
                                          LONGITUDE:  84 56 W

  TEMPERATURE IN F:       :PCPN:    SNOW:  WIND      :SUNSHINE: SKY     :PK WND
================================================================================
1   2   3   4   5  6A  6B    7    8   9   10  11  12  13   14  15   16   17  18
                                     12Z  AVG MX 2MIN
DY MAX MIN AVG DEP HDD CDD  WTR  SNW DPTH SPD SPD DIR MIN PSBL S-S WX    SPD DR
================================================================================

 1  85  71  78  -5   0  13    T  0.0    0  6.6 13  90   M    M   7        15  90
 2  86  69  78  -5   0  13 0.01  0.0    0  6.3 14 100   M    M   5        17  90
 3  86  72  79  -3   0  14 0.01  0.0    0  5.0 12 120   M    M   6 13     14 120
 4  92  71  82   0   0  17 0.00  0.0    0  3.7 13  90   M    M   1        18  10
 5  92  70  81  -1   0  16 0.00  0.0    0  2.4 16 270   M    M   1        21 270
 6  96  71  84   2   0  19 0.00  0.0    0  3.9 16 320   M    M   0 18     21 330
 7  96  73  85   3   0  20 0.00  0.0    0  1.4 12 280   M    M   0 18     15 280
 8  96  74  85   3   0  20 0.02  0.0    0  6.3 24 290   M    M   2 3      30 290
 9  95  72  84   2   0  19 0.48  0.0    0  3.6 21 210   M    M   2 13     25 210
10  89  72  81  -1   0  16 0.07  0.0    0  2.2 15 340   M    M   6 13     21 270
11  88  75  82   0   0  17 0.01  0.0    0  3.2 23 300   M    M   6 13     29 300
12  90  74  82   0   0  17 0.10  0.0    0  4.4 21 290   M    M   5 13     28 340
13  89  72  81  -1   0  16 0.00  0.0    0  5.4 14 330   M    M   1 1      18 340
14  90  65  78  -4   0  13 0.00  0.0    0  4.4 13 330   M    M   0        17 310
15  91  65  78  -4   0  13 0.00  0.0    0  3.4 14 330   M    M   0        18 310
16  93  67  80  -2   0  15 0.00  0.0    0  2.8 13 300   M    M   0        22 300
17  91  69  80  -2   0  15 0.30  0.0    0  2.4 28 310   M    M   2 13     35 300
18  88  70  79  -3   0  14 0.01  0.0    0  6.6 24 300   M    M   4 13     31 300
19  88  69  79  -3   0  14 0.16  0.0    0  5.8 35 260   M    M   3 138    54 230
20  93  70  82   0   0  17 0.01  0.0    0  4.7 20  50   M    M   2 13     30  60
21  96  72  84   2   0  19 0.00  0.0    0  2.5 18  10   M    M   1 3      24  20
22  98  73  86   4   0  21    T  0.0    0  3.4 13 310   M    M   1        17 310
23  98  76  87   5   0  22 0.00  0.0    0  4.8 16 330   M    M   1        22 310
24  95  77  86   4   0  21 0.00  0.0    0  7.5 17 120   M    M   1        21  90
25  89  72  81   0   0  16 0.00  0.0    0  9.2 17  90   M    M   0        23  90
26  91  68  80  -1   0  15 0.00  0.0    0  7.1 16  90   M    M   1        22  80
27  93  66  80  -1   0  15 0.00  0.0    0  3.8 13  90   M    M   0        18  90
28  95  65  80  -1   0  15 0.00  0.0    0  2.3 10  70   M    M   0        17 150
================================================================================
SM 2569 1980         0 462  1.18     0.0 125.1          M       58
================================================================================
AV 91.8 70.7                               4.5 FASTST   M    M   2    MAX(MPH)
                                 MISC ---->  # 35 260               # 54  230
================================================================================
NOTES:
# LAST OF SEVERAL OCCURRENCES

COLUMN 17 PEAK WIND IN M.P.H.

PRELIMINARY LOCAL CLIMATOLOGICAL DATA (WS FORM: F-6) , PAGE 2

                                          STATION:  COLUMBUS
                                          MONTH:    AUGUST
                                          YEAR:     2014
                                          LATITUDE:   32 31 N
                                          LONGITUDE:  84 56 W

[TEMPERATURE DATA]      [PRECIPITATION DATA]       SYMBOLS USED IN COLUMN 16

AVERAGE MONTHLY: 81.2   TOTAL FOR MONTH:   1.18    1 = FOG OR MIST
DPTR FM NORMAL:  -0.7   DPTR FM NORMAL:   -2.27    2 = FOG REDUCING VISIBILITY
HIGHEST:    98 ON 23,22 GRTST 24HR  0.54 ON  9-10      TO 1/4 MILE OR LESS
LOWEST:     65 ON 28,15                            3 = THUNDER
                        SNOW, ICE PELLETS, HAIL    4 = ICE PELLETS
                        TOTAL MONTH:   0.0 INCH    5 = HAIL
                        GRTST 24HR     0.0         6 = FREEZING RAIN OR DRIZZLE
                        GRTST DEPTH:   0           7 = DUSTSTORM OR SANDSTORM:
                                                       VSBY 1/2 MILE OR LESS
                                                   8 = SMOKE OR HAZE
[NO. OF DAYS WITH]      [WEATHER - DAYS WITH]      9 = BLOWING SNOW
                                                   X = TORNADO
MAX 32 OR BELOW:   0    0.01 INCH OR MORE:  11
MAX 90 OR ABOVE:  19    0.10 INCH OR MORE:   4
MIN 32 OR BELOW:   0    0.50 INCH OR MORE:   0
MIN  0 OR BELOW:   0    1.00 INCH OR MORE:   0

[HDD (BASE 65) ]
TOTAL THIS MO.     0    CLEAR  (SCALE 0-3)  20
DPTR FM NORMAL     0    PTCLDY (SCALE 4-7)   8
TOTAL FM JUL 1     0    CLOUDY (SCALE 8-10)  0
DPTR FM NORMAL     0

[CDD (BASE 65) ]
TOTAL THIS MO.   462
DPTR FM NORMAL   -13    [PRESSURE DATA]
TOTAL FM JAN 1  1739    HIGHEST SLP M ON M
DPTR FM NORMAL   -84    LOWEST  SLP 29.80 ON 12

[REMARKS]
