000
CXUS55 KOHX 201010
CF6CSV
PRELIMINARY LOCAL CLIMATOLOGICAL DATA (WS FORM: F-6)

                                          STATION:   CROSSVILLE
                                          MONTH:     SEPTEMBER
                                          YEAR:      2017
                                          LATITUDE:   35 57 N
                                          LONGITUDE:  85  5 W

  TEMPERATURE IN F:       :PCPN:    SNOW:  WIND      :SUNSHINE: SKY     :PK WND
================================================================================
1   2   3   4   5  6A  6B    7    8   9   10  11  12  13   14  15   16   17  18
                                     12Z  AVG MX 2MIN
DY MAX MIN AVG DEP HDD CDD  WTR  SNW DPTH SPD SPD DIR MIN PSBL S-S WX    SPD DR
================================================================================

 1  69  54  62 -10   3   0 0.44    M    M  9.7 18 170   M    M   9 1      32 180
 2  68  51  60 -12   5   0 0.05    M    M  8.0 18 270   M    M   7 1      24 250
 3  76  47  62  -9   3   0 0.00    M    M  2.2 10 330   M    M   0 1      14 300
 4  80  55  68  -3   0   3 0.00    M    M  3.0 10 180   M    M   1 1      14 180
 5  68  56  62  -9   3   0 2.53    M    M  4.0 20 240   M    M   5 13     30 230
 6  67  49  58 -13   7   0 0.00    M    M  5.7 15 300   M    M   2 1      20 290
 7  68  43  56 -14   9   0 0.00    M    M  2.7 12 290   M    M   2        15 320
 8  72  44  58 -12   7   0 0.00    M    M  4.0 13  40   M    M   1 12     16  30
 9  75  50  63  -7   2   0 0.00    M    M  5.8 17  60   M    M   1        21  60
10  71  49  60  -9   5   0 0.00    M    M  5.2 13  80   M    M   1        17  70
11  59  53  56 -13   9   0 0.60    M    M 10.0 21  30   M    M   5        31  40
12  63  54  59 -10   6   0 0.15    M    M  6.7 15  40   M    M  10 1      22  40
13  59  56  58 -10   7   0 0.42    M    M  5.8 12 190   M    M  10 1      21 130
14  70  58  64  -4   1   0 0.01    M    M  2.6 10 250   M    M  10 1      13 260
15  81  59  70   2   0   5 0.00  0.0    0  0.6  8 270   M    M   4 1       9 150
16  83  56  70   3   0   5 0.00  0.0    0  1.5  9  10   M    M   1 1      13  10
17  82  56  69   2   0   4 0.00  0.0    0  1.8  9  40   M    M   1 1      12 280
18  83  56  70   4   0   5 0.00  0.0    0  0.8  8  20   M    M   1 1      10  20
19  82  59  71   5   0   6 0.16  0.0    0  1.8 20 330   M    M   2 13     27 320
================================================================================
SM 1376 1005        67  28  4.36     0.0  81.9          M       73
================================================================================
AV 72.4 52.9                               4.3 FASTST   M    M   4    MAX(MPH)
                                 MISC ---->  # 21  30               # 32  180
================================================================================
NOTES:
# LAST OF SEVERAL OCCURRENCES

COLUMN 17 PEAK WIND IN M.P.H.

PRELIMINARY LOCAL CLIMATOLOGICAL DATA (WS FORM: F-6) , PAGE 2

                                          STATION:  CROSSVILLE
                                          MONTH:    SEPTEMBER
                                          YEAR:     2017
                                          LATITUDE:   35 57 N
                                          LONGITUDE:  85  5 W

[TEMPERATURE DATA]      [PRECIPITATION DATA]       SYMBOLS USED IN COLUMN 16

AVERAGE MONTHLY: 62.7   TOTAL FOR MONTH:   4.36    1 = FOG OR MIST
DPTR FM NORMAL:  -6.6   DPTR FM NORMAL:    1.94    2 = FOG REDUCING VISIBILITY
HIGHEST:    83 ON 18,16 GRTST 24HR  2.53 ON  5- 5      TO 1/4 MILE OR LESS
LOWEST:     43 ON  7                               3 = THUNDER
                        SNOW, ICE PELLETS, HAIL    4 = ICE PELLETS
                        TOTAL MONTH:   0.0 INCH    5 = HAIL
                        GRTST 24HR     0.0         6 = FREEZING RAIN OR DRIZZLE
                        GRTST DEPTH:   0           7 = DUSTSTORM OR SANDSTORM:
                                                       VSBY 1/2 MILE OR LESS
                                                   8 = SMOKE OR HAZE
[NO. OF DAYS WITH]      [WEATHER - DAYS WITH]      9 = BLOWING SNOW
                                                   X = TORNADO
MAX 32 OR BELOW:   0    0.01 INCH OR MORE:   8
MAX 90 OR ABOVE:   0    0.10 INCH OR MORE:   6
MIN 32 OR BELOW:   0    0.50 INCH OR MORE:   2
MIN  0 OR BELOW:   0    1.00 INCH OR MORE:   1

[HDD (BASE 65) ]
TOTAL THIS MO.    67    CLEAR  (SCALE 0-3)  11
DPTR FM NORMAL    53    PTCLDY (SCALE 4-7)   4
TOTAL FM JUL 1    67    CLOUDY (SCALE 8-10)  4
DPTR FM NORMAL    51

[CDD (BASE 65) ]
TOTAL THIS MO.    28
DPTR FM NORMAL   -66    [PRESSURE DATA]
TOTAL FM JAN 1   784    HIGHEST SLP  0.00 ON 13
DPTR FM NORMAL  -162    LOWEST  SLP 29.64 ON 12

[REMARKS]
