000
CXUS56 KTFX 171205
CF6CTB
PRELIMINARY LOCAL CLIMATOLOGICAL DATA (WS FORM: F-6)

                                          STATION:   CUT BANK MT
                                          MONTH:     OCTOBER
                                          YEAR:      2017
                                          LATITUDE:   48 37 N
                                          LONGITUDE: 112 23 W

  TEMPERATURE IN F:       :PCPN:    SNOW:  WIND      :SUNSHINE: SKY     :PK WND
================================================================================
1   2   3   4   5  6A  6B    7    8   9   10  11  12  13   14  15   16   17  18
                                     12Z  AVG MX 2MIN
DY MAX MIN AVG DEP HDD CDD  WTR  SNW DPTH SPD SPD DIR MIN PSBL S-S WX    SPD DR
================================================================================

 1  47  38  43  -5  22   0 0.08    M    0 15.2 28 360   M    M   9 1      34 360
 2  39  27  33 -15  32   0 0.21    M    0 29.9 43 330   M    M  10        56 340
 3  38  19  29 -19  36   0    T    M    2 13.8 33 330   M    M   M        40 340
 4  49  11  30 -17  35   0 0.00    M    T  6.2 17 340   M    M   0        22 340
 5  59  33  46  -1  19   0 0.00    M    0  4.5 13 150   M    M   2        14 150
 6  62  34  48   1  17   0 0.00    M    0 22.7 45 250   M    M   0        56 260
 7  52  31  42  -4  23   0 0.08    M    0 19.3 33 270   M    M   4 13     42 270
 8  38  27  33 -13  32   0    T    M    0 10.7 26  20   M    M   5        31  20
 9  55  23  39  -7  26   0 0.00    M    0 19.6 37 250   M    M   0        43 250
10  61  40  51   6  14   0 0.00    M    0  8.5 20 260   M    M   0        24 260
11  51  29  40  -5  25   0 0.00    M    0 11.3 31 260   M    M   3        40 260
12  48  20  34 -10  31   0 0.00    M    0 10.2 22 240   M    M   2 1      32 240
13  37  27  32 -12  33   0    T    M    0  7.4 17 340   M    M   9 18     21 340
14  46  21  34 -10  31   0 0.00    M    0 25.9 47 250   M    M   1 1      58 250
15  58  39  49   6  16   0 0.00    M    0 26.7 41 250   M    M   0        49 250
16  63  47  55  12  10   0 0.00    M    0 24.6 35 240   M    M   0        43 230
================================================================================
SM  803  466       402   0  0.37    M    256.5          M       45
================================================================================
AV 50.2 29.1                              16.0 FASTST   M    M   3    MAX(MPH)
                                 MISC ---->  # 47 250               # 58  250
================================================================================
NOTES:
# LAST OF SEVERAL OCCURRENCES

COLUMN 17 PEAK WIND IN M.P.H.

PRELIMINARY LOCAL CLIMATOLOGICAL DATA (WS FORM: F-6) , PAGE 2

                                          STATION:  CUT BANK MT
                                          MONTH:    OCTOBER
                                          YEAR:     2017
                                          LATITUDE:   48 37 N
                                          LONGITUDE: 112 23 W

[TEMPERATURE DATA]      [PRECIPITATION DATA]       SYMBOLS USED IN COLUMN 16

AVERAGE MONTHLY: 39.7   TOTAL FOR MONTH:   0.37    1 = FOG OR MIST
DPTR FM NORMAL:  -6.0   DPTR FM NORMAL:    0.09    2 = FOG REDUCING VISIBILITY
HIGHEST:    63 ON 16    GRTST 24HR  0.21 ON  2- 2      TO 1/4 MILE OR LESS
LOWEST:     11 ON  4                               3 = THUNDER
                        SNOW, ICE PELLETS, HAIL    4 = ICE PELLETS
                        TOTAL MONTH:    M          5 = HAIL
                        GRTST 24HR    M  ON   M    6 = FREEZING RAIN OR DRIZZLE
                        GRTST DEPTH:   2 ON  3     7 = DUSTSTORM OR SANDSTORM:
                                                       VSBY 1/2 MILE OR LESS
                                                   8 = SMOKE OR HAZE
[NO. OF DAYS WITH]      [WEATHER - DAYS WITH]      9 = BLOWING SNOW
                                                   X = TORNADO
MAX 32 OR BELOW:   0    0.01 INCH OR MORE:   3
MAX 90 OR ABOVE:   0    0.10 INCH OR MORE:   1
MIN 32 OR BELOW:  10    0.50 INCH OR MORE:   0
MIN  0 OR BELOW:   0    1.00 INCH OR MORE:   0

[HDD (BASE 65) ]
TOTAL THIS MO.   402    CLEAR  (SCALE 0-3)  10
DPTR FM NORMAL    93    PTCLDY (SCALE 4-7)   2
TOTAL FM JUL 1   827    CLOUDY (SCALE 8-10)  3
DPTR FM NORMAL   -19

[CDD (BASE 65) ]
TOTAL THIS MO.     0
DPTR FM NORMAL     0    [PRESSURE DATA]
TOTAL FM JAN 1   250    HIGHEST SLP M ON M
DPTR FM NORMAL    89    LOWEST  SLP 29.51 ON  7

[REMARKS]
