000
CXUS55 KCAE 241400
CF6CUB
PRELIMINARY LOCAL CLIMATOLOGICAL DATA (WS FORM: F-6)

                                          STATION:   HAMILTON - OWENS AIRPORT SC
                                          MONTH:     SEPTEMBER
                                          YEAR:      2016
                                          LATITUDE:   33 58 N
                                          LONGITUDE:  80 59 W

  TEMPERATURE IN F:       :PCPN:    SNOW:  WIND      :SUNSHINE: SKY     :PK WND
================================================================================
1   2   3   4   5  6A  6B    7    8   9   10  11  12  13   14  15   16   17  18
                                     12Z  AVG MX 2MIN
DY MAX MIN AVG DEP HDD CDD  WTR  SNW DPTH SPD SPD DIR MIN PSBL S-S WX    SPD DR
================================================================================

 1  93  72  83   4   0  18 0.25    M    M  4.3 14 190   M    M   3 1      19 170
 2  75  68  72  -7   0   7 4.28    M    M  6.2 16  40   M    M   8 13     30  40
 3  88  65  77  -2   0  12 0.00    M    M  3.3  9  70   M    M   1        14  80
 4  88  68  78  -1   0  13 0.00    M    M  2.2  8  70   M    M   2        14  30
 5  88  65  77  -2   0  12 0.00    M    M  1.6  8  20   M    M   0        13 350
 6  93  65  79   1   0  14 0.00    M    M  2.3 10 280   M    M   0        16 290
 7  96  68  82   4   0  17 0.00    M    M  2.2 12 270   M    M   0        15 270
 8  96  69  83   5   0  18 0.00    M    M  2.7  9 190   M    M   0        12 200
 9  94  72  83   5   0  18 0.00    M    M  2.2 10 170   M    M   2 8      12 170
10  93  72  83   5   0  18 0.00    M    M  3.1  9 170   M    M   2        12 160
11  93  75  84   7   0  19 0.00    M    M  3.4 10 280   M    M   3        15 260
12  86  73  80   3   0  15 0.08    M    M  1.8 14 300   M    M   4 13     19 290
13  89  72  81   4   0  16    T    M    M  3.1 15 140   M    M   5 1      28 160
14  87  72  80   3   0  15 0.03    M    M  3.2 12 100   M    M   4 1      17 130
15  91  70  81   5   0  16 0.00    M    M  2.2  9  80   M    M   2 1      15  70
16  88  71  80   4   0  15 0.00    M    M  3.2 13  60   M    M   2        19  70
17  87  70  79   3   0  14 0.00    M    M  2.0  8  70   M    M   4 1      12  50
18  93  70  82   7   0  17 0.00    M    M  1.0  9 260   M    M   2        19 250
19  92  69  81   6   0  16 0.23    M    M  2.8 18 330   M    M   4 13     27 340
20  87  69  78   3   0  13 0.02    M    M  2.0  9  70   M    M   6        13  70
21  79  72  76   2   0  11 0.51    M    M  2.8 12  30   M    M   8 1      22  60
22  84  71  78   4   0  13 0.16    M    M  2.8  9 360   M    M   7 18     17 360
23  86  72  79   5   0  14    T    M    M  2.9  8  30   M    M   7 18     13 330
================================================================================
SM 2046 1610         0 341  5.56    M     63.3          M       76
================================================================================
AV 89.0 70.0                               2.8 FASTST   M    M   3    MAX(MPH)
                                 MISC ---->  # 18 330               # 30   40
================================================================================
NOTES:
# LAST OF SEVERAL OCCURRENCES

COLUMN 17 PEAK WIND IN M.P.H.

PRELIMINARY LOCAL CLIMATOLOGICAL DATA (WS FORM: F-6) , PAGE 2

                                          STATION:  HAMILTON - OWENS AIRPORT SC
                                          MONTH:    SEPTEMBER
                                          YEAR:     2016
                                          LATITUDE:   33 58 N
                                          LONGITUDE:  80 59 W

[TEMPERATURE DATA]      [PRECIPITATION DATA]       SYMBOLS USED IN COLUMN 16

AVERAGE MONTHLY: 79.5   TOTAL FOR MONTH:   5.56    1 = FOG OR MIST
DPTR FM NORMAL:   2.6   DPTR FM NORMAL:    2.38    2 = FOG REDUCING VISIBILITY
HIGHEST:    96 ON  8, 7 GRTST 24HR  4.53 ON  1- 2      TO 1/4 MILE OR LESS
LOWEST:     65 ON  6, 5                            3 = THUNDER
                        SNOW, ICE PELLETS, HAIL    4 = ICE PELLETS
                        TOTAL MONTH:    M          5 = HAIL
                        GRTST 24HR    M  ON   M    6 = FREEZING RAIN OR DRIZZLE
                        GRTST DEPTH:  M  ON   M    7 = DUSTSTORM OR SANDSTORM:
                                                       VSBY 1/2 MILE OR LESS
                                                   8 = SMOKE OR HAZE
[NO. OF DAYS WITH]      [WEATHER - DAYS WITH]      9 = BLOWING SNOW
                                                   X = TORNADO
MAX 32 OR BELOW:   0    0.01 INCH OR MORE:   8
MAX 90 OR ABOVE:  10    0.10 INCH OR MORE:   5
MIN 32 OR BELOW:   0    0.50 INCH OR MORE:   2
MIN  0 OR BELOW:   0    1.00 INCH OR MORE:   1

[HDD (BASE 65) ]
TOTAL THIS MO.     0    CLEAR  (SCALE 0-3)  12
DPTR FM NORMAL     0    PTCLDY (SCALE 4-7)  11
TOTAL FM JUL 1     0    CLOUDY (SCALE 8-10)  0
DPTR FM NORMAL     0

[CDD (BASE 65) ]
TOTAL THIS MO.   341
DPTR FM NORMAL    66    [PRESSURE DATA]
TOTAL FM JAN 1  2575    HIGHEST SLP M ON M
DPTR FM NORMAL   482    LOWEST  SLP 29.65 ON  2

[REMARKS]
