000
CXUS53 KUNR 270832
CF6CUT
PRELIMINARY LOCAL CLIMATOLOGICAL DATA (WS FORM: F-6)

                                          STATION:   CUSTER COUNTY AIRPORT SD
                                          MONTH:     AUGUST
                                          YEAR:      2014
                                          LATITUDE:   43 43 N
                                          LONGITUDE: 103 37 W

  TEMPERATURE IN F:       :PCPN:    SNOW:  WIND      :SUNSHINE: SKY     :PK WND
================================================================================
1   2   3   4   5  6A  6B    7    8   9   10  11  12  13   14  15   16   17  18
                                     12Z  AVG MX 2MIN
DY MAX MIN AVG DEP HDD CDD  WTR  SNW DPTH SPD SPD DIR MIN PSBL S-S WX    SPD DR
================================================================================

 1  84  49  67   1   0   2    T    M    M  6.3 16 280   M    M   2 3      23 270
 2  83  53  68   2   0   3    T    M    M  6.4 16  70   M    M   2        21  90
 3  79  52  66   0   0   1    T    M    M  7.3 15  90   M    M   3        20 100
 4  81  55  68   2   0   3 0.21    M    M  7.3 17  70   M    M   4 13     23  70
 5  72  56  64  -2   1   0 0.02    M    M  5.9 15 100   M    M   8 18     19 100
 6  71  54  63  -2   2   0 1.23    M    M  3.3 18  80   M    M   9 123    23  80
 7  78  54  66   1   0   1    T    M    M  6.1 15  60   M    M   3 13     20  60
 8  74  52  63  -2   2   0 0.04    M    M  5.8 14 100   M    M   4 1      19 130
 9  80  49  65   0   0   0 0.02    M    M  5.9 21 340   M    M   2 3      28 350
10  74  53  64  -1   1   0 0.00    M    M  5.6 15  90   M    M   3        18 100
11  74  47  61  -4   4   0 0.00    M    M  4.4 13 110   M    M   4        16 100
12  81  49  65   0   0   0 0.00    M    M  5.0 12 170   M    M   0        17 160
13  88  55  72   7   0   7    T    M    M  4.5 14 260   M    M   1        20 270
14  85  60  73   9   0   8 0.09    M    M  4.1 15 270   M    M   4 13     20 260
15  80  56  68   4   0   3 0.00    M    M  5.6 18 280   M    M   2 1      26 270
16  84  58  71   7   0   6 0.00    M    M  7.1 17  90   M    M   1        22 260
17  75  54  65   1   0   0 0.00    M    M  5.8 16 110   M    M   1 3      21 110
18  80  52  66   2   0   1 0.00    M    M  6.9 16 260   M    M   1        24 300
19  82  50  66   2   0   1    T    M    M  5.3 16  70   M    M   1        21 100
20  83  60  72   8   0   7    T    M    M  7.1 16 270   M    M   2        24 280
21  78  54  66   3   0   1 0.06    M    M  5.4 15 150   M    M   6 3      20 160
22   M   M   M   M   M   M 0.00    M    M  4.7 13 110   M    M   1 1       M  M
23  72  52  62  -1   3   0    T    M    M 12.1 14 270   M    M   0        21 270
24  66  46  56  -7   9   0 0.00    M    M 15.0 30 270   M    M   4        43 280
25  69  46  58  -4   7   0    T    M    M  6.7 17  90   M    M   2        22 120
26  76  48  62   0   3   0 0.09    M    0  6.8 16  80   M    M   6 13     21  20
================================================================================
SM 1949 1314        32  44  1.76    M    166.4          M       76
================================================================================
AV 78.0 52.6                               6.4 FASTST   M    M   3    MAX(MPH)
                                 MISC ---->  # 30 270               # 43  280
================================================================================
NOTES:
# LAST OF SEVERAL OCCURRENCES

COLUMN 17 PEAK WIND IN M.P.H.

PRELIMINARY LOCAL CLIMATOLOGICAL DATA (WS FORM: F-6) , PAGE 2

                                          STATION:  CUSTER COUNTY AIRPORT SD
                                          MONTH:    AUGUST
                                          YEAR:     2014
                                          LATITUDE:   43 43 N
                                          LONGITUDE: 103 37 W

[TEMPERATURE DATA]      [PRECIPITATION DATA]       SYMBOLS USED IN COLUMN 16

AVERAGE MONTHLY: 65.3   TOTAL FOR MONTH:   1.76    1 = FOG OR MIST
DPTR FM NORMAL:   0.9   DPTR FM NORMAL:   -0.01    2 = FOG REDUCING VISIBILITY
HIGHEST:    88 ON 13    GRTST 24HR  1.23 ON  6- 6      TO 1/4 MILE OR LESS
LOWEST:     46 ON 25,24                            3 = THUNDER
                        SNOW, ICE PELLETS, HAIL    4 = ICE PELLETS
                        TOTAL MONTH:    M          5 = HAIL
                        GRTST 24HR    M  ON   M    6 = FREEZING RAIN OR DRIZZLE
                        GRTST DEPTH:   0           7 = DUSTSTORM OR SANDSTORM:
                                                       VSBY 1/2 MILE OR LESS
                                                   8 = SMOKE OR HAZE
[NO. OF DAYS WITH]      [WEATHER - DAYS WITH]      9 = BLOWING SNOW
                                                   X = TORNADO
MAX 32 OR BELOW:   0    0.01 INCH OR MORE:   8
MAX 90 OR ABOVE:   0    0.10 INCH OR MORE:   2
MIN 32 OR BELOW:   0    0.50 INCH OR MORE:   1
MIN  0 OR BELOW:   0    1.00 INCH OR MORE:   1

[HDD (BASE 65) ]
TOTAL THIS MO.    32    CLEAR  (SCALE 0-3)  16
DPTR FM NORMAL   -37    PTCLDY (SCALE 4-7)   9
TOTAL FM JUL 1   111    CLOUDY (SCALE 8-10)  1
DPTR FM NORMAL   -19

[CDD (BASE 65) ]
TOTAL THIS MO.    44
DPTR FM NORMAL    -3    [PRESSURE DATA]
TOTAL FM JAN 1   134    HIGHEST SLP M ON M
DPTR FM NORMAL   -20    LOWEST  SLP 29.60 ON 20

[REMARKS]
