000
CXUS51 KILN 280550
CF6CVG
PRELIMINARY LOCAL CLIMATOLOGICAL DATA (WS FORM: F-6)

                                          STATION:   CINCINNATI OH
                                          MONTH:     JUNE
                                          YEAR:      2017
                                          LATITUDE:   39  2 N
                                          LONGITUDE:  84 40 W

  TEMPERATURE IN F:       :PCPN:    SNOW:  WIND      :SUNSHINE: SKY     :PK WND
================================================================================
1   2   3   4   5  6A  6B    7    8   9   10  11  12  13   14  15   16   17  18
                                     12Z  AVG MX 2MIN
DY MAX MIN AVG DEP HDD CDD  WTR  SNW DPTH SPD SPD DIR MIN PSBL S-S WX    SPD DR
================================================================================

 1  79  50  65  -3   0   0 0.00  0.0    0  2.9 12 330   M    M   3        16 360
 2  83  50  67  -1   0   2 0.00  0.0    0  2.8 15 360   M    M   1        17 360
 3  87  54  71   2   0   6 0.00  0.0    0  3.7 10 290   M    M   3        14 340
 4  87  55  71   2   0   6 0.00  0.0    0  6.0 13 190   M    M   6        16 220
 5  83  65  74   5   0   9 0.06  0.0    0  5.9 26 350   M    M   9 13     34 350
 6  77  59  68  -2   0   3 0.00  0.0    0 11.7 21  10   M    M   3        26 350
 7  67  56  62  -8   3   0 0.00  0.0    0  9.6 22  30   M    M   7        26  50
 8  76  52  64  -6   1   0 0.00  0.0    0  6.8 13  10   M    M   4        18  20
 9  81  50  66  -4   0   1 0.00  0.0    0  6.5 14 190   M    M   2        21 270
10  84  60  72   1   0   7 0.00  0.0    0  8.2 17 200   M    M   4        23 190
11  87  61  74   3   0   9 0.00  0.0    0  8.1 20 190   M    M   2        23 190
12  90  67  79   8   0  14 0.00  0.0    0  7.0 24 280   M    M   4 3      29 280
13  87  70  79   7   0  14 0.07  0.0    0  6.9 28 300   M    M   7 13     37 310
14  80  69  75   3   0  10 0.21  0.0    0  8.6 24  20   M    M   8 13     28  10
15  84  67  76   4   0  11 0.32  0.0    0  6.5 20 270   M    M   8 13     27 270
16  89  67  78   6   0  13 0.00  0.0    0  4.2 10 200   M    M   6 1      16 290
17  88  64  76   3   0  11 0.00  0.0    0  9.0 20 170   M    M   6 1      25 210
18  84  68  76   3   0  11 1.77  0.0    0 10.4 22 260   M    M   8 13     31 250
19  81  63  72  -1   0   7 0.05  0.0    0  8.0 22 250   M    M   5 1      31 270
20  83  62  73   0   0   8 0.00  0.0    0  8.0 18 280   M    M   3        23 280
21  89  63  76   2   0  11 0.18  0.0    0  8.0 17 320   M    M   6        24 210
22  82  69  76   2   0  11 0.26  0.0    0 10.1 24 190   M    M   9 1      30 180
23  82  65  74   0   0   9 2.29  0.0    0  9.0 30 280   M    M  10 13     37 280
24  79  61  70  -4   0   5 0.00  0.0    0  8.4 21 270   M    M   4 12     24 280
25  78  51  65  -9   0   0 0.00  0.0    0  8.9 25 280   M    M   2        34 280
26  75  53  64 -11   1   0 0.00  0.0    0  8.7 21 290   M    M   5        24 280
27  74  51  63 -12   2   0 0.00  0.0    0  4.8 14 280   M    M   3        20 320
================================================================================
SM 2216 1622         7 178  5.21     0.0 198.7          M      138
================================================================================
AV 82.1 60.1                               7.4 FASTST   M    M   5    MAX(MPH)
                                 MISC ---->  # 30 280               # 37  310
================================================================================
NOTES:
# LAST OF SEVERAL OCCURRENCES

COLUMN 17 PEAK WIND IN M.P.H.

PRELIMINARY LOCAL CLIMATOLOGICAL DATA (WS FORM: F-6) , PAGE 2

                                          STATION:  CINCINNATI OH
                                          MONTH:    JUNE
                                          YEAR:     2017
                                          LATITUDE:   39  2 N
                                          LONGITUDE:  84 40 W

[TEMPERATURE DATA]      [PRECIPITATION DATA]       SYMBOLS USED IN COLUMN 16

AVERAGE MONTHLY: 71.1   TOTAL FOR MONTH:   5.21    1 = FOG OR MIST
DPTR FM NORMAL:  -0.6   DPTR FM NORMAL:    1.53    2 = FOG REDUCING VISIBILITY
HIGHEST:    90 ON 12    GRTST 24HR  2.29 ON 23-23      TO 1/4 MILE OR LESS
LOWEST:     50 ON  9, 2                            3 = THUNDER
                        SNOW, ICE PELLETS, HAIL    4 = ICE PELLETS
                        TOTAL MONTH:   0.0 INCH    5 = HAIL
                        GRTST 24HR     0.0         6 = FREEZING RAIN OR DRIZZLE
                        GRTST DEPTH:   0           7 = DUSTSTORM OR SANDSTORM:
                                                       VSBY 1/2 MILE OR LESS
                                                   8 = SMOKE OR HAZE
[NO. OF DAYS WITH]      [WEATHER - DAYS WITH]      9 = BLOWING SNOW
                                                   X = TORNADO
MAX 32 OR BELOW:   0    0.01 INCH OR MORE:   9
MAX 90 OR ABOVE:   1    0.10 INCH OR MORE:   6
MIN 32 OR BELOW:   0    0.50 INCH OR MORE:   2
MIN  0 OR BELOW:   0    1.00 INCH OR MORE:   2

[HDD (BASE 65) ]
TOTAL THIS MO.     7    CLEAR  (SCALE 0-3)   9
DPTR FM NORMAL    -5    PTCLDY (SCALE 4-7)  15
TOTAL FM JUL 1  4017    CLOUDY (SCALE 8-10)  3
DPTR FM NORMAL  -955

[CDD (BASE 65) ]
TOTAL THIS MO.   178
DPTR FM NORMAL   -18    [PRESSURE DATA]
TOTAL FM JAN 1   312    HIGHEST SLP 30.12 ON M
DPTR FM NORMAL    22    LOWEST  SLP 29.67 ON M

[REMARKS]
