000
CXUS54 KHGX 231415
CF6CXO
PRELIMINARY LOCAL CLIMATOLOGICAL DATA (WS FORM: F-6)

                                          STATION:   CONROE
                                          MONTH:     MAY
                                          YEAR:      2015
                                          LATITUDE:   30 21 N
                                          LONGITUDE:  95 25 W

  TEMPERATURE IN F:       :PCPN:    SNOW:  WIND      :SUNSHINE: SKY     :PK WND
================================================================================
1   2   3   4   5  6A  6B    7    8   9   10  11  12  13   14  15   16   17  18
                                     12Z  AVG MX 2MIN
DY MAX MIN AVG DEP HDD CDD  WTR  SNW DPTH SPD SPD DIR MIN PSBL S-S WX    SPD DR
================================================================================

 1  82  51  67  -4   0   2 0.00  0.0    0  1.3  9 320   M    M   2        13 280
 2  82  52  67  -4   0   2 0.00  0.0    0  3.5 14 160   M    M   1 1      18 160
 3  83  51  67  -4   0   2 0.00  0.0    0  6.0 18 160   M    M   2 18     23 170
 4  84  55  70  -1   0   5 0.00  0.0    0  5.8 15 160   M    M   0        21 140
 5  82  60  71  -1   0   6 0.49  0.0    0 11.7 26 140   M    M   7 13     35 150
 6  80  70  75   3   0  10 0.36  0.0    0  8.9 18 160   M    M   9 13     24 150
 7  84  72  78   6   0  13    T  0.0    0 10.5 23 160   M    M   8        29 140
 8  85  74  80   8   0  15    T  0.0    0 11.2 20 150   M    M   8        25 130
 9  86  72  79   6   0  14 0.00  0.0    0 13.2 29 160   M    M   8 1      37 150
10  86  75  81   8   0  16 0.06  0.0    0 13.8 25 160   M    M   9 138    33 160
11  76  66  71  -2   0   6 2.13  0.0    0  5.6 20 340   M    M   7 13     25 350
12  75  67  71  -3   0   6 1.57  0.0    0  5.2 18 260   M    M   9 123    35 120
13  79  66  73  -1   0   8 0.88  0.0    0  7.2 18 290   M    M   8 13     24 290
14  86  68  77   3   0  12 0.65  0.0    0  5.8 24 270   M    M   7 123    31 260
15  81  72  77   3   0  12 1.29  0.0    0  6.0 20 190   M    M   7 13     32 110
16  87  73  80   5   0  15 0.00  0.0    0 11.5 24 170   M    M   7 1      30 190
17  82  70  76   1   0  11 0.82  0.0    0  7.6 17  70   M    M   8 13     23  70
18  86  70  78   3   0  13 0.39  0.0    0  5.8 22  90   M    M   7 13     33 100
19  85  71  78   3   0  13 0.20  0.0    0  7.6 17 180   M    M   7 13     23 190
20  89  71  80   4   0  15 0.00  0.0    0  4.4 17 190   M    M   4 18     20 190
21  77  69  73  -3   0   8 1.29  0.0    0  4.8 16  20   M    M   7 13     22  30
22  78  63  71  -5   0   6 0.00  0.0    0  5.8 13 140   M    M   9 1      15  60
================================================================================
SM 1815 1458         0 210 10.13     0.0 163.2          M      141
================================================================================
AV 82.5 66.3                               7.4 FASTST   M    M   6    MAX(MPH)
                                 MISC ---->  # 29 160               # 37  150
================================================================================
NOTES:
# LAST OF SEVERAL OCCURRENCES

COLUMN 17 PEAK WIND IN M.P.H.

PRELIMINARY LOCAL CLIMATOLOGICAL DATA (WS FORM: F-6) , PAGE 2

                                          STATION:  CONROE
                                          MONTH:    MAY
                                          YEAR:     2015
                                          LATITUDE:   30 21 N
                                          LONGITUDE:  95 25 W

[TEMPERATURE DATA]      [PRECIPITATION DATA]       SYMBOLS USED IN COLUMN 16

AVERAGE MONTHLY: 74.4   TOTAL FOR MONTH:  10.13    1 = FOG OR MIST
DPTR FM NORMAL:   1.0   DPTR FM NORMAL:    7.05    2 = FOG REDUCING VISIBILITY
HIGHEST:    89 ON 20    GRTST 24HR  2.37 ON 12-13      TO 1/4 MILE OR LESS
LOWEST:     51 ON  3, 1                            3 = THUNDER
                        SNOW, ICE PELLETS, HAIL    4 = ICE PELLETS
                        TOTAL MONTH:   0.0 INCH    5 = HAIL
                        GRTST 24HR     0.0         6 = FREEZING RAIN OR DRIZZLE
                        GRTST DEPTH:   0           7 = DUSTSTORM OR SANDSTORM:
                                                       VSBY 1/2 MILE OR LESS
                                                   8 = SMOKE OR HAZE
[NO. OF DAYS WITH]      [WEATHER - DAYS WITH]      9 = BLOWING SNOW
                                                   X = TORNADO
MAX 32 OR BELOW:   0    0.01 INCH OR MORE:  12
MAX 90 OR ABOVE:   0    0.10 INCH OR MORE:  11
MIN 32 OR BELOW:   0    0.50 INCH OR MORE:   7
MIN  0 OR BELOW:   0    1.00 INCH OR MORE:   4

[HDD (BASE 65) ]
TOTAL THIS MO.     0    CLEAR  (SCALE 0-3)   4
DPTR FM NORMAL     0    PTCLDY (SCALE 4-7)  11
TOTAL FM JUL 1  1872    CLOUDY (SCALE 8-10)  7
DPTR FM NORMAL   135

[CDD (BASE 65) ]
TOTAL THIS MO.   210
DPTR FM NORMAL    23    [PRESSURE DATA]
TOTAL FM JAN 1   424    HIGHEST SLP M ON M
DPTR FM NORMAL    48    LOWEST  SLP 29.82 ON 15

[REMARKS]
