000
CXUS55 KCYS 011000
CF6CYS
PRELIMINARY LOCAL CLIMATOLOGICAL DATA (WS FORM: F-6)

                                          STATION:   CHEYENNE WYOMING AIRPORT
                                          MONTH:     JULY
                                          YEAR:      2014
                                          LATITUDE:   41  9 N
                                          LONGITUDE: 104 49 W

  TEMPERATURE IN F:       :PCPN:    SNOW:  WIND      :SUNSHINE: SKY     :PK WND
================================================================================
1   2   3   4   5  6A  6B    7    8   9   10  11  12  13   14  15   16   17  18
                                     12Z  AVG MX 2MIN
DY MAX MIN AVG DEP HDD CDD  WTR  SNW DPTH SPD SPD DIR MIN PSBL S-S WX    SPD DR
================================================================================

 1  72  44  58  -9   7   0 0.00  0.0    0  8.0 16  50   M    M   5        22  40
 2  75  43  59  -9   6   0 0.00  0.0    0  9.8 18 150   M    M   1        26 190
 3  85  50  68   0   0   3    T  0.0    0  7.4 18 130   M    M   0 13     23 140
 4  86  58  72   4   0   7    T  0.0    0 10.7 24 280   M    M   0        31 300
 5  93  55  74   6   0   9 0.00  0.0    0 10.8 20 360   M    M   0        29 320
 6  86  60  73   5   0   8 0.00  0.0    0 12.3 22  10   M    M   0        30  10
 7  91  57  74   5   0   9 0.00  0.0    0 13.9 29  50   M    M   1        38  50
 8  78  60  69   0   0   4 0.00  0.0    0  9.9 18 160   M    M   5        22 170
 9  87  55  71   2   0   6    T  0.0    0  8.1 18 200   M    M   0 3      25 190
10  90  57  74   5   0   9    T  0.0    0 11.7 24 350   M    M   4 3      30 220
11  86  60  73   4   0   8 0.20  0.0    0  7.7 23 280   M    M   3 123    29 270
12  79  57  68  -2   0   3    T  0.0    0  8.6 18  20   M    M   5 1      24  50
13  80  50  65  -5   0   0 1.33  0.0    0  6.2 31 340   M    M   3 1358   58 330
14  77  56  67  -3   0   2 0.00  0.0    0  9.9 16 100   M    M   4        28 350
15  73  53  63  -7   2   0 0.35  0.0    0 11.2 30 140   M    M   4 13     38 140
16  70  53  62  -8   3   0 0.28  0.0    0  6.5 24  10   M    M   6 13     33 350
17  74  50  62  -8   3   0 0.00  0.0    0  6.7 22 200   M    M   4 12     27 200
18  84  54  69  -1   0   4    T  0.0    0  9.9 26 290   M    M   1 3      35 350
19  90  56  73   3   0   8 0.00  0.0    0 16.0 29 280   M    M   0        35 310
20  91  60  76   6   0  11    T  0.0    0 16.9 32 220   M    M   0        45 220
21  91  62  77   7   0  12 0.00  0.0    0 12.9 29 190   M    M   1        41 180
22  86  61  74   4   0   9 0.00  0.0    0  9.5 17 330   M    M   0        26 340
23  84  62  73   3   0   8    T  0.0    0 13.3 32 200   M    M   3 18     41 200
24  91  61  76   6   0  11 0.00  0.0    0 17.3 36 270   M    M   0 3      45 270
25  88  65  77   7   0  12    T  0.0    0 13.4 30 190   M    M   1 3      42 190
26  86  59  73   3   0   8    T  0.0    0  9.3 23 290   M    M   0 3      34 270
27  79  56  68  -2   0   3 0.00  0.0    0  8.0 16 150   M    M   5 1      24 170
28  84  54  69  -1   0   4    T  0.0    0  7.7 22 170   M    M   1 138    27 180
29  73  56  65  -5   0   0 0.77  0.0    0  7.7 28 200   M    M   6 13     32 200
30  61  55  58 -12   7   0 0.31  0.0    0  5.2 14 220   M    M   8 1      17  70
31  77  50  64  -6   1   0 0.00  0.0    0  5.7 14 280   M    M   1        27 210
================================================================================
SM 2547 1729        29 158  3.24     0.0 312.2          M       72
================================================================================
AV 82.2 55.8                              10.1 FASTST   M    M   2    MAX(MPH)
                                 MISC ---->  # 36 270               # 58  330
================================================================================
NOTES:
# LAST OF SEVERAL OCCURRENCES

COLUMN 17 PEAK WIND IN M.P.H.

PRELIMINARY LOCAL CLIMATOLOGICAL DATA (WS FORM: F-6) , PAGE 2

                                          STATION:  CHEYENNE WYOMING AIRPORT
                                          MONTH:    JULY
                                          YEAR:     2014
                                          LATITUDE:   41  9 N
                                          LONGITUDE: 104 49 W

[TEMPERATURE DATA]      [PRECIPITATION DATA]       SYMBOLS USED IN COLUMN 16

AVERAGE MONTHLY: 69.0   TOTAL FOR MONTH:   3.24    1 = FOG OR MIST
DPTR FM NORMAL:  -0.4   DPTR FM NORMAL:    1.05    2 = FOG REDUCING VISIBILITY
HIGHEST:    93 ON  5    GRTST 24HR  1.33 ON 13-13      TO 1/4 MILE OR LESS
LOWEST:     43 ON  2                               3 = THUNDER
                        SNOW, ICE PELLETS, HAIL    4 = ICE PELLETS
                        TOTAL MONTH:   0.0 INCH    5 = HAIL
                        GRTST 24HR     0.0         6 = FREEZING RAIN OR DRIZZLE
                        GRTST DEPTH:   0           7 = DUSTSTORM OR SANDSTORM:
                                                       VSBY 1/2 MILE OR LESS
                                                   8 = SMOKE OR HAZE
[NO. OF DAYS WITH]      [WEATHER - DAYS WITH]      9 = BLOWING SNOW
                                                   X = TORNADO
MAX 32 OR BELOW:   0    0.01 INCH OR MORE:   6
MAX 90 OR ABOVE:   7    0.10 INCH OR MORE:   6
MIN 32 OR BELOW:   0    0.50 INCH OR MORE:   2
MIN  0 OR BELOW:   0    1.00 INCH OR MORE:   1

[HDD (BASE 65) ]
TOTAL THIS MO.    29    CLEAR  (SCALE 0-3)  19
DPTR FM NORMAL     7    PTCLDY (SCALE 4-7)  12
TOTAL FM JUL 1    29    CLOUDY (SCALE 8-10)  0
DPTR FM NORMAL     7

[CDD (BASE 65) ]
TOTAL THIS MO.   158
DPTR FM NORMAL    -2    [PRESSURE DATA]
TOTAL FM JAN 1   173    HIGHEST SLP 30.26 ON 13
DPTR FM NORMAL   -37    LOWEST  SLP 29.74 ON 20

[REMARKS]
#FINAL-07-14#
