000
CXUS55 KCYS 241000
CF6CYS
PRELIMINARY LOCAL CLIMATOLOGICAL DATA (WS FORM: F-6)

                                          STATION:   CHEYENNE WYOMING AIRPORT
                                          MONTH:     SEPTEMBER
                                          YEAR:      2016
                                          LATITUDE:   41  9 N
                                          LONGITUDE: 104 49 W

  TEMPERATURE IN F:       :PCPN:    SNOW:  WIND      :SUNSHINE: SKY     :PK WND
================================================================================
1   2   3   4   5  6A  6B    7    8   9   10  11  12  13   14  15   16   17  18
                                     12Z  AVG MX 2MIN
DY MAX MIN AVG DEP HDD CDD  WTR  SNW DPTH SPD SPD DIR MIN PSBL S-S WX    SPD DR
================================================================================

 1  81  54  68   4   0   3 0.00  0.0    0 14.4 23 180   M    M   4 12     30 180
 2  80  57  69   5   0   4 0.05  0.0    0  8.7 18 270   M    M   4 13     24 280
 3  85  51  68   4   0   3    T  0.0    0 10.5 30 220   M    M   2        36 220
 4  82  50  66   3   0   1    T  0.0    0  7.2 23 240   M    M   2 3      32 250
 5  83  43  63   0   2   0 0.00  0.0    0  9.6 22 200   M    M   0        28 220
 6  77  53  65   3   0   0    T  0.0    0 12.2 23 140   M    M   7 12     31 150
 7  84  51  68   6   0   3 0.00  0.0    0  8.4 21 260   M    M   2        34 250
 8  86  46  66   4   0   1 0.00  0.0    0 11.2 28 280   M    M   0        38 250
 9  61  37  49 -12  16   0 0.00  0.0    0 12.1 30  20   M    M   1        37  20
10  75  35  55  -6  10   0 0.00  0.0    0 10.7 22 190   M    M   0        27 220
11  88  43  66   6   0   1 0.00  0.0    0 13.6 29 260   M    M   0 8      35 280
12  68  43  56  -4   9   0 0.01  0.0    0 12.3 21 360   M    M   4        30 360
13  50  41  46 -14  19   0 0.07  0.0    0 11.9 21 170   M    M   9 1      25 180
14  74  45  60   1   5   0 0.22    T    0 11.2 23 160   M    M   5 1235   27 170
15  69  44  57  -2   8   0 0.20    T    0  9.6 26 330   M    M   2 35     33 340
16  68  39  54  -4  11   0 0.00  0.0    0  7.1 20 330   M    M   2        25 350
17  73  38  56  -2   9   0 0.00  0.0    0  9.7 20 280   M    M   1        27 270
18  81  51  66   9   0   1 0.00  0.0    0 18.5 37 280   M    M   0        49 310
19  87  55  71  14   0   6 0.00  0.0    0 11.5 26 270   M    M   0        35 280
20  86  52  69  13   0   4 0.00  0.0    0  9.4 17 210   M    M   0        24 250
21  82  57  70  14   0   5    T  0.0    0  6.3 16 300   M    M   5        21 280
22  65  54  60   5   5   0    T  0.0    0  8.8 17 140   M    M   9 12     23 140
23  79  38  59   4   6   0 0.16  0.0    0 14.9 37 290   M    M   6 1238   51 270
================================================================================
SM 1764 1077       100  32  0.71    T    249.8          M       65
================================================================================
AV 76.7 46.8                              10.9 FASTST   M    M   3    MAX(MPH)
                                 MISC ---->  # 37 280               # 51  270
================================================================================
NOTES:
# LAST OF SEVERAL OCCURRENCES

COLUMN 17 PEAK WIND IN M.P.H.

PRELIMINARY LOCAL CLIMATOLOGICAL DATA (WS FORM: F-6) , PAGE 2

                                          STATION:  CHEYENNE WYOMING AIRPORT
                                          MONTH:    SEPTEMBER
                                          YEAR:     2016
                                          LATITUDE:   41  9 N
                                          LONGITUDE: 104 49 W

[TEMPERATURE DATA]      [PRECIPITATION DATA]       SYMBOLS USED IN COLUMN 16

AVERAGE MONTHLY: 61.8   TOTAL FOR MONTH:   0.71    1 = FOG OR MIST
DPTR FM NORMAL:   1.9   DPTR FM NORMAL:   -0.46    2 = FOG REDUCING VISIBILITY
HIGHEST:    88 ON 11    GRTST 24HR  0.42 ON 14-15      TO 1/4 MILE OR LESS
LOWEST:     35 ON 10                               3 = THUNDER
                        SNOW, ICE PELLETS, HAIL    4 = ICE PELLETS
                        TOTAL MONTH:    T          5 = HAIL
                        GRTST 24HR    T  ON 15-15  6 = FREEZING RAIN OR DRIZZLE
                        GRTST DEPTH:   0           7 = DUSTSTORM OR SANDSTORM:
                                                       VSBY 1/2 MILE OR LESS
                                                   8 = SMOKE OR HAZE
[NO. OF DAYS WITH]      [WEATHER - DAYS WITH]      9 = BLOWING SNOW
                                                   X = TORNADO
MAX 32 OR BELOW:   0    0.01 INCH OR MORE:   6
MAX 90 OR ABOVE:   0    0.10 INCH OR MORE:   3
MIN 32 OR BELOW:   0    0.50 INCH OR MORE:   0
MIN  0 OR BELOW:   0    1.00 INCH OR MORE:   0

[HDD (BASE 65) ]
TOTAL THIS MO.   100    CLEAR  (SCALE 0-3)  14
DPTR FM NORMAL   -41    PTCLDY (SCALE 4-7)   7
TOTAL FM JUL 1   154    CLOUDY (SCALE 8-10)  2
DPTR FM NORMAL   -43

[CDD (BASE 65) ]
TOTAL THIS MO.    32
DPTR FM NORMAL    11    [PRESSURE DATA]
TOTAL FM JAN 1   452    HIGHEST SLP M ON M
DPTR FM NORMAL   105    LOWEST  SLP 29.52 ON 23

[REMARKS]
