000
CXUS53 KUNR 280945
CF6D07
PRELIMINARY LOCAL CLIMATOLOGICAL DATA (WS FORM: F-6)

                                          STATION:   FAITH SD
                                          MONTH:     FEBRUARY
                                          YEAR:      2015
                                          LATITUDE:   45  1 N
                                          LONGITUDE: 102  1 W

  TEMPERATURE IN F:       :PCPN:    SNOW:  WIND      :SUNSHINE: SKY     :PK WND
================================================================================
1   2   3   4   5  6A  6B    7    8   9   10  11  12  13   14  15   16   17  18
                                     12Z  AVG MX 2MIN
DY MAX MIN AVG DEP HDD CDD  WTR  SNW DPTH SPD SPD DIR MIN PSBL S-S WX    SPD DR
================================================================================

 1   9  -4   3 -18  62   0 0.03    M    M 13.1 22  10   M    M   M        26 360
 2  28  -1  14  -7  51   0 0.01    M    M 13.4 29 330   M    M   M        34 330
 3  24   8  16  -5  49   0 0.03    M    M 12.4 25 350   M    M   M        29 350
 4  18  -3   8 -13  57   0 0.00    M    M 12.9 24 170   M    M   M        27 170
 5  46   7  27   5  38   0 0.00    M    M 10.4 22 180   M    M   M        25 170
 6  65  32  49  27  16   0 0.00    M    M 11.0 21 180   M    M   M        24 170
 7  70  43  57  35   8   0 0.02    M    M 11.4 20 290   M    M   M        24 290
 8  61  34  48  26  17   0 0.00    M    M 11.3 25 310   M    M   M        32 310
 9  35  26  31   9  34   0 0.00    M    M 12.5 23 120   M    M   M        28 130
10  46  20  33  11  32   0 0.02    M    M 19.7 37 330   M    M   M        45 330
11  29   3  16  -6  49   0 0.00    M    M 13.8 24 330   M    M   M        28 340
12  34   3  19  -4  46   0 0.00    M    M 12.3 28 160   M    M   M        32 160
13  59  26  43  20  22   0 0.00    M    M  8.7 18 320   M    M   M        26 320
14  30   8  19  -4  46   0 0.00    M    M 17.7 25  50   M    M   M        31 150
15  45  11  28   5  37   0 0.00    M    M 10.9 21 310   M    M   M        27 320
16  36  14  25   1  40   0 0.12    M    M 15.0 30 350   M    M   M        36 350
17  14  -4   5 -19  60   0 0.00    M    M 20.1 33 320   M    M   M        41 320
18  18  -4   7 -17  58   0 0.00    M    M 11.3 18 350   M    M   M        22 340
19  36   5  21  -3  44   0 0.00    M    M 14.2 22 160   M    M   M        26 320
20  48  28  38  13  27   0 0.00    M    M 16.0 30 330   M    M   M        36 320
21  32   0  16  -9  49   0 0.02    M    M 14.7 30 350   M    M   M        36 350
22  12 -12   0 -25  65   0 0.00    M    M 10.5 16 170   M    M   M        20 350
23  39  -3  18  -8  47   0 0.00    M    M 16.4 25 230   M    M   M        31 300
24  52  28  40  14  25   0 0.00    M    M 11.9 26 320   M    M   M        33 320
25  36   1  19  -7  46   0 0.01    M    M 14.9 29 340   M    M   M        34 340
26  13  -8   3 -23  62   0 0.00    M    M  8.7 15 360   M    M   M        21 360
27  27  -6  11 -16  54   0 0.00    M    M 15.5 25 170   M    M   M        33 160
================================================================================
SM  962  252      1141   0  0.26    M    360.7          M        M
================================================================================
AV 35.6  9.3                              13.4 FASTST   M    M   4    MAX(MPH)
                                 MISC ---->  # 37 330               # 45  330
================================================================================
NOTES:
# LAST OF SEVERAL OCCURRENCES

COLUMN 17 PEAK WIND IN M.P.H.

PRELIMINARY LOCAL CLIMATOLOGICAL DATA (WS FORM: F-6) , PAGE 2

                                          STATION:  FAITH SD
                                          MONTH:    FEBRUARY
                                          YEAR:     2015
                                          LATITUDE:   45  1 N
                                          LONGITUDE: 102  1 W

[TEMPERATURE DATA]      [PRECIPITATION DATA]       SYMBOLS USED IN COLUMN 16

AVERAGE MONTHLY: 22.5   TOTAL FOR MONTH:   0.26    1 = FOG OR MIST
DPTR FM NORMAL:  -0.9   DPTR FM NORMAL:   -0.15    2 = FOG REDUCING VISIBILITY
HIGHEST:    70 ON  7    GRTST 24HR  0.12 ON 16-16      TO 1/4 MILE OR LESS
LOWEST:    -12 ON 22                               3 = THUNDER
                        SNOW, ICE PELLETS, HAIL    4 = ICE PELLETS
                        TOTAL MONTH:    M          5 = HAIL
                        GRTST 24HR    M  ON   M    6 = FREEZING RAIN OR DRIZZLE
                        GRTST DEPTH:  M  ON   M    7 = DUSTSTORM OR SANDSTORM:
                                                       VSBY 1/2 MILE OR LESS
                                                   8 = SMOKE OR HAZE
[NO. OF DAYS WITH]      [WEATHER - DAYS WITH]      9 = BLOWING SNOW
                                                   X = TORNADO
MAX 32 OR BELOW:  12    0.01 INCH OR MORE:   8
MAX 90 OR ABOVE:   0    0.10 INCH OR MORE:   1
MIN 32 OR BELOW:  25    0.50 INCH OR MORE:   0
MIN  0 OR BELOW:  10    1.00 INCH OR MORE:   0

[HDD (BASE 65) ]
TOTAL THIS MO.  1141    CLEAR  (SCALE 0-3)   0
DPTR FM NORMAL    19    PTCLDY (SCALE 4-7)   0
TOTAL FM JUL 1  5450    CLOUDY (SCALE 8-10)  0
DPTR FM NORMAL  -201

[CDD (BASE 65) ]
TOTAL THIS MO.     0
DPTR FM NORMAL     0    [PRESSURE DATA]
TOTAL FM JAN 1     0    HIGHEST SLP M ON M
DPTR FM NORMAL     0    LOWEST  SLP 29.50 ON  7

[REMARKS]
