000
CXUS53 KUNR 180945
CF6D07
PRELIMINARY LOCAL CLIMATOLOGICAL DATA (WS FORM: F-6)

                                          STATION:   FAITH SD
                                          MONTH:     JANUARY
                                          YEAR:      2018
                                          LATITUDE:   45  1 N
                                          LONGITUDE: 102  1 W

  TEMPERATURE IN F:       :PCPN:    SNOW:  WIND      :SUNSHINE: SKY     :PK WND
================================================================================
1   2   3   4   5  6A  6B    7    8   9   10  11  12  13   14  15   16   17  18
                                     12Z  AVG MX 2MIN
DY MAX MIN AVG DEP HDD CDD  WTR  SNW DPTH SPD SPD DIR MIN PSBL S-S WX    SPD DR
================================================================================

 1  -5 -23 -14 -34  79   0 0.00    M    M  7.9 15 180   M    M   M        17 120
 2  25 -19   3 -17  62   0 0.00    M    M 18.8 30 290   M    M   M        37 290
 3  22  13  18  -2  47   0 0.00    M    M  9.2 20 320   M    M   M        23 320
 4  34   8  21   1  44   0 0.00    M    M  8.3 14 120   M    M   M        17 300
 5  12   5   9 -11  56   0 0.00    M    M 13.1 18 150   M    M   M        22 140
 6  39  11  25   5  40   0 0.01    M    M 11.9 24 170   M    M   M        28 170
 7  39  32  36  16  29   0 0.00    M    M 14.3 30 320   M    M   M        36 310
 8  41  23  32  12  33   0 0.00    M    M  8.5 15 190   M    M   M        20 290
 9  41  27  34  14  31   0 0.00    M    M  7.7 18 160   M    M   M        21 170
10  42  -3  20   0  45   0 0.03    M    M 21.2 37 350   M    M   M        44 330
11   1  -9  -4 -24  69   0 0.00    M    M 15.7 31 310   M    M   M        39 310
12   2  -6  -2 -22  67   0 0.00    M    M  6.6 14  70   M    M   M        16  90
13  16  -7   5 -15  60   0 0.06    M    M 10.8 18 160   M    M   M        22 160
14  34  -5  15  -5  50   0 0.03    M    M 18.7 37 340   M    M   M        45 330
15  -2 -16  -9 -29  74   0 0.00    M    M 14.4 29 330   M    M   M        33 330
16  13 -18  -2 -22  67   0 0.00    M    M 16.4 25 170   M    M   M        28 170
17  39   0  20   0  45   0 0.00    M    M 11.6 20 290   M    M   M        23 290
================================================================================
SM  393   13       898   0  0.13    M    215.1          M        M
================================================================================
AV 23.1  0.8                              12.7 FASTST   M    M   3    MAX(MPH)
                                 MISC ---->  # 37 350               # 45  330
================================================================================
NOTES:
# LAST OF SEVERAL OCCURRENCES

COLUMN 17 PEAK WIND IN M.P.H.

PRELIMINARY LOCAL CLIMATOLOGICAL DATA (WS FORM: F-6) , PAGE 2

                                          STATION:  FAITH SD
                                          MONTH:    JANUARY
                                          YEAR:     2018
                                          LATITUDE:   45  1 N
                                          LONGITUDE: 102  1 W

[TEMPERATURE DATA]      [PRECIPITATION DATA]       SYMBOLS USED IN COLUMN 16

AVERAGE MONTHLY: 11.9   TOTAL FOR MONTH:   0.13    1 = FOG OR MIST
DPTR FM NORMAL:  -8.1   DPTR FM NORMAL:    0.03    2 = FOG REDUCING VISIBILITY
HIGHEST:    42 ON 10    GRTST 24HR  0.06 ON 13-13      TO 1/4 MILE OR LESS
LOWEST:    -23 ON  1                               3 = THUNDER
                        SNOW, ICE PELLETS, HAIL    4 = ICE PELLETS
                        TOTAL MONTH:    M          5 = HAIL
                        GRTST 24HR    M  ON   M    6 = FREEZING RAIN OR DRIZZLE
                        GRTST DEPTH:  M  ON   M    7 = DUSTSTORM OR SANDSTORM:
                                                       VSBY 1/2 MILE OR LESS
                                                   8 = SMOKE OR HAZE
[NO. OF DAYS WITH]      [WEATHER - DAYS WITH]      9 = BLOWING SNOW
                                                   X = TORNADO
MAX 32 OR BELOW:   9    0.01 INCH OR MORE:   4
MAX 90 OR ABOVE:   0    0.10 INCH OR MORE:   0
MIN 32 OR BELOW:  17    0.50 INCH OR MORE:   0
MIN  0 OR BELOW:  10    1.00 INCH OR MORE:   0

[HDD (BASE 65) ]
TOTAL THIS MO.   898    CLEAR  (SCALE 0-3)   0
DPTR FM NORMAL   133    PTCLDY (SCALE 4-7)   0
TOTAL FM JUL 1  3857    CLOUDY (SCALE 8-10)  0
DPTR FM NORMAL   -51

[CDD (BASE 65) ]
TOTAL THIS MO.     0
DPTR FM NORMAL     0    [PRESSURE DATA]
TOTAL FM JAN 1     0    HIGHEST SLP M ON M
DPTR FM NORMAL     0    LOWEST  SLP 29.16 ON 10

[REMARKS]
