000
CXUS51 KRNK 181030
CF6DAN
PRELIMINARY LOCAL CLIMATOLOGICAL DATA (WS FORM: F-6)

                                          STATION:   DANVILLE VA
                                          MONTH:     DECEMBER
                                          YEAR:      2014
                                          LATITUDE:   36 34 N
                                          LONGITUDE:  79 20 W

  TEMPERATURE IN F:       :PCPN:    SNOW:  WIND      :SUNSHINE: SKY     :PK WND
================================================================================
1   2   3   4   5  6A  6B    7    8   9   10  11  12  13   14  15   16   17  18
                                     12Z  AVG MX 2MIN
DY MAX MIN AVG DEP HDD CDD  WTR  SNW DPTH SPD SPD DIR MIN PSBL S-S WX    SPD DR
================================================================================

 1  75  43  59  15   6   0 0.00  0.0    0  6.4 20 240   M    M   1        23 250
 2  57  39  48   5  17   0    T  0.0    0  8.2 24  50   M    M  10 1      31  60
 3  58  39  49   6  16   0 0.00  0.0    0  6.1 17 250   M    M   6 1      22 230
 4  50  38  44   1  21   0 0.02  0.0    0  4.8 12  90   M    M   4        15  90
 5  48  42  45   3  20   0    T  0.0    0  2.1  7  60   M    M  10        11 320
 6  53  44  49   7  16   0 0.09  0.0    0  4.8 22  20   M    M   9 1      27  10
 7  52  36  44   2  21   0 0.00  0.0    0 11.8 23  30   M    M   2        28  40
 8  42  34  38  -4  27   0 0.13  0.0    0  9.8 16  30   M    M   8 1      21  10
 9  47  36  42   1  23   0 0.17  0.0    0  6.9 15 320   M    M  10 1      20 320
10  51  31  41   0  24   0 0.00  0.0    0  9.4 21 330   M    M   3        27 330
11  49  27  38  -3  27   0 0.00  0.0    0  8.0 16 270   M    M   0        23 250
12  58  30  44   4  21   0 0.00  0.0    0  8.0 20 300   M    M   0        28 300
13  60  28  44   4  21   0 0.00  0.0    0  6.0 16 310   M    M   0        21 300
14  59  30  45   5  20   0 0.00  0.0    0  6.4 15 320   M    M   0        21 330
15  59  29  44   4  21   0 0.00  0.0    0  2.2  8 220   M    M   0 1      10 170
16  51  31  41   1  24   0 0.12  0.0    0  3.2 10 280   M    M   5        14 280
17  59  36  48   8  17   0 0.00  0.0    0  6.3 16 270   M    M   0        20 280
================================================================================
SM  928  593       342   0  0.53     0.0 110.4          M       68
================================================================================
AV 54.6 34.9                               6.5 FASTST   M    M   4    MAX(MPH)
                                 MISC ---->  # 24  50               # 31   60
================================================================================
NOTES:
# LAST OF SEVERAL OCCURRENCES

COLUMN 17 PEAK WIND IN M.P.H.

PRELIMINARY LOCAL CLIMATOLOGICAL DATA (WS FORM: F-6) , PAGE 2

                                          STATION:  DANVILLE VA
                                          MONTH:    DECEMBER
                                          YEAR:     2014
                                          LATITUDE:   36 34 N
                                          LONGITUDE:  79 20 W

[TEMPERATURE DATA]      [PRECIPITATION DATA]       SYMBOLS USED IN COLUMN 16

AVERAGE MONTHLY: 44.7   TOTAL FOR MONTH:   0.53    1 = FOG OR MIST
DPTR FM NORMAL:   3.3   DPTR FM NORMAL:   -1.35    2 = FOG REDUCING VISIBILITY
HIGHEST:    75 ON  1    GRTST 24HR  0.30 ON  8- 9      TO 1/4 MILE OR LESS
LOWEST:     27 ON 11                               3 = THUNDER
                        SNOW, ICE PELLETS, HAIL    4 = ICE PELLETS
                        TOTAL MONTH:   0.0 INCH    5 = HAIL
                        GRTST 24HR     0.0         6 = FREEZING RAIN OR DRIZZLE
                        GRTST DEPTH:   0           7 = DUSTSTORM OR SANDSTORM:
                                                       VSBY 1/2 MILE OR LESS
                                                   8 = SMOKE OR HAZE
[NO. OF DAYS WITH]      [WEATHER - DAYS WITH]      9 = BLOWING SNOW
                                                   X = TORNADO
MAX 32 OR BELOW:   0    0.01 INCH OR MORE:   5
MAX 90 OR ABOVE:   0    0.10 INCH OR MORE:   3
MIN 32 OR BELOW:   7    0.50 INCH OR MORE:   0
MIN  0 OR BELOW:   0    1.00 INCH OR MORE:   0

[HDD (BASE 65) ]
TOTAL THIS MO.   342    CLEAR  (SCALE 0-3)   9
DPTR FM NORMAL   -59    PTCLDY (SCALE 4-7)   3
TOTAL FM JUL 1  1102    CLOUDY (SCALE 8-10)  5
DPTR FM NORMAL    -8

[CDD (BASE 65) ]
TOTAL THIS MO.     0
DPTR FM NORMAL     0    [PRESSURE DATA]
TOTAL FM JAN 1  1419    HIGHEST SLP M ON M
DPTR FM NORMAL   -20    LOWEST  SLP 29.85 ON 16

[REMARKS]
