000
CXUS54 KHUN 301015
CF6DCU
PRELIMINARY LOCAL CLIMATOLOGICAL DATA (WS FORM: F-6)

                                          STATION:   DECATUR
                                          MONTH:     MARCH
                                          YEAR:      2015
                                          LATITUDE:   34 39 N
                                          LONGITUDE:  86 56 W

  TEMPERATURE IN F:       :PCPN:    SNOW:  WIND      :SUNSHINE: SKY     :PK WND
================================================================================
1   2   3   4   5  6A  6B    7    8   9   10  11  12  13   14  15   16   17  18
                                     12Z  AVG MX 2MIN
DY MAX MIN AVG DEP HDD CDD  WTR  SNW DPTH SPD SPD DIR MIN PSBL S-S WX    SPD DR
================================================================================

 1  53  47  50   2  15   0 0.50  0.0    0  6.7 20 140   M    M  10 1      25 140
 2  49  38  44  -4  21   0 0.19  0.0    0  6.6 18  10   M    M  10 1      24  10
 3  65  45  55   6  10   0 0.30  0.0    0  6.9 18 190   M    M  10 1      25 200
 4  76  37  57   8   8   0 0.03  0.0    0 15.5 26 200   M    M   9 1      35 200
 5  37  20  29 -20  36   0    M    M    M 15.2 24  10   M    M   8 16     31  20
 6  40  15  28 -22  37   0 0.00  0.0    0  5.3 14 360   M    M   0        18  20
 7  59  23  41  -9  24   0 0.00  0.0    0  2.7 10 230   M    M   0 1      15 200
 8  64  26  45  -5  20   0 0.04    M    0  4.0 16 240   M    M   3        21 240
 9  58  44  51   1  14   0 0.43  0.0    0  4.7 10 110   M    M  10 1      16 100
10  68  52  60   9   5   0 0.84  0.0    0  8.9 20 170   M    M  10 1      24 160
11  68  56  62  11   3   0 0.80  0.0    0  5.7 16 360   M    M  10 1      19 360
12  67  55  61  10   4   0    T  0.0    0  8.3 17 130   M    M   8 1      23 120
13  60  52  56   4   9   0 0.08  0.0    0 11.3 21 140   M    M  10 1      26 140
14  65  51  58   6   7   0 0.09  0.0    0  4.3 12  10   M    M  10 1      15 140
15  71  47  59   7   6   0    T  0.0    0  4.7 13  10   M    M   2 18     16  10
16  78  38  58   6   7   0 0.00  0.0    0  1.6 10 270   M    M   0        13 330
17  80  51  66  13   0   1 0.00  0.0    0  8.7 21  10   M    M   1        27  10
18  70  49  60   7   5   0 0.03  0.0    0  8.0 14  20   M    M   1        18  30
19  64  48  56   3   9   0 0.18  0.0    0  3.5  7 280   M    M   7 18      M  M
20  61  53  57   3   8   0 0.02  0.0    0  4.7 12  10   M    M  10 1      14 340
21  61  50  56   2   9   0 0.00  0.0    0  3.9 12  20   M    M   4        14  20
22  59  52  56   2   9   0 0.26  0.0    0  5.2 15  60   M    M  10 18     21  30
23  73  50  62   8   3   0    T  0.0    0  6.4 14  40   M    M   2        20  40
24  74  43  59   4   6   0 0.00  0.0    0  6.4 18 170   M    M   0        22 170
25  75  52  64   9   1   0 0.00  0.0    0  7.2 16 190   M    M   4        21 170
26  75  45  60   5   5   0 0.04  0.0    0 12.6 25 340   M    M   8 18     31 340
27  53  35  44 -11  21   0 0.02  0.0    0 11.6 23 360   M    M   8 1      28 320
28  49  28  39 -17  26   0 0.00  0.0    0  5.6 14 330   M    M   1        18 340
29  60  25  43 -13  22   0 0.00  0.0    0  9.2 18 180   M    M   2        24 190
================================================================================
SM 1832 1227       350   1  3.85     0.0 205.4          M      168
================================================================================
AV 63.2 42.3                               7.1 FASTST   M    M   6    MAX(MPH)
                                 MISC ---->  # 26 200               # 35  200
================================================================================
NOTES:
# LAST OF SEVERAL OCCURRENCES

COLUMN 17 PEAK WIND IN M.P.H.

PRELIMINARY LOCAL CLIMATOLOGICAL DATA (WS FORM: F-6) , PAGE 2

                                          STATION:  DECATUR
                                          MONTH:    MARCH
                                          YEAR:     2015
                                          LATITUDE:   34 39 N
                                          LONGITUDE:  86 56 W

[TEMPERATURE DATA]      [PRECIPITATION DATA]       SYMBOLS USED IN COLUMN 16

AVERAGE MONTHLY: 52.7   TOTAL FOR MONTH:   3.85    1 = FOG OR MIST
DPTR FM NORMAL:   0.6   DPTR FM NORMAL:   -0.73    2 = FOG REDUCING VISIBILITY
HIGHEST:    80 ON 17    GRTST 24HR  0.84 ON 10-10      TO 1/4 MILE OR LESS
LOWEST:     15 ON  6                               3 = THUNDER
                        SNOW, ICE PELLETS, HAIL    4 = ICE PELLETS
                        TOTAL MONTH:   0.0 INCH    5 = HAIL
                        GRTST 24HR     0.0         6 = FREEZING RAIN OR DRIZZLE
                        GRTST DEPTH:   0           7 = DUSTSTORM OR SANDSTORM:
                                                       VSBY 1/2 MILE OR LESS
                                                   8 = SMOKE OR HAZE
[NO. OF DAYS WITH]      [WEATHER - DAYS WITH]      9 = BLOWING SNOW
                                                   X = TORNADO
MAX 32 OR BELOW:   0    0.01 INCH OR MORE:  16
MAX 90 OR ABOVE:   0    0.10 INCH OR MORE:   8
MIN 32 OR BELOW:   6    0.50 INCH OR MORE:   3
MIN  0 OR BELOW:   0    1.00 INCH OR MORE:   0

[HDD (BASE 65) ]
TOTAL THIS MO.   350    CLEAR  (SCALE 0-3)  10
DPTR FM NORMAL   -29    PTCLDY (SCALE 4-7)   8
TOTAL FM JUL 1  3303    CLOUDY (SCALE 8-10) 11
DPTR FM NORMAL   307

[CDD (BASE 65) ]
TOTAL THIS MO.     1
DPTR FM NORMAL     1    [PRESSURE DATA]
TOTAL FM JAN 1     1    HIGHEST SLP M ON M
DPTR FM NORMAL     0    LOWEST  SLP 29.76 ON 26

[REMARKS]
