000
CXUS54 KHUN 271015
CF6DCU
PRELIMINARY LOCAL CLIMATOLOGICAL DATA (WS FORM: F-6)

                                          STATION:   DECATUR
                                          MONTH:     JULY
                                          YEAR:      2016
                                          LATITUDE:   34 39 N
                                          LONGITUDE:  86 56 W

  TEMPERATURE IN F:       :PCPN:    SNOW:  WIND      :SUNSHINE: SKY     :PK WND
================================================================================
1   2   3   4   5  6A  6B    7    8   9   10  11  12  13   14  15   16   17  18
                                     12Z  AVG MX 2MIN
DY MAX MIN AVG DEP HDD CDD  WTR  SNW DPTH SPD SPD DIR MIN PSBL S-S WX    SPD DR
================================================================================

 1  95  60  78  -1   0  13 0.00  0.0    0  5.5 16 280   M    M   0        21 310
 2  95  71  83   4   0  18 0.00  0.0    0  5.2 14 280   M    M   0        18 270
 3  98  68  83   4   0  18 0.00  0.0    0  6.1 18 240   M    M   0 3      24 250
 4  97  76  87   8   0  22 0.00  0.0    0 11.8 29 260   M    M   1 3      37 240
 5  82  74  78  -1   0  13 0.70  0.0    0  7.0 17 230   M    M   7 13     22 200
 6  93  73  83   4   0  18    T  0.0    0  9.2 20 260   M    M   3 3      26 260
 7  94  76  85   6   0  20    T  0.0    0  9.6 22 250   M    M   1        29 250
 8  97  73  85   6   0  20 0.00  0.0    0  8.6 22  20   M    M   2        28  20
 9  94  70  82   2   0  17 1.41  0.0    0  4.6 14 350   M    M   3 13     20 150
10  89  72  81   1   0  16 0.04  0.0    0  2.2 12 160   M    M   3 13     15 160
11  90  70  80   0   0  15    T  0.0    0  4.9 17 170   M    M   2 1      22 170
12  93  69  81   1   0  16 0.00  0.0    0  6.6 21 170   M    M   1 3      28 170
13  94  69  82   2   0  17 0.00  0.0    0  4.9 14 180   M    M   2 3      17 180
14  93  72  83   3   0  18 0.28  0.0    0  5.7 31 310   M    M   2 13     42 310
15  89  70  80   0   0  15 0.00  0.0    0  2.4 10 270   M    M   4        15 250
16  89  70  80   0   0  15 0.06  0.0    0  2.9 18 340   M    M   1 13     24 350
17  92  69  81   1   0  16 0.00  0.0    0  4.1 10 150   M    M   1 1      13 160
18  94  73  84   4   0  19 0.32  0.0    0  4.2 20 310   M    M   1 13     24  10
19  94  73  84   4   0  19 0.00  0.0    0  1.7 23  90   M    M   2 138    30  80
20  95  71  83   3   0  18 0.10  0.0    0  2.0 25  20   M    M   1 13     33  20
21  98  72  85   5   0  20 0.00  0.0    0  4.1 13 320   M    M   1 1      17 300
22  95  73  84   4   0  19 0.00  0.0    0  4.4 14 270   M    M   1 3      36 330
23  96  73  85   5   0  20 0.11  0.0    0  4.7 32 160   M    M   2 13     43 150
24  94  73  84   4   0  19 0.23  0.0    0  4.2 20 130   M    M   1 13     24 140
25  96  73  85   5   0  20 0.00  0.0    0  2.9 17 170   M    M   1 1      23 150
26  95  76  86   6   0  21 0.00  0.0    0  5.3 15 200   M    M   1        20 220
================================================================================
SM 2431 1859         0 462  3.25     0.0 134.8          M       44
================================================================================
AV 93.5 71.5                               5.2 FASTST   M    M   2    MAX(MPH)
                                 MISC ---->  # 32 160               # 43  150
================================================================================
NOTES:
# LAST OF SEVERAL OCCURRENCES

COLUMN 17 PEAK WIND IN M.P.H.

PRELIMINARY LOCAL CLIMATOLOGICAL DATA (WS FORM: F-6) , PAGE 2

                                          STATION:  DECATUR
                                          MONTH:    JULY
                                          YEAR:     2016
                                          LATITUDE:   34 39 N
                                          LONGITUDE:  86 56 W

[TEMPERATURE DATA]      [PRECIPITATION DATA]       SYMBOLS USED IN COLUMN 16

AVERAGE MONTHLY: 82.5   TOTAL FOR MONTH:   3.25    1 = FOG OR MIST
DPTR FM NORMAL:   2.8   DPTR FM NORMAL:   -0.67    2 = FOG REDUCING VISIBILITY
HIGHEST:    98 ON 21, 3 GRTST 24HR  1.43 ON  9-10      TO 1/4 MILE OR LESS
LOWEST:     60 ON  1                               3 = THUNDER
                        SNOW, ICE PELLETS, HAIL    4 = ICE PELLETS
                        TOTAL MONTH:   0.0 INCH    5 = HAIL
                        GRTST 24HR     0.0         6 = FREEZING RAIN OR DRIZZLE
                        GRTST DEPTH:   0           7 = DUSTSTORM OR SANDSTORM:
                                                       VSBY 1/2 MILE OR LESS
                                                   8 = SMOKE OR HAZE
[NO. OF DAYS WITH]      [WEATHER - DAYS WITH]      9 = BLOWING SNOW
                                                   X = TORNADO
MAX 32 OR BELOW:   0    0.01 INCH OR MORE:   9
MAX 90 OR ABOVE:  22    0.10 INCH OR MORE:   7
MIN 32 OR BELOW:   0    0.50 INCH OR MORE:   2
MIN  0 OR BELOW:   0    1.00 INCH OR MORE:   1

[HDD (BASE 65) ]
TOTAL THIS MO.     0    CLEAR  (SCALE 0-3)  24
DPTR FM NORMAL     0    PTCLDY (SCALE 4-7)   2
TOTAL FM JUL 1     0    CLOUDY (SCALE 8-10)  0
DPTR FM NORMAL     0

[CDD (BASE 65) ]
TOTAL THIS MO.   462
DPTR FM NORMAL    82    [PRESSURE DATA]
TOTAL FM JAN 1  1087    HIGHEST SLP M ON M
DPTR FM NORMAL   137    LOWEST  SLP 29.91 ON M

[REMARKS]
