000
CXUS53 KDDC 281200
CF6DDC
PRELIMINARY LOCAL CLIMATOLOGICAL DATA (WS FORM: F-6)

                                          STATION:   DODGE CITY KS
                                          MONTH:     AUGUST
                                          YEAR:      2015
                                          LATITUDE:   37 46 N
                                          LONGITUDE:  99 58 W

  TEMPERATURE IN F:       :PCPN:    SNOW:  WIND      :SUNSHINE: SKY     :PK WND
================================================================================
1   2   3   4   5  6A  6B    7    8   9   10  11  12  13   14  15   16   17  18
                                     12Z  AVG MX 2MIN
DY MAX MIN AVG DEP HDD CDD  WTR  SNW DPTH SPD SPD DIR MIN PSBL S-S WX    SPD DR
================================================================================

 1  90  64  77  -3   0  12 0.00  0.0    0  7.7 17 150   M    M   0 128    22 150
 2  93  67  80   0   0  15 0.00  0.0    0  8.1 14 160   M    M   0 1      20 150
 3  92  67  80   0   0  15 0.00  0.0    0  9.4 18 160   M    M   0 1      22 160
 4  89  68  79  -1   0  14 0.18  0.0    0 11.3 20 170   M    M   2 138    28 150
 5  92  66  79   0   0  14 0.00  0.0    0  7.9 16  20   M    M   1 12     20  20
 6  95  65  80   1   0  15 0.00  0.0    0  9.5 23 150   M    M   2 18     29 160
 7  99  65  82   3   0  17 0.00  0.0    0 12.9 23 140   M    M   1 12     31 160
 8 104  66  85   6   0  20 0.00  0.0    0 13.8 28 200   M    M   0 3      35 180
 9  91  69  80   1   0  15 0.11  0.0    0  7.2 24 230   M    M   3 3      29 230
10  92  69  81   2   0  16 0.06  0.0    0  8.2 16  50   M    M   4 13     25  40
11  85  67  76  -3   0  11 0.00  0.0    0  8.6 14  70   M    M   3        19  50
12  77  63  70  -9   0   5 0.35  0.0    0 10.7 17 170   M    M   6 138    22 170
13  88  64  76  -3   0  11 0.00  0.0    0 11.5 24 170   M    M   1        30 170
14  89  65  77  -2   0  12 0.05  0.0    0 10.9 18 160   M    M   1 3      24 180
15  91  66  79   1   0  14 0.00  0.0    0 14.4 24 180   M    M   0 18     29 150
16  94  66  80   2   0  15 0.00  0.0    0 14.1 22 180   M    M   1 3      26 170
17  87  66  77  -1   0  12 0.26  0.0    0  9.6 23 220   M    M   3 13     32 190
18  80  59  70  -8   0   5 0.52  0.0    0 10.7 22  10   M    M   6 13     29 360
19  74  54  64 -14   1   0 0.04  0.0    0  8.0 20  10   M    M   6 3      25  10
20  81  54  68 -10   0   3 0.00  0.0    0 15.0 25 170   M    M   0        32 180
21  76  58  67 -11   0   2 0.07  0.0    0 15.4 29 150   M    M   3 138    35 150
22  92  65  79   2   0  14 0.00  0.0    0 17.5 29 360   M    M   1 18     35  10
23  76  56  66 -11   0   1 0.00  0.0    0 12.1 26  40   M    M   3 8      38  50
24  82  49  66 -11   0   1 0.00  0.0    0  7.3 16 140   M    M   1        21 230
25  88  60  74  -3   0   9 0.00  0.0    0 11.0 20 180   M    M   1        23 160
26  97  63  80   3   0  15 0.00  0.0    0 10.1 21 190   M    M   0 1      24 190
27  97  66  82   6   0  17 0.11  0.0    0 15.5 30 220   M    M   2 13     36 230
================================================================================
SM 2391 1707         1 300  1.75     0.0 298.4          M       51
================================================================================
AV 88.6 63.2                              11.1 FASTST   M    M   2    MAX(MPH)
                                 MISC ---->  # 30 220               # 38   50
================================================================================
NOTES:
# LAST OF SEVERAL OCCURRENCES

COLUMN 17 PEAK WIND IN M.P.H.

PRELIMINARY LOCAL CLIMATOLOGICAL DATA (WS FORM: F-6) , PAGE 2

                                          STATION:  DODGE CITY KS
                                          MONTH:    AUGUST
                                          YEAR:     2015
                                          LATITUDE:   37 46 N
                                          LONGITUDE:  99 58 W

[TEMPERATURE DATA]      [PRECIPITATION DATA]       SYMBOLS USED IN COLUMN 16

AVERAGE MONTHLY: 75.9   TOTAL FOR MONTH:   1.75    1 = FOG OR MIST
DPTR FM NORMAL:  -2.5   DPTR FM NORMAL:   -0.67    2 = FOG REDUCING VISIBILITY
HIGHEST:   104 ON  8    GRTST 24HR  0.77 ON 17-18      TO 1/4 MILE OR LESS
LOWEST:     49 ON 24                               3 = THUNDER
                        SNOW, ICE PELLETS, HAIL    4 = ICE PELLETS
                        TOTAL MONTH:   0.0 INCH    5 = HAIL
                        GRTST 24HR     0.0         6 = FREEZING RAIN OR DRIZZLE
                        GRTST DEPTH:   0           7 = DUSTSTORM OR SANDSTORM:
                                                       VSBY 1/2 MILE OR LESS
                                                   8 = SMOKE OR HAZE
[NO. OF DAYS WITH]      [WEATHER - DAYS WITH]      9 = BLOWING SNOW
                                                   X = TORNADO
MAX 32 OR BELOW:   0    0.01 INCH OR MORE:  10
MAX 90 OR ABOVE:  14    0.10 INCH OR MORE:   6
MIN 32 OR BELOW:   0    0.50 INCH OR MORE:   1
MIN  0 OR BELOW:   0    1.00 INCH OR MORE:   0

[HDD (BASE 65) ]
TOTAL THIS MO.     1    CLEAR  (SCALE 0-3)  21
DPTR FM NORMAL     1    PTCLDY (SCALE 4-7)   6
TOTAL FM JUL 1     2    CLOUDY (SCALE 8-10)  0
DPTR FM NORMAL     1

[CDD (BASE 65) ]
TOTAL THIS MO.   300
DPTR FM NORMAL   -65    [PRESSURE DATA]
TOTAL FM JAN 1  1160    HIGHEST SLP M ON M
DPTR FM NORMAL   -44    LOWEST  SLP 29.66 ON  8

[REMARKS]
