396
CXUS55 KALY 300710
CF6DDH
PRELIMINARY LOCAL CLIMATOLOGICAL DATA (WS FORM: F-6)

                                          STATION:   BENNINGTON VT
                                          MONTH:     APRIL
                                          YEAR:      2016
                                          LATITUDE:   42 53 N
                                          LONGITUDE:  73 15 W

  TEMPERATURE IN F:       :PCPN:    SNOW:  WIND      :SUNSHINE: SKY     :PK WND
================================================================================
1   2   3   4   5  6A  6B    7    8   9   10  11  12  13   14  15   16   17  18
                                     12Z  AVG MX 2MIN
DY MAX MIN AVG DEP HDD CDD  WTR  SNW DPTH SPD SPD DIR MIN PSBL S-S WX    SPD DR
================================================================================

 1  72  43  58  18   7   0 0.31    M    M 11.4 28 190   M    M   6 13     40 190
 2  52  32  42   2  23   0 0.05    M    M  5.0 23 240   M    M   7 13     34 240
 3  36  22  29 -11  36   0 0.03    M    M 11.8 30 280   M    M   7 12     44 280
 4  25  11  18 -23  47   0 0.26    M    M  4.6 13  10   M    M   9 12     17  10
 5  33   2  18 -23  47   0 0.00    M    M  5.6 16 320   M    M   0        23 330
 6  41  12  27 -15  38   0 0.00    M    M  5.7 17 150   M    M   5        25 170
 7  61  38  50   8  15   0 0.63    M    M 10.0 25 130   M    M   7 18     38 130
 8  43  30  37  -6  28   0 0.20    M    M  7.6 18 280   M    M  10 1      31 290
 9  43  23  33 -10  32   0 0.00    M    M  7.2 15 340   M    M   2        21 350
10  44  23  34 -10  31   0 0.00    M    M  4.9 12 360   M    M   2        17 320
11  52  37  45   1  20   0 0.37    M    M  5.0 16 190   M    M  10 1      22 210
12  54  35  45   1  20   0 0.32    M    M  8.7 24 250   M    M   9 1      31 240
13  51  26  39  -6  26   0 0.00    M    M  4.4 13 310   M    M   0        18 320
14  56  26  41  -4  24   0 0.00    M    M  3.6 15 340   M    M   0        20 330
15  62  26  44  -2  21   0 0.00    M    M  3.9 16 280   M    M   0        20 330
16  67  31  49   3  16   0 0.00    M    M  3.5 13 270   M    M   0        16 360
17  73  30  52   6  13   0 0.00    M    M  2.8 12 280   M    M   0 8      14 300
18  75  36  56   9   9   0 0.00    M    M  3.7 15 270   M    M   1        18 280
19  61  44  53   6  12   0 0.03    M    M  9.7 22 340   M    M   5        34  10
20  60  36  48   1  17   0 0.00    M    M  6.7 16 340   M    M   0        22 260
21  77  29  53   5  12   0 0.00    M    M  2.2 13 320   M    M   1        16 320
22  78  53  66  18   0   1    T    M    M  4.0 15 250   M    M   9        19 220
23  63  36  50   2  15   0 0.00    M    M  8.5 22  10   M    M   5        28 360
24  55  31  43  -6  22   0 0.00    M    M  5.2 16 360   M    M   2        23 350
25  55  41  48  -1  17   0 0.00    M    M  1.7  8 310   M    M  10        13 320
26  47  33  40 -10  25   0 0.43    M    M  4.5 15 100   M    M  10 18     20 120
27  56  29  43  -7  22   0 0.00    M    M  5.3 17 280   M    M   4 12     25 270
28  56  27  42  -8  23   0 0.00    M    M  3.0 13 270   M    M   0        16 270
29  62  36  49  -1  16   0 0.00    M    M  4.8 13 130   M    M   4        18 110
================================================================================
SM 1610  878       634   1  2.63    M    165.0          M      125
================================================================================
AV 55.5 30.3                               5.7 FASTST   M    M   4    MAX(MPH)
                                 MISC ---->  # 30 280               # 44  280
================================================================================
NOTES:
# LAST OF SEVERAL OCCURRENCES

COLUMN 17 PEAK WIND IN M.P.H.

PRELIMINARY LOCAL CLIMATOLOGICAL DATA (WS FORM: F-6) , PAGE 2

                                          STATION:  BENNINGTON VT
                                          MONTH:    APRIL
                                          YEAR:     2016
                                          LATITUDE:   42 53 N
                                          LONGITUDE:  73 15 W

[TEMPERATURE DATA]      [PRECIPITATION DATA]       SYMBOLS USED IN COLUMN 16

AVERAGE MONTHLY: 42.9   TOTAL FOR MONTH:   2.63    1 = FOG OR MIST
DPTR FM NORMAL:  -2.4   DPTR FM NORMAL:   -0.52    2 = FOG REDUCING VISIBILITY
HIGHEST:    78 ON 22    GRTST 24HR  0.83 ON  7- 8      TO 1/4 MILE OR LESS
LOWEST:      2 ON  5                               3 = THUNDER
                        SNOW, ICE PELLETS, HAIL    4 = ICE PELLETS
                        TOTAL MONTH:    M          5 = HAIL
                        GRTST 24HR    M  ON   M    6 = FREEZING RAIN OR DRIZZLE
                        GRTST DEPTH:  M  ON   M    7 = DUSTSTORM OR SANDSTORM:
                                                       VSBY 1/2 MILE OR LESS
                                                   8 = SMOKE OR HAZE
[NO. OF DAYS WITH]      [WEATHER - DAYS WITH]      9 = BLOWING SNOW
                                                   X = TORNADO
MAX 32 OR BELOW:   1    0.01 INCH OR MORE:  10
MAX 90 OR ABOVE:   0    0.10 INCH OR MORE:   7
MIN 32 OR BELOW:  17    0.50 INCH OR MORE:   1
MIN  0 OR BELOW:   0    1.00 INCH OR MORE:   0

[HDD (BASE 65) ]
TOTAL THIS MO.   634    CLEAR  (SCALE 0-3)  13
DPTR FM NORMAL    61    PTCLDY (SCALE 4-7)   9
TOTAL FM JUL 1  5731    CLOUDY (SCALE 8-10)  7
DPTR FM NORMAL -1077

[CDD (BASE 65) ]
TOTAL THIS MO.     1
DPTR FM NORMAL     1    [PRESSURE DATA]
TOTAL FM JAN 1     1    HIGHEST SLP M ON M
DPTR FM NORMAL     1    LOWEST  SLP 29.24 ON  7

[REMARKS]
