000
CXUS55 KBOU 280756
CF6DEN
PRELIMINARY LOCAL CLIMATOLOGICAL DATA (WS FORM: F-6)

                                          STATION:   DENVER CO
                                          MONTH:     JUNE
                                          YEAR:      2017
                                          LATITUDE:   39 52 N
                                          LONGITUDE: 104 40 W

  TEMPERATURE IN F:       :PCPN:    SNOW:  WIND      :SUNSHINE: SKY     :PK WND
================================================================================
1   2   3   4   5  6A  6B    7    8   9   10  11  12  13   14  15   16   17  18
                                     12Z  AVG MX 2MIN
DY MAX MIN AVG DEP HDD CDD  WTR  SNW DPTH SPD SPD DIR MIN PSBL S-S WX    SPD DR
================================================================================

 1  80  49  65   2   0   0 0.00  0.0    0  9.2 22 270   M    M   6 3      28 210
 2  79  51  65   2   0   0 0.01  0.0    0 10.0 29 290   M    M   6 3      38 300
 3  77  47  62  -1   3   0 0.00  0.0    0  8.8 17  40   M    M   3        23  60
 4  81  47  64   0   1   0 0.00  0.0    0  7.6 16  60   M    M   2        20  70
 5  86  51  69   5   0   4    T  0.0    0  9.0 30 310   M    M   4 3      34 310
 6  78  50  64   0   1   0    T  0.0    0  6.9 16 160   M    M   6 3      20  40
 7  85  53  69   4   0   4 0.01  0.0    0 10.3 29 180   M    M   6 3      35 180
 8  85  52  69   4   0   4 0.00  0.0    0  8.6 21 190   M    M   4        28  80
 9  92  60  76  11   0  11 0.00  0.0    0 12.5 22 180   M    M   5        26 180
10  94  65  80  14   0  15 0.00  0.0    0 15.3 33 100   M    M   5        42 100
11  80  60  70   4   0   5 0.00  0.0    0  9.9 24  30   M    M   5        30  30
12  93  56  75   9   0  10 0.00  0.0    0 16.7 40 170   M    M   3        49 170
13  82  42  62  -5   3   0 0.00  0.0    0 12.0 29 270   M    M   2        34 260
14  87  50  69   2   0   4 0.00  0.0    0  9.3 24 260   M    M   3        29 250
15  89  52  71   4   0   6 0.00  0.0    0  7.7 20  60   M    M   4        23  60
16  95  53  74   6   0   9 0.00  0.0    0 12.3 31 280   M    M   7        40 280
17  86  60  73   5   0   8 0.00  0.0    0 12.3 31  30   M    M   8        37  30
18  86  58  72   4   0   7 0.00  0.0    0  8.1 20  30   M    M   5        23  30
19  86  55  71   3   0   6 0.00  0.0    0  9.5 17  70   M    M   4        22 110
20  99  61  80  11   0  15 0.00  0.0    0  8.5 22  20   M    M   5 38     28  20
21  98  61  80  11   0  15 0.00  0.0    0 11.2 31 320   M    M   6        40 320
22  93  61  77   7   0  12    T  0.0    0 12.2 29 320   M    M   6 3      37 320
23  63  48  56 -14   9   0 0.10  0.0    0  9.2 30  30   M    M   8 1      39  30
24  79  45  62  -8   3   0 0.00  0.0    0 11.0 23  80   M    M   7        26  80
25  74  49  62  -8   3   0 0.00  0.0    0  9.3 18  80   M    M   5        22  80
26  89  54  72   1   0   7 0.00  0.0    0 10.4 21  60   M    M   2        25  70
27  97  59  78   7   0  13    T  0.0    0  8.6 44 270   M    M   6 7      66 270
================================================================================
SM 2313 1449        23 155  0.12     0.0 276.4            M    133
================================================================================
AV 85.7 53.7                              10.2 FASTST            5    MAX(MPH)
                                 MISC ---->  # 44 270     M   M     # 66  270
================================================================================
NOTES: SUNSHINE DATA WILL NO LONGER BE AVAILABLE EFFECTIVE OCTOBER 1ST 2009.

# LAST OF SEVERAL OCCURRENCES

COLUMN 17 PEAK WIND IN M.P.H.

PRELIMINARY LOCAL CLIMATOLOGICAL DATA (WS FORM: F-6) , PAGE 2

                                          STATION:  DENVER CO
                                          MONTH:    JUNE
                                          YEAR:     2017
                                          LATITUDE:   39 52 N
                                          LONGITUDE: 104 40 W

[TEMPERATURE DATA]      [PRECIPITATION DATA]       SYMBOLS USED IN COLUMN 16

AVERAGE MONTHLY: 69.7   TOTAL FOR MONTH:   0.12    1 = FOG OR MIST
DPTR FM NORMAL:   2.7   DPTR FM NORMAL:   -1.69    2 = FOG REDUCING VISIBILITY
HIGHEST:    99 ON 20    GRTST 24HR  0.10 ON 23-23      TO 1/4 MILE OR LESS
LOWEST:     42 ON 13                               3 = THUNDER
                        SNOW, ICE PELLETS, HAIL    4 = ICE PELLETS
                        TOTAL MONTH:   0.0 INCH    5 = HAIL
                        GRTST 24HR     0.0         6 = FREEZING RAIN OR DRIZZLE
                        GRTST DEPTH:   0           7 = DUSTSTORM OR SANDSTORM:
                                                       VSBY 1/2 MILE OR LESS
                                                   8 = SMOKE OR HAZE
[NO. OF DAYS WITH]      [WEATHER - DAYS WITH]      9 = BLOWING SNOW
                                                   X = TORNADO
MAX 32 OR BELOW:   0    0.01 INCH OR MORE:   3
MAX 90 OR ABOVE:   8    0.10 INCH OR MORE:   1
MIN 32 OR BELOW:   0    0.50 INCH OR MORE:   0
MIN  0 OR BELOW:   0    1.00 INCH OR MORE:   0

[HDD (BASE 65) ]
TOTAL THIS MO.    23    CLEAR  (SCALE 0-3)   4
DPTR FM NORMAL   -37    PTCLDY (SCALE 4-7)  22
TOTAL FM JUL 1  5107    CLOUDY (SCALE 8-10)  1
DPTR FM NORMAL  -949

[CDD (BASE 65) ]
TOTAL THIS MO.   155
DPTR FM NORMAL    45    [PRESSURE DATA]
TOTAL FM JAN 1   161    HIGHEST SLP M ON M
DPTR FM NORMAL    29    LOWEST  SLP 29.31 ON 10

[REMARKS]
