433
CXUS55 KBOU 300803
CF6DEN
PRELIMINARY LOCAL CLIMATOLOGICAL DATA (WS FORM: F-6)

                                          STATION:   DENVER CO
                                          MONTH:     APRIL
                                          YEAR:      2016
                                          LATITUDE:   39 52 N
                                          LONGITUDE: 104 40 W

  TEMPERATURE IN F:       :PCPN:    SNOW:  WIND      :SUNSHINE: SKY     :PK WND
================================================================================
1   2   3   4   5  6A  6B    7    8   9   10  11  12  13   14  15   16   17  18
                                     12Z  AVG MX 2MIN
DY MAX MIN AVG DEP HDD CDD  WTR  SNW DPTH SPD SPD DIR MIN PSBL S-S WX    SPD DR
================================================================================

 1  51  25  38  -6  27   0 0.00  0.0    0  9.4 23 340   M    M   5        29 350
 2  63  32  48   4  17   0 0.00  0.0    0  8.8 15 230   M    M   3        17 230
 3  69  34  52   7  13   0 0.00  0.0    0  8.3 14 160   M    M   2        16  10
 4  72  38  55  10  10   0 0.00  0.0    0  7.7 17 200   M    M   6        20 210
 5  67  38  53   8  12   0 0.00  0.0    0 15.3 43 300   M    M   5        53 300
 6  71  30  51   6  14   0 0.00  0.0    0 14.1 28 270   M    M   1        34 270
 7  65  36  51   6  14   0 0.00  0.0    0  8.8 18  70   M    M   3        24 290
 8  66  34  50   4  15   0 0.00  0.0    0  9.0 15 190   M    M   6        17 190
 9  72  39  56  10   9   0    T  0.0    0  8.6 32 210   M    M   5        40 210
10  68  38  53   7  12   0 0.13  0.0    0 10.1 26  40   M    M   7 13     30  40
11  60  38  49   3  16   0 0.00  0.0    0  5.9 17 200   M    M   8        22 200
12  71  36  54   8  11   0 0.01  0.0    0  8.7 35 360   M    M   5 3      44 350
13  72  41  57  10   8   0 0.00  0.0    0  9.6 23 200   M    M   5        28 200
14  77  47  62  15   3   0 0.00  0.0    0 12.2 30 210   M    M   7        50 220
15  54  34  44  -3  21   0 0.14    T    0 13.6 32 340   M    M   8 1      38 340
16  34  31  33 -14  32   0 1.19 11.8    1 19.2 33 340   M    M  10 12     40 360
17  36  30  33 -15  32   0 0.06  0.3    8 13.3 29 340   M    M  10 128    34 330
18  39  29  34 -14  31   0 0.00  0.0    5  8.0 17 200   M    M   8        19 200
19  44  31  38 -10  27   0 0.11    T    2  8.1 20 200   M    M   9 1      22 200
20  55  32  44  -4  21   0    T  0.0    T  6.5 13 190   M    M   6 1      17 180
21  64  37  51   2  14   0 0.00  0.0    T  7.1 16  40   M    M   2        19  40
22  77  39  58   9   7   0 0.00  0.0    0  9.9 22 200   M    M   3        27 200
23  77  49  63  14   2   0 0.00  0.0    0 21.1 35 200   M    M   7        43 190
24  67  39  53   3  12   0 0.00  0.0    0 13.2 31 260   M    M   5        40 250
25  72  38  55   5  10   0 0.02  0.0    0 16.6 36 170   M    M   6 3      44 180
26  53  33  43  -7  22   0    T  0.0    0 12.2 25 310   M    M   7 3      31 310
27  54  27  41  -9  24   0    T    M    0  9.4 20  40   M    M   6        24  50
28  40  35  38 -13  27   0 0.02    T    0 10.4 16 110   M    M  10 1      19 110
29  36  31  34 -17  31   0 0.73  2.0    T  6.3 14 120   M    M  10 12     16 130
================================================================================
SM 1746 1021       494   0  2.41   M     311.4            M    175
================================================================================
AV 60.2 35.2                              10.7 FASTST            6    MAX(MPH)
                                 MISC ---->  # 43 300     M   M     # 53  300
================================================================================
NOTES: SUNSHINE DATA WILL NO LONGER BE AVAILABLE EFFECTIVE OCTOBER 1ST 2009.

# LAST OF SEVERAL OCCURRENCES

COLUMN 17 PEAK WIND IN M.P.H.

PRELIMINARY LOCAL CLIMATOLOGICAL DATA (WS FORM: F-6) , PAGE 2

                                          STATION:  DENVER CO
                                          MONTH:    APRIL
                                          YEAR:     2016
                                          LATITUDE:   39 52 N
                                          LONGITUDE: 104 40 W

[TEMPERATURE DATA]      [PRECIPITATION DATA]       SYMBOLS USED IN COLUMN 16

AVERAGE MONTHLY: 47.7   TOTAL FOR MONTH:   2.41    1 = FOG OR MIST
DPTR FM NORMAL:   0.4   DPTR FM NORMAL:    0.77    2 = FOG REDUCING VISIBILITY
HIGHEST:    77 ON 23,22 GRTST 24HR  1.22 ON 15-16      TO 1/4 MILE OR LESS
LOWEST:     25 ON  1                               3 = THUNDER
                        SNOW, ICE PELLETS, HAIL    4 = ICE PELLETS
                        TOTAL MONTH:    M          5 = HAIL
                        GRTST 24HR  11.8 ON 16-16  6 = FREEZING RAIN OR DRIZZLE
                        GRTST DEPTH:   8 ON 17     7 = DUSTSTORM OR SANDSTORM:
                                                       VSBY 1/2 MILE OR LESS
                                                   8 = SMOKE OR HAZE
[NO. OF DAYS WITH]      [WEATHER - DAYS WITH]      9 = BLOWING SNOW
                                                   X = TORNADO
MAX 32 OR BELOW:   0    0.01 INCH OR MORE:   9
MAX 90 OR ABOVE:   0    0.10 INCH OR MORE:   5
MIN 32 OR BELOW:  10    0.50 INCH OR MORE:   2
MIN  0 OR BELOW:   0    1.00 INCH OR MORE:   1

[HDD (BASE 65) ]
TOTAL THIS MO.   494    CLEAR  (SCALE 0-3)   5
DPTR FM NORMAL   -21    PTCLDY (SCALE 4-7)  17
TOTAL FM JUL 1  5198    CLOUDY (SCALE 8-10)  7
DPTR FM NORMAL  -519

[CDD (BASE 65) ]
TOTAL THIS MO.     0
DPTR FM NORMAL     0    [PRESSURE DATA]
TOTAL FM JAN 1     0    HIGHEST SLP M ON M
DPTR FM NORMAL     0    LOWEST  SLP 29.35 ON 26

[REMARKS]
