000
CXUS54 KSHV 011300
CF6DEQ
PRELIMINARY LOCAL CLIMATOLOGICAL DATA (WS FORM: F-6)

                                          STATION:   DE QUEEN
                                          MONTH:     SEPTEMBER
                                          YEAR:      2014
                                          LATITUDE:   34  2 N
                                          LONGITUDE:  94 24 W

  TEMPERATURE IN F:       :PCPN:    SNOW:  WIND      :SUNSHINE: SKY     :PK WND
================================================================================
1   2   3   4   5  6A  6B    7    8   9   10  11  12  13   14  15   16   17  18
                                     12Z  AVG MX 2MIN
DY MAX MIN AVG DEP HDD CDD  WTR  SNW DPTH SPD SPD DIR MIN PSBL S-S WX    SPD DR
================================================================================

 1  92  74  83   4   0  18 0.00  0.0    0  4.2 14 200   M    M   4 1      18 150
 2  89  70  80   1   0  15    T  0.0    0  3.8 28  40   M    M   3 13     38  40
 3  92  70  81   2   0  16 0.00  0.0    0  4.0 13 240   M    M   4 1      17 250
 4  93  71  82   4   0  17 0.00  0.0    0  2.3 10 230   M    M   1 1      16 270
 5  94  70  82   4   0  17 0.00  0.0    0  2.3  9 170   M    M   1 128    13 220
 6  92  70  81   3   0  16 0.47  0.0    0  2.9 17  70   M    M   1 13     25  70
 7  84  68  76  -1   0  11    T  0.0    0  2.6 10  80   M    M   6 12     15  70
 8  89  68  79   2   0  14 0.00  0.0    0  1.2  8 130   M    M   5 12     11 150
 9  93  70  82   6   0  17 0.00  0.0    0  3.7 12 170   M    M   1 18     16 160
10  94  71  83   7   0  18 0.00  0.0    0  5.0 17 220   M    M   2 1      23 240
11  82  72  77   1   0  12 6.39  0.0    0  3.4 17  80   M    M   9 13     22  80
12  73  63  68  -7   0   3 0.10  0.0    0  6.7 15 100   M    M  10 1      19 100
13  69  58  64 -11   1   0    T  0.0    0  6.1 12  50   M    M  10 1      15  60
14  80  58  69  -5   0   4 0.00  0.0    0  2.0  8  70   M    M   2 1      13  70
15  79  65  72  -2   0   7 0.00  0.0    0  0.9  7  80   M    M   1 1       8  80
16  88  68  78   4   0  13 0.00  0.0    0  0.8  7 210   M    M   1 1      10 220
17  88  66  77   4   0  12 0.00  0.0    0  3.0  9 360   M    M   3 128    14 350
18  85  71  78   5   0  13 0.13  0.0    0  3.5 10  30   M    M   3 13     16  30
19  85  67  76   4   0  11 0.00  0.0    0  4.4 12  70   M    M   5 128    14  90
20  89  65  77   5   0  12 0.00  0.0    0  1.0  7 280   M    M   3 12     10 310
21  91  65  78   6   0  13 0.00  0.0    0  2.3 12 340   M    M   5 12     16 340
22  81  56  69  -2   0   4 0.00  0.0    0  4.3 14  60   M    M   0 1      18  60
23  79  50  65  -6   0   0 0.00  0.0    0  3.6 13 120   M    M   0 1      16 110
24  82  48  65  -5   0   0 0.00  0.0    0  2.3  9  90   M    M   0 12     12 110
25  83  53  68  -2   0   3 0.00  0.0    0  2.5 13 100   M    M   3 1      20  80
26  86  55  71   1   0   6 0.00  0.0    0  2.5 12 150   M    M   1 12     14 150
27  82  56  69   0   0   4 0.00  0.0    0  1.5  9 120   M    M   2 12     11 120
28  85  60  73   4   0   8 0.00  0.0    0  2.3 13 110   M    M   1 12     17  80
29  87  60  74   6   0   9 0.00  0.0    0  3.2 14  80   M    M   1 12     18  80
30  86  61  74   6   0   9 0.00  0.0    0  3.6 10 120   M    M   5 128    16 110
================================================================================
SM 2572 1919         1 302  7.09     0.0  91.9          M       93
================================================================================
AV 85.7 64.0                               3.1 FASTST   M    M   3    MAX(MPH)
                                 MISC ---->  # 28  40               # 38   40
================================================================================
NOTES:
# LAST OF SEVERAL OCCURRENCES

COLUMN 17 PEAK WIND IN M.P.H.

PRELIMINARY LOCAL CLIMATOLOGICAL DATA (WS FORM: F-6) , PAGE 2

                                          STATION:  DE QUEEN
                                          MONTH:    SEPTEMBER
                                          YEAR:     2014
                                          LATITUDE:   34  2 N
                                          LONGITUDE:  94 24 W

[TEMPERATURE DATA]      [PRECIPITATION DATA]       SYMBOLS USED IN COLUMN 16

AVERAGE MONTHLY: 74.8   TOTAL FOR MONTH:   7.09    1 = FOG OR MIST
DPTR FM NORMAL:   1.0   DPTR FM NORMAL:    3.48    2 = FOG REDUCING VISIBILITY
HIGHEST:    94 ON 10, 5 GRTST 24HR  6.47 ON 11-12      TO 1/4 MILE OR LESS
LOWEST:     48 ON 24                               3 = THUNDER
                        SNOW, ICE PELLETS, HAIL    4 = ICE PELLETS
                        TOTAL MONTH:   0.0 INCH    5 = HAIL
                        GRTST 24HR     0.0         6 = FREEZING RAIN OR DRIZZLE
                        GRTST DEPTH:   0           7 = DUSTSTORM OR SANDSTORM:
                                                       VSBY 1/2 MILE OR LESS
                                                   8 = SMOKE OR HAZE
[NO. OF DAYS WITH]      [WEATHER - DAYS WITH]      9 = BLOWING SNOW
                                                   X = TORNADO
MAX 32 OR BELOW:   0    0.01 INCH OR MORE:   4
MAX 90 OR ABOVE:   8    0.10 INCH OR MORE:   4
MIN 32 OR BELOW:   0    0.50 INCH OR MORE:   1
MIN  0 OR BELOW:   0    1.00 INCH OR MORE:   1

[HDD (BASE 65) ]
TOTAL THIS MO.     1    CLEAR  (SCALE 0-3)  19
DPTR FM NORMAL    -8    PTCLDY (SCALE 4-7)   8
TOTAL FM JUL 1     1    CLOUDY (SCALE 8-10)  3
DPTR FM NORMAL    -8

[CDD (BASE 65) ]
TOTAL THIS MO.   302
DPTR FM NORMAL    29    [PRESSURE DATA]
TOTAL FM JAN 1  1632    HIGHEST SLP 30.27 ON 13
DPTR FM NORMAL  -233    LOWEST  SLP 29.74 ON 10

[REMARKS]
#FINAL-09-14#
