000
CXUS54 KSHV 271948
CF6DEQ
PRELIMINARY LOCAL CLIMATOLOGICAL DATA (WS FORM: F-6)

                                          STATION:   DE QUEEN
                                          MONTH:     MARCH
                                          YEAR:      2015
                                          LATITUDE:   34  2 N
                                          LONGITUDE:  94 24 W

  TEMPERATURE IN F:       :PCPN:    SNOW:  WIND      :SUNSHINE: SKY     :PK WND
================================================================================
1   2   3   4   5  6A  6B    7    8   9   10  11  12  13   14  15   16   17  18
                                     12Z  AVG MX 2MIN
DY MAX MIN AVG DEP HDD CDD  WTR  SNW DPTH SPD SPD DIR MIN PSBL S-S WX    SPD DR
================================================================================

 1  45  35  40  -9  25   0 0.28  0.0    0  2.3  9 120   M    M   9 1      12 120
 2  41  37  39 -11  26   0 0.05  0.0    0  6.2 15  80   M    M  10 1      18  90
 3  51  42  47  -3  18   0 0.10  0.0    0  3.7  8 280   M    M  10 12     10 100
 4  55  31  43  -7  22   0 1.10    T    0  5.5 16  40   M    M   9 12368  24  40
 5  43  26  35 -15  30   0 0.30  2.6    3  6.5 17  30   M    M   3 1248   24  20
 6  51  20  36 -15  29   0 0.00  0.0    0  2.3 12 270   M    M   0 1      15 260
 7  62  24  43  -8  22   0 0.00  0.0    0  2.2 10 210   M    M   0 1      17 180
 8  50  39  45  -6  20   0 0.03  0.0    0  2.9 10 190   M    M  10 1      16 230
 9  51  45  48  -4  17   0 0.70  0.0    0  6.3 14  60   M    M  10 1      18  70
10  62  45  54   2  11   0 0.00  0.0    0  2.3  8  50   M    M   9 12     13  20
11  72  47  60   8   5   0 0.00  0.0    0  3.0 14 110   M    M   5 1      19  50
12  59  46  53   1  12   0 0.04  0.0    0  5.0 15  70   M    M   8 18     19  70
13  63  56  60   8   5   0 1.50  0.0    0  3.7  9 240   M    M  10 13     12 230
14  62  56  59   6   6   0 0.03  0.0    0  3.6 12  40   M    M  10 1      15  40
15  67  50  59   6   6   0 0.00  0.0    0  3.5 10 120   M    M   8 128    13  90
16  72  47  60   7   5   0 0.00  0.0    0  2.3 13 260   M    M   6 128    18 260
17  86  48  67  13   0   2 0.00  0.0    0  2.4  8  70   M    M   3 12      M  M
18  64  48  56   2   9   0 0.49  0.0    0  9.3 18  80   M    M  10 1      25  80
19  56  47  52  -2  13   0 0.02  0.0    0  5.7 13 110   M    M  10 1      16 120
20  65  53  59   5   6   0 0.06  0.0    0  2.8  9 220   M    M   9 1      11 220
21  61  51  56   2   9   0    T  0.0    0  4.4 13  80   M    M   4 1      17  80
22  64  48  56   1   9   0 0.23  0.0    0  3.8 13  50   M    M  10 128    16  60
23  74  42  58   3   7   0 0.00  0.0    0  1.9 10 180   M    M   3 12     12 180
24  80  42  61   6   4   0 0.00  0.0    0  5.5 20 210   M    M   0 1      26 190
25   M   M   M   M   M   M 0.05  0.0    0  1.8  5 110   M    M   7 13      M  M
26   M   M   M   M   M   M 0.68  0.0    0   M   M   M   M    M   M         M  M
================================================================================
SM 1456 1025       316   2  5.66     2.6  98.9          M      173
================================================================================
AV 60.7 42.7                               4.0 FASTST   M    M   7    MAX(MPH)
                                 MISC ---->  # 20 210               # 26  190
================================================================================
NOTES:
# LAST OF SEVERAL OCCURRENCES

COLUMN 17 PEAK WIND IN M.P.H.

PRELIMINARY LOCAL CLIMATOLOGICAL DATA (WS FORM: F-6) , PAGE 2

                                          STATION:  DE QUEEN
                                          MONTH:    MARCH
                                          YEAR:     2015
                                          LATITUDE:   34  2 N
                                          LONGITUDE:  94 24 W

[TEMPERATURE DATA]      [PRECIPITATION DATA]       SYMBOLS USED IN COLUMN 16

AVERAGE MONTHLY: 51.7   TOTAL FOR MONTH:   5.66    1 = FOG OR MIST
DPTR FM NORMAL:  -0.9   DPTR FM NORMAL:    1.97    2 = FOG REDUCING VISIBILITY
HIGHEST:    86 ON 17    GRTST 24HR  1.50 ON 13-13      TO 1/4 MILE OR LESS
LOWEST:     20 ON  6                               3 = THUNDER
                        SNOW, ICE PELLETS, HAIL    4 = ICE PELLETS
                        TOTAL MONTH:   2.6 INCHES  5 = HAIL
                        GRTST 24HR   2.6 ON   M    6 = FREEZING RAIN OR DRIZZLE
                        GRTST DEPTH:   3 ON  5     7 = DUSTSTORM OR SANDSTORM:
                                                       VSBY 1/2 MILE OR LESS
                                                   8 = SMOKE OR HAZE
[NO. OF DAYS WITH]      [WEATHER - DAYS WITH]      9 = BLOWING SNOW
                                                   X = TORNADO
MAX 32 OR BELOW:   0    0.01 INCH OR MORE:  16
MAX 90 OR ABOVE:   0    0.10 INCH OR MORE:   9
MIN 32 OR BELOW:   4    0.50 INCH OR MORE:   4
MIN  0 OR BELOW:   0    1.00 INCH OR MORE:   2

[HDD (BASE 65) ]
TOTAL THIS MO.   316    CLEAR  (SCALE 0-3)   6
DPTR FM NORMAL   -14    PTCLDY (SCALE 4-7)   6
TOTAL FM JUL 1  2968    CLOUDY (SCALE 8-10) 13
DPTR FM NORMAL   147

[CDD (BASE 65) ]
TOTAL THIS MO.     2
DPTR FM NORMAL     2    [PRESSURE DATA]
TOTAL FM JAN 1     2    HIGHEST SLP M ON M
DPTR FM NORMAL     0    LOWEST  SLP 29.83 ON M

[REMARKS]
