000
CXUS54 KFWD 300730
CF6DFW
PRELIMINARY LOCAL CLIMATOLOGICAL DATA (WS FORM: F-6)

                                          STATION:   DALLAS FORT WORTH
                                          MONTH:     JULY
                                          YEAR:      2016
                                          LATITUDE:   32 54 N
                                          LONGITUDE:  97  2 W

  TEMPERATURE IN F:       :PCPN:    SNOW:  WIND      :SUNSHINE: SKY     :PK WND
================================================================================
1   2   3   4   5  6A  6B    7    8   9   10  11  12  13   14  15   16   17  18
                                     12Z  AVG MX 2MIN
DY MAX MIN AVG DEP HDD CDD  WTR  SNW DPTH SPD SPD DIR MIN PSBL S-S WX    SPD DR
================================================================================

 1  98  76  87   3   0  22 0.00  0.0    0  6.9 17 130   M    M   4        21 120
 2  97  80  89   5   0  24 0.00  0.0    0 13.1 22 160   M    M   4         M  M
 3  97  78  88   4   0  23 0.08  0.0    0 18.2 28 290   M    M   7 3      37 290
 4  93  72  83  -1   0  18 3.20  0.0    0 14.6 44 310   M    M   8 138    59 310
 5  93  75  84   0   0  19 0.12  0.0    0 14.4 41 190   M    M   7 3      48 190
 6  97  79  88   4   0  23 0.00  0.0    0 18.8 25 180   M    M   4        34 180
 7  97  78  88   3   0  23 0.00  0.0    0 20.5 28 190   M    M   3        35 200
 8  97  79  88   3   0  23 0.00  0.0    0 14.9 23 190   M    M   5        31 160
 9  95  73  84  -1   0  19 0.03  0.0    0 11.4 46  10   M    M   7 3      56  20
10  94  72  83  -2   0  18 0.00  0.0    0  9.3 18 170   M    M   3        24 120
11  96  79  88   3   0  23 0.00  0.0    0 18.5 26 180   M    M   3        34 170
12  95  77  86   1   0  21 0.00  0.0    0 17.4 22 190   M    M   4        32 170
13  99  79  89   4   0  24 0.00  0.0    0 17.0 26 200   M    M   2        33 180
14  97  79  88   3   0  23 0.00  0.0    0 13.9 23 150   M    M   3        30 140
15  93  71  82  -3   0  17 0.43  0.0    0  9.3 24 330   M    M   5 13     35 320
16  97  75  86   1   0  21 0.00  0.0    0  9.4 21 340   M    M   5        25 330
17  96  79  88   2   0  23 0.00  0.0    0 12.3 20 180   M    M   1        26 170
18  95  79  87   1   0  22 0.00  0.0    0  9.9 15 120   M    M   3        19 170
19  97  80  89   3   0  24 0.00  0.0    0  8.8 15 140   M    M   4        20 170
20  97  80  89   3   0  24 0.00  0.0    0  9.5 15 180   M    M   3        24 180
21  99  79  89   3   0  24 0.00  0.0    0  8.7 16 180   M    M   2        20 190
22 100  79  90   4   0  25 0.00  0.0    0  8.6 16 160   M    M   1 8      20 200
23 100  81  91   5   0  26 0.00  0.0    0  9.8 16 190   M    M   2        20 150
24 100  81  91   5   0  26 0.00  0.0    0  7.6 14 120   M    M   2        16 150
25 100  79  90   4   0  25 0.03  0.0    0  6.6 26  40   M    M   6 3      33  40
26  98  77  88   2   0  23 0.00  0.0    0  5.1 21  30   M    M   6        24  40
27  96  79  88   2   0  23 0.00  0.0    0  6.5 23 360   M    M   7 3      28 360
28  97  79  88   2   0  23 0.00  0.0    0  9.1 24 200   M    M   7 3      37 170
29  96  77  87   1   0  22 0.00  0.0    0  8.5 17 190   M    M   5        23 200
================================================================================
SM 2806 2251         0 651  3.89     0.0 338.6          M      123
================================================================================
AV 96.8 77.6                              11.7 FASTST   M    M   4    MAX(MPH)
                                 MISC ---->  # 46  10               # 59  310
================================================================================
NOTES:
# LAST OF SEVERAL OCCURRENCES

COLUMN 17 PEAK WIND IN M.P.H.

PRELIMINARY LOCAL CLIMATOLOGICAL DATA (WS FORM: F-6) , PAGE 2

                                          STATION:  DALLAS FORT WORTH
                                          MONTH:    JULY
                                          YEAR:     2016
                                          LATITUDE:   32 54 N
                                          LONGITUDE:  97  2 W

[TEMPERATURE DATA]      [PRECIPITATION DATA]       SYMBOLS USED IN COLUMN 16

AVERAGE MONTHLY: 87.2   TOTAL FOR MONTH:   3.89    1 = FOG OR MIST
DPTR FM NORMAL:   1.9   DPTR FM NORMAL:    1.84    2 = FOG REDUCING VISIBILITY
HIGHEST:   100 ON 25,24 GRTST 24HR  3.31 ON  4- 5      TO 1/4 MILE OR LESS
LOWEST:     71 ON 15                               3 = THUNDER
                        SNOW, ICE PELLETS, HAIL    4 = ICE PELLETS
                        TOTAL MONTH:   0.0 INCH    5 = HAIL
                        GRTST 24HR     0.0         6 = FREEZING RAIN OR DRIZZLE
                        GRTST DEPTH:   0           7 = DUSTSTORM OR SANDSTORM:
                                                       VSBY 1/2 MILE OR LESS
                                                   8 = SMOKE OR HAZE
[NO. OF DAYS WITH]      [WEATHER - DAYS WITH]      9 = BLOWING SNOW
                                                   X = TORNADO
MAX 32 OR BELOW:   0    0.01 INCH OR MORE:   6
MAX 90 OR ABOVE:  29    0.10 INCH OR MORE:   3
MIN 32 OR BELOW:   0    0.50 INCH OR MORE:   1
MIN  0 OR BELOW:   0    1.00 INCH OR MORE:   1

[HDD (BASE 65) ]
TOTAL THIS MO.     0    CLEAR  (SCALE 0-3)  12
DPTR FM NORMAL     0    PTCLDY (SCALE 4-7)  16
TOTAL FM JUL 1     0    CLOUDY (SCALE 8-10)  1
DPTR FM NORMAL     0

[CDD (BASE 65) ]
TOTAL THIS MO.   651
DPTR FM NORMAL    63    [PRESSURE DATA]
TOTAL FM JAN 1  1648    HIGHEST SLP M ON M
DPTR FM NORMAL   147    LOWEST  SLP 29.72 ON  4

[REMARKS]
