000
CXUS54 KFWD 280730
CF6DFW
PRELIMINARY LOCAL CLIMATOLOGICAL DATA (WS FORM: F-6)

                                          STATION:   DALLAS FORT WORTH
                                          MONTH:     SEPTEMBER
                                          YEAR:      2016
                                          LATITUDE:   32 54 N
                                          LONGITUDE:  97  2 W

  TEMPERATURE IN F:       :PCPN:    SNOW:  WIND      :SUNSHINE: SKY     :PK WND
================================================================================
1   2   3   4   5  6A  6B    7    8   9   10  11  12  13   14  15   16   17  18
                                     12Z  AVG MX 2MIN
DY MAX MIN AVG DEP HDD CDD  WTR  SNW DPTH SPD SPD DIR MIN PSBL S-S WX    SPD DR
================================================================================

 1  92  74  83   0   0  18    T  0.0    0  9.1 25  60   M    M   7        31  50
 2  89  73  81  -2   0  16 0.00  0.0    0  7.1 15  70   M    M   6        19  50
 3  90  72  81  -1   0  16 0.00  0.0    0  6.6 13 140   M    M   2        16 140
 4  93  71  82   0   0  17 0.00  0.0    0  8.7 17 150   M    M   3        21 160
 5  93  76  85   3   0  20 0.00  0.0    0 12.1 22 170   M    M   3        26 170
 6  94  77  86   5   0  21 0.00  0.0    0 12.5 21 130   M    M   6        28 190
 7  95  78  87   6   0  22 0.00  0.0    0 13.9 23 200   M    M   4        27 200
 8  95  79  87   6   0  22 0.00  0.0    0 12.1 21 160   M    M   2        26 160
 9  95  76  86   6   0  21 0.00  0.0    0 14.4 22 190   M    M   3        27 180
10  85  69  77  -3   0  12 0.11  0.0    0 11.2 41  10   M    M   5 13     52 360
11  89  65  77  -3   0  12 0.00  0.0    0  4.2  8 140   M    M   0        11 350
12  92  67  80   1   0  15 0.00  0.0    0  7.3 16 140   M    M   3        23 150
13  94  74  84   5   0  19 0.00  0.0    0  6.7 15 110   M    M   5        21 110
14  93  76  85   6   0  20 0.00  0.0    0  5.5 15 360   M    M   7 3      19 360
15  95  76  86   8   0  21    T  0.0    0  4.0 15 200   M    M   6 3      17 210
16  96  76  86   8   0  21    T  0.0    0  6.6 16 330   M    M   6        19 320
17  96  76  86   9   0  21 0.00  0.0    0  4.6 12 350   M    M   5        15 350
18  98  71  85   8   0  20 0.02  0.0    0  6.4 30 330   M    M   4 13     39 320
19 100  78  89  12   0  24 0.35  0.0    0  6.7 22  40   M    M   3 3      28  50
20 100  79  90  14   0  25 0.00  0.0    0  5.2 13 140   M    M   2        19 100
21  95  74  85   9   0  20 0.00  0.0    0  5.5 10 130   M    M   6        19 140
22  94  72  83   7   0  18 0.00  0.0    0  5.6 13 190   M    M   4        18 200
23  94  77  86  11   0  21 0.00  0.0    0 11.2 20 180   M    M   5        24 150
24  91  75  83   8   0  18 0.38  0.0    0 11.8 40 190   M    M   6 138    45 190
25  80  72  76   2   0  11 0.12  0.0    0  8.3 21  20   M    M   9 138    26  20
26  72  63  68  -6   0   3    T  0.0    0 11.8 23  20   M    M  10 1      32  20
27  79  64  72  -2   0   7 0.00  0.0    0  6.5 10 250   M    M   7        15  20
================================================================================
SM 2479 1980         0 481  0.98     0.0 225.6          M      129
================================================================================
AV 91.8 73.3                               8.4 FASTST   M    M   5    MAX(MPH)
                                 MISC ---->  # 41  10               # 52  360
================================================================================
NOTES:
# LAST OF SEVERAL OCCURRENCES

COLUMN 17 PEAK WIND IN M.P.H.

PRELIMINARY LOCAL CLIMATOLOGICAL DATA (WS FORM: F-6) , PAGE 2

                                          STATION:  DALLAS FORT WORTH
                                          MONTH:    SEPTEMBER
                                          YEAR:     2016
                                          LATITUDE:   32 54 N
                                          LONGITUDE:  97  2 W

[TEMPERATURE DATA]      [PRECIPITATION DATA]       SYMBOLS USED IN COLUMN 16

AVERAGE MONTHLY: 82.6   TOTAL FOR MONTH:   0.98    1 = FOG OR MIST
DPTR FM NORMAL:   4.1   DPTR FM NORMAL:   -1.35    2 = FOG REDUCING VISIBILITY
HIGHEST:   100 ON 20,19 GRTST 24HR  0.48 ON 24-25      TO 1/4 MILE OR LESS
LOWEST:     63 ON 26                               3 = THUNDER
                        SNOW, ICE PELLETS, HAIL    4 = ICE PELLETS
                        TOTAL MONTH:   0.0 INCH    5 = HAIL
                        GRTST 24HR     0.0         6 = FREEZING RAIN OR DRIZZLE
                        GRTST DEPTH:   0           7 = DUSTSTORM OR SANDSTORM:
                                                       VSBY 1/2 MILE OR LESS
                                                   8 = SMOKE OR HAZE
[NO. OF DAYS WITH]      [WEATHER - DAYS WITH]      9 = BLOWING SNOW
                                                   X = TORNADO
MAX 32 OR BELOW:   0    0.01 INCH OR MORE:   5
MAX 90 OR ABOVE:  21    0.10 INCH OR MORE:   4
MIN 32 OR BELOW:   0    0.50 INCH OR MORE:   0
MIN  0 OR BELOW:   0    1.00 INCH OR MORE:   0

[HDD (BASE 65) ]
TOTAL THIS MO.     0    CLEAR  (SCALE 0-3)   9
DPTR FM NORMAL    -1    PTCLDY (SCALE 4-7)  16
TOTAL FM JUL 1     0    CLOUDY (SCALE 8-10)  2
DPTR FM NORMAL    -1

[CDD (BASE 65) ]
TOTAL THIS MO.   481
DPTR FM NORMAL   112    [PRESSURE DATA]
TOTAL FM JAN 1  2832    HIGHEST SLP M ON M
DPTR FM NORMAL   281    LOWEST  SLP 29.82 ON  9

[REMARKS]
