000
CXUS54 KFWD 200730
CF6DFW
PRELIMINARY LOCAL CLIMATOLOGICAL DATA (WS FORM: F-6)

                                          STATION:   DALLAS FORT WORTH
                                          MONTH:     APRIL
                                          YEAR:      2014
                                          LATITUDE:   32 54 N
                                          LONGITUDE:  97  2 W

  TEMPERATURE IN F:       :PCPN:    SNOW:  WIND      :SUNSHINE: SKY     :PK WND
================================================================================
1   2   3   4   5  6A  6B    7    8   9   10  11  12  13   14  15   16   17  18
                                     12Z  AVG MX 2MIN
DY MAX MIN AVG DEP HDD CDD  WTR  SNW DPTH SPD SPD DIR MIN PSBL S-S WX    SPD DR
================================================================================

 1  84  66  75  13   0  10 0.00  0.0    0 15.3 24 160   M    M   8        29 150
 2  83  71  77  15   0  12 0.00  0.0    0 17.3 28 170   M    M   9        36 180
 3  84  59  72  10   0   7 0.09  0.0    0 19.4 35 340   M    M   9 38     41 340
 4  67  45  56  -7   9   0 0.00  0.0    0 12.7 31 340   M    M   5        38 350
 5  57  49  53 -10  12   0    T  0.0    0  9.2 20 110   M    M   9 8      24 110
 6  53  47  50 -13  15   0 0.60  0.0    0 10.7 21 350   M    M  10 13     24 360
 7  69  47  58  -5   7   0 0.01  0.0    0  8.5 37 330   M    M   7 13     48 330
 8  72  50  61  -3   4   0 0.00  0.0    0 16.1 33 330   M    M   2        41 340
 9  81  44  63  -1   2   0 0.00  0.0    0 11.3 23 170   M    M   1        28 170
10  86  59  73   9   0   8 0.00  0.0    0 21.4 33 190   M    M   5        41 180
11  83  62  73   9   0   8 0.00  0.0    0 17.3 24 170   M    M   6        33 170
12  85  66  76  11   0  11 0.00  0.0    0 21.9 33 170   M    M   9        41 180
13  78  61  70   5   0   5 0.32  0.0    0 20.3 31 190   M    M   9 13     38 170
14  61  43  52 -13  13   0    T  0.0    0 21.7 32 330   M    M   7        39 330
15  64  35  50 -15  15   0 0.00  0.0    0  7.4 15 310   M    M   0        19 300
16  69  44  57  -9   8   0 0.00  0.0    0 16.6 29 170   M    M   6        40 150
17  63  49  56 -10   9   0 0.07  0.0    0  7.2 15 150   M    M   7 18     18 130
18  76  55  66   0   0   1 0.00  0.0    0  4.5 13  20   M    M   7 18     20  40
19  79  55  67   1   0   2 0.00  0.0    0  7.3 17 150   M    M   7        22 140
================================================================================
SM 1394 1007        94  64  1.09     0.0 266.1          M      123
================================================================================
AV 73.4 53.0                              14.0 FASTST   M    M   6    MAX(MPH)
                                 MISC ---->  # 37 330               # 48  330
================================================================================
NOTES:
# LAST OF SEVERAL OCCURRENCES

COLUMN 17 PEAK WIND IN M.P.H.

PRELIMINARY LOCAL CLIMATOLOGICAL DATA (WS FORM: F-6) , PAGE 2

                                          STATION:  DALLAS FORT WORTH
                                          MONTH:    APRIL
                                          YEAR:     2014
                                          LATITUDE:   32 54 N
                                          LONGITUDE:  97  2 W

[TEMPERATURE DATA]      [PRECIPITATION DATA]       SYMBOLS USED IN COLUMN 16

AVERAGE MONTHLY: 63.2   TOTAL FOR MONTH:   1.09    1 = FOG OR MIST
DPTR FM NORMAL:  -0.9   DPTR FM NORMAL:   -0.62    2 = FOG REDUCING VISIBILITY
HIGHEST:    86 ON 10    GRTST 24HR  0.60 ON  6- 6      TO 1/4 MILE OR LESS
LOWEST:     35 ON 15                               3 = THUNDER
                        SNOW, ICE PELLETS, HAIL    4 = ICE PELLETS
                        TOTAL MONTH:   0.0 INCH    5 = HAIL
                        GRTST 24HR     0.0         6 = FREEZING RAIN OR DRIZZLE
                        GRTST DEPTH:   0           7 = DUSTSTORM OR SANDSTORM:
                                                       VSBY 1/2 MILE OR LESS
                                                   8 = SMOKE OR HAZE
[NO. OF DAYS WITH]      [WEATHER - DAYS WITH]      9 = BLOWING SNOW
                                                   X = TORNADO
MAX 32 OR BELOW:   0    0.01 INCH OR MORE:   5
MAX 90 OR ABOVE:   0    0.10 INCH OR MORE:   2
MIN 32 OR BELOW:   0    0.50 INCH OR MORE:   1
MIN  0 OR BELOW:   0    1.00 INCH OR MORE:   0

[HDD (BASE 65) ]
TOTAL THIS MO.    94    CLEAR  (SCALE 0-3)   3
DPTR FM NORMAL    26    PTCLDY (SCALE 4-7)  10
TOTAL FM JUL 1  2588    CLOUDY (SCALE 8-10)  6
DPTR FM NORMAL   327

[CDD (BASE 65) ]
TOTAL THIS MO.    64
DPTR FM NORMAL    14    [PRESSURE DATA]
TOTAL FM JAN 1    86    HIGHEST SLP M ON M
DPTR FM NORMAL    -3    LOWEST  SLP 29.51 ON 13

[REMARKS]
