000
CXUS54 KFWD 221457
CF6DFW
PRELIMINARY LOCAL CLIMATOLOGICAL DATA (WS FORM: F-6)

                                          STATION:   DALLAS FORT WORTH
                                          MONTH:     DECEMBER
                                          YEAR:      2017
                                          LATITUDE:   32 54 N
                                          LONGITUDE:  97  2 W

  TEMPERATURE IN F:       :PCPN:    SNOW:  WIND      :SUNSHINE: SKY     :PK WND
================================================================================
1   2   3   4   5  6A  6B    7    8   9   10  11  12  13   14  15   16   17  18
                                     12Z  AVG MX 2MIN
DY MAX MIN AVG DEP HDD CDD  WTR  SNW DPTH SPD SPD DIR MIN PSBL S-S WX    SPD DR
================================================================================

 1  74  46  60  10   5   0 0.00  0.0    0  6.7 13 170   M    M   7 8      18 180
 2  79  56  68  18   0   3 0.00  0.0    0  8.3 20 180   M    M   7        23 180
 3  80  56  68  18   0   3    T  0.0    0 11.3 22 190   M    M   7        28 190
 4  84  57  71  22   0   6 0.27  0.0    0 16.1 37  10   M    M   8 1      47 360
 5  58  47  53   4  12   0 0.02  0.0    0 14.7 28  10   M    M   9        35  30
 6  56  46  51   2  14   0 0.00  0.0    0  7.2 14 320   M    M  10        17 330
 7  51  32  42  -7  23   0 0.00  0.0    0 14.5 29  10   M    M   9        33  20
 8  50  22  36 -12  29   0 0.00  0.0    0  4.6 12 310   M    M   2        13 300
 9  61  30  46  -2  19   0 0.00  0.0    0 10.1 21 360   M    M   0        34 340
10  74  33  54   6  11   0 0.00  0.0    0  6.9 14 270   M    M   1        18 290
11  79  37  58  10   7   0 0.00  0.0    0  8.9 20 250   M    M   3        24 260
12  58  41  50   3  15   0 0.00  0.0    0 12.6 28  10   M    M   1        34  20
13  77  34  56   9   9   0 0.00  0.0    0  8.6 18 230   M    M   1        24 220
14  62  42  52   5  13   0 0.00  0.0    0 13.7 23 360   M    M   2        28 350
15  57  36  47   0  18   0 0.00  0.0    0  8.5 14 330   M    M   4        20 340
16  63  38  51   4  14   0 0.73  0.0    0 10.4 24 180   M    M   9 1      29 170
17  53  45  49   3  16   0    T  0.0    0  6.3 14 200   M    M   9 1      17 200
18  54  49  52   6  13   0    T  0.0    0  5.2 10 150   M    M  10 128    13 160
19  61  53  57  11   8   0 2.95  0.0    0  4.2 17  50   M    M  10 123    19  50
20  62  50  56  10   9   0 0.00  0.0    0  5.3 12 220   M    M   6 128    14 280
21  78  47  63  17   2   0 0.00  0.0    0  8.1 18 190   M    M   4 1      21 180
22  66  37  52   6  13   0 0.56  0.0    0 16.1 24 320   M    M  10 13     33 310
23  52  35  44  -2  21   0 0.00  0.0    0  8.2 17 350   M    M   5        22 350
24  47  34  41  -5  24   0 0.00  0.0    0 11.5 29 350   M    M   7 18     35 350
25  48  27  38  -8  27   0 0.00  0.0    0  8.2 18 140   M    M   7        22 140
26  46  38  42  -4  23   0 0.03  0.0    0  9.8 16  30   M    M  10 18     19  30
27  41  34  38  -8  27   0 0.00  0.0    0 12.3 23  10   M    M  10        28  20
28  43  37  40  -6  25   0 0.00  0.0    0  3.9 10  60   M    M  10        12  60
29  49  40  45  -1  20   0 0.00  0.0    0  7.8 18 180   M    M  10        21 180
30  49  35  42  -3  23   0    T  0.0    0 10.4 23 350   M    M  10 18     26 360
31  35  23  29 -16  36   0    T    T    0 16.1 24  10   M    M   9 16     31  10
================================================================================
SM 1847 1237       476  12  4.56    T    296.5          M      207
================================================================================
AV 59.6 39.9                               9.6 FASTST   M    M   7    MAX(MPH)
                                 MISC ---->  # 37  10               # 47  360
================================================================================
NOTES:
# LAST OF SEVERAL OCCURRENCES

COLUMN 17 PEAK WIND IN M.P.H.

PRELIMINARY LOCAL CLIMATOLOGICAL DATA (WS FORM: F-6) , PAGE 2

                                          STATION:  DALLAS FORT WORTH
                                          MONTH:    DECEMBER
                                          YEAR:     2017
                                          LATITUDE:   32 54 N
                                          LONGITUDE:  97  2 W

[TEMPERATURE DATA]      [PRECIPITATION DATA]       SYMBOLS USED IN COLUMN 16

AVERAGE MONTHLY: 49.7   TOTAL FOR MONTH:   4.56    1 = FOG OR MIST
DPTR FM NORMAL:   2.6   DPTR FM NORMAL:    2.01    2 = FOG REDUCING VISIBILITY
HIGHEST:    84 ON  4    GRTST 24HR  2.95 ON 19-19      TO 1/4 MILE OR LESS
LOWEST:     22 ON  8                               3 = THUNDER
                        SNOW, ICE PELLETS, HAIL    4 = ICE PELLETS
                        TOTAL MONTH:    T          5 = HAIL
                        GRTST 24HR    T  ON 31-31  6 = FREEZING RAIN OR DRIZZLE
                        GRTST DEPTH:   0           7 = DUSTSTORM OR SANDSTORM:
                                                       VSBY 1/2 MILE OR LESS
                                                   8 = SMOKE OR HAZE
[NO. OF DAYS WITH]      [WEATHER - DAYS WITH]      9 = BLOWING SNOW
                                                   X = TORNADO
MAX 32 OR BELOW:   0    0.01 INCH OR MORE:   6
MAX 90 OR ABOVE:   0    0.10 INCH OR MORE:   4
MIN 32 OR BELOW:   5    0.50 INCH OR MORE:   3
MIN  0 OR BELOW:   0    1.00 INCH OR MORE:   1

[HDD (BASE 65) ]
TOTAL THIS MO.   476    CLEAR  (SCALE 0-3)   6
DPTR FM NORMAL   -82    PTCLDY (SCALE 4-7)  11
TOTAL FM JUL 1   679    CLOUDY (SCALE 8-10) 14
DPTR FM NORMAL  -233

[CDD (BASE 65) ]
TOTAL THIS MO.    12
DPTR FM NORMAL     8    [PRESSURE DATA]
TOTAL FM JAN 1  3271    HIGHEST SLP 30.69 ON 31
DPTR FM NORMAL   515    LOWEST  SLP 29.74 ON 21

[REMARKS]
EDITED PRECIP ON 12TH AND 14TH
