951
CXUS52 KTAE 240800
CF6DHN
PRELIMINARY LOCAL CLIMATOLOGICAL DATA (WS FORM: F-6)

                                          STATION:   DOTHAN
                                          MONTH:     MAY
                                          YEAR:      2016
                                          LATITUDE:   31 19 N
                                          LONGITUDE:  85 27 W

  TEMPERATURE IN F:       :PCPN:    SNOW:  WIND      :SUNSHINE: SKY     :PK WND
================================================================================
1   2   3   4   5  6A  6B    7    8   9   10  11  12  13   14  15   16   17  18
                                     12Z  AVG MX 2MIN
DY MAX MIN AVG DEP HDD CDD  WTR  SNW DPTH SPD SPD DIR MIN PSBL S-S WX    SPD DR
================================================================================

 1  88  65  77   7   0  12 0.11  0.0    0  4.6 16 150   M    M   5 1      19 150
 2  87  65  76   5   0  11    T  0.0    0  7.8 18 210   M    M   1 1      22 220
 3  83  68  76   5   0  11 0.27  0.0    0  7.6 16 310   M    M   9 13     19 320
 4  76  59  68  -3   0   3    T  0.0    0 11.1 21 330   M    M   2        37 300
 5  74  55  65  -7   0   0    T  0.0    0 13.2 28 330   M    M   1        44 300
 6  76  48  62 -10   3   0 0.00  0.0    0 11.1 26 330   M    M   0 8      31 330
 7  82  49  66  -6   0   1 0.00  0.0    0  7.5 16 300   M    M   0 8      20 300
 8  89  56  73   1   0   8 0.00  0.0    0  7.5 21 210   M    M   0        29 220
 9  84  57  71  -2   0   6 0.00  0.0    0  7.3 21 170   M    M   1        25 200
10  83  61  72  -1   0   7    T  0.0    0  6.7 18 180   M    M   2        23 180
11  89  57  73   0   0   8 0.00  0.0    0  3.5 12 220   M    M   1 12     14 220
12  89  63  76   3   0  11 0.00  0.0    0  7.1 14 220   M    M   2 1      19 240
13  87  65  76   2   0  11 0.00  0.0    0  8.7 17 300   M    M   3        23 320
14  86  54  70  -4   0   5 0.00  0.0    0  8.1 17 290   M    M   0        23 330
15  83  59  71  -3   0   6 0.00  0.0    0  8.8 17  20   M    M   0        22 360
16  85  57  71  -3   0   6 0.00  0.0    0  6.4 14  80   M    M   1        19  70
17  84  69  77   2   0  12 0.61  0.0    0  6.1 22 210   M    M   8 13     27 200
18  87  68  78   3   0  13 0.09  0.0    0  4.4 17 200   M    M   7 123    19 200
19  89  71  80   5   0  15 0.00  0.0    0  6.1 16  30   M    M   6 13     23 250
20  72  66  69  -6   0   4 0.42  0.0    0  6.2 29 260   M    M   7 13     37 270
21  86  66  76   0   0  11 0.00  0.0    0  7.4 18 300   M    M   5 1      24 320
22  83  61  72  -4   0   7 0.00  0.0    0  8.7 20 330   M    M   0        25 340
23  86  58  72  -4   0   7 0.00  0.0    0  3.7 13  30   M    M   0        18 270
================================================================================
SM 1928 1397         3 175  1.50     0.0 169.6          M       61
================================================================================
AV 83.8 60.7                               7.4 FASTST   M    M   3    MAX(MPH)
                                 MISC ---->  # 29 260               # 44  300
================================================================================
NOTES:
# LAST OF SEVERAL OCCURRENCES

COLUMN 17 PEAK WIND IN M.P.H.

PRELIMINARY LOCAL CLIMATOLOGICAL DATA (WS FORM: F-6) , PAGE 2

                                          STATION:  DOTHAN
                                          MONTH:    MAY
                                          YEAR:     2016
                                          LATITUDE:   31 19 N
                                          LONGITUDE:  85 27 W

[TEMPERATURE DATA]      [PRECIPITATION DATA]       SYMBOLS USED IN COLUMN 16

AVERAGE MONTHLY: 72.3   TOTAL FOR MONTH:   1.50    1 = FOG OR MIST
DPTR FM NORMAL:  -1.1   DPTR FM NORMAL:   -0.70    2 = FOG REDUCING VISIBILITY
HIGHEST:    89 ON 19,12 GRTST 24HR  0.61 ON 17-17      TO 1/4 MILE OR LESS
LOWEST:     48 ON  6                               3 = THUNDER
                        SNOW, ICE PELLETS, HAIL    4 = ICE PELLETS
                        TOTAL MONTH:   0.0 INCH    5 = HAIL
                        GRTST 24HR     0.0         6 = FREEZING RAIN OR DRIZZLE
                        GRTST DEPTH:   0           7 = DUSTSTORM OR SANDSTORM:
                                                       VSBY 1/2 MILE OR LESS
                                                   8 = SMOKE OR HAZE
[NO. OF DAYS WITH]      [WEATHER - DAYS WITH]      9 = BLOWING SNOW
                                                   X = TORNADO
MAX 32 OR BELOW:   0    0.01 INCH OR MORE:   5
MAX 90 OR ABOVE:   0    0.10 INCH OR MORE:   4
MIN 32 OR BELOW:   0    0.50 INCH OR MORE:   1
MIN  0 OR BELOW:   0    1.00 INCH OR MORE:   0

[HDD (BASE 65) ]
TOTAL THIS MO.     3    CLEAR  (SCALE 0-3)  15
DPTR FM NORMAL     0    PTCLDY (SCALE 4-7)   7
TOTAL FM JUL 1  1341    CLOUDY (SCALE 8-10)  1
DPTR FM NORMAL  -502

[CDD (BASE 65) ]
TOTAL THIS MO.   175
DPTR FM NORMAL   -22    [PRESSURE DATA]
TOTAL FM JAN 1   341    HIGHEST SLP M ON M
DPTR FM NORMAL    23    LOWEST  SLP 29.77 ON  4

[REMARKS]
