000
CXUS54 KAMA 281015
CF6DHT
PRELIMINARY LOCAL CLIMATOLOGICAL DATA (WS FORM: F-6)

                                          STATION:   DALHART
                                          MONTH:     NOVEMBER
                                          YEAR:      2014
                                          LATITUDE:   36  1 N
                                          LONGITUDE: 102 33 W

  TEMPERATURE IN F:       :PCPN:    SNOW:  WIND      :SUNSHINE: SKY     :PK WND
================================================================================
1   2   3   4   5  6A  6B    7    8   9   10  11  12  13   14  15   16   17  18
                                     12Z  AVG MX 2MIN
DY MAX MIN AVG DEP HDD CDD  WTR  SNW DPTH SPD SPD DIR MIN PSBL S-S WX    SPD DR
================================================================================

 1  70  40  55   5  10   0 0.00  0.0    0 20.2 31 200   M    M   0        39 180
 2  82  43  63  13   2   0 0.06  0.0    0 16.4 37 220   M    M   2 13     48 220
 3  70  44  57   8   8   0 0.01  0.0    0 14.9 26  20   M    M   3 13     33  30
 4  57  38  48  -1  17   0 0.00  0.0    0  9.3 20  10   M    M   0        24  20
 5  67  35  51   2  14   0 0.00  0.0    0  6.2 15  30   M    M   0        19  40
 6  67  34  51   3  14   0 0.00  0.0    0  9.6 20 210   M    M   0        24 210
 7  78  35  57   9   8   0 0.00  0.0    0 13.8 25  50   M    M   0        33  50
 8  65  41  53   6  12   0 0.00  0.0    0 12.1 22 360   M    M   1        28 360
 9  78  30  54   7  11   0 0.00  0.0    0  7.0 15 220   M    M   0        19 220
10  84  26  55   9  10   0 0.00  0.0    0 20.7 44  10   M    M   1 8      55  10
11  34  18  26 -20  39   0 0.00  0.0    0 15.7 36 360   M    M   0        43 360
12  19  14  17 -29  48   0    T    T    0 13.4 20  30   M    M   8 8      23  30
13  22  13  18 -27  47   0    T    T    T  8.7 17  20   M    M   9 8      20  20
14  45  21  33 -12  32   0 0.00  0.0    0 15.5 25 170   M    M   3        32 170
15  70  23  47   3  18   0 0.00  0.0    0 18.9 29  20   M    M   1        36  30
16  31  12  22 -22  43   0 0.01  1.5    T 13.8 28  10   M    M   7        33  10
17  41   5  23 -20  42   0 0.00  0.0    2  9.2 23 230   M    M   0        26 240
18  52  13  33 -10  32   0 0.00  0.0    0  8.6 18 210   M    M   0        22 210
19  53  26  40  -2  25   0 0.00  0.0    0  8.6 14 160   M    M   0        17 330
20  55  25  40  -2  25   0 0.00  0.0    0  7.8 16  20   M    M   0        19  20
21  61  24  43   2  22   0 0.00  0.0    0  7.7 16 190   M    M   0        19 190
22  71  27  49   8  16   0 0.00  0.0    0 10.6 28 220   M    M   0        34 220
23  50  29  40   0  25   0    T    T    0 15.8 43  10   M    M   3 1      55  10
24  51  25  38  -2  27   0 0.00  0.0    0  9.8 23 350   M    M   4        29 350
25  53  22  38  -2  27   0 0.00  0.0    0 12.4 31 220   M    M   0        40 210
26  50  27  39   0  26   0 0.00  0.0    0  9.6 21 360   M    M   0        25 360
27  62  20  41   2  24   0 0.00  0.0    0 11.9 23 210   M    M   0        28 200
================================================================================
SM 1538  710       624   0  0.08     1.5 328.2          M       42
================================================================================
AV 57.0 26.3                              12.2 FASTST   M    M   2    MAX(MPH)
                                 MISC ---->  # 44  10               # 55   10
================================================================================
NOTES:
# LAST OF SEVERAL OCCURRENCES

COLUMN 17 PEAK WIND IN M.P.H.

PRELIMINARY LOCAL CLIMATOLOGICAL DATA (WS FORM: F-6) , PAGE 2

                                          STATION:  DALHART
                                          MONTH:    NOVEMBER
                                          YEAR:     2014
                                          LATITUDE:   36  1 N
                                          LONGITUDE: 102 33 W

[TEMPERATURE DATA]      [PRECIPITATION DATA]       SYMBOLS USED IN COLUMN 16

AVERAGE MONTHLY: 41.6   TOTAL FOR MONTH:   0.08    1 = FOG OR MIST
DPTR FM NORMAL:  -2.9   DPTR FM NORMAL:   -0.46    2 = FOG REDUCING VISIBILITY
HIGHEST:    84 ON 10    GRTST 24HR  0.07 ON  2- 3      TO 1/4 MILE OR LESS
LOWEST:      5 ON 17                               3 = THUNDER
                        SNOW, ICE PELLETS, HAIL    4 = ICE PELLETS
                        TOTAL MONTH:   1.5 INCHES  5 = HAIL
                        GRTST 24HR   1.5 ON 16-16  6 = FREEZING RAIN OR DRIZZLE
                        GRTST DEPTH:   2 ON 17     7 = DUSTSTORM OR SANDSTORM:
                                                       VSBY 1/2 MILE OR LESS
                                                   8 = SMOKE OR HAZE
[NO. OF DAYS WITH]      [WEATHER - DAYS WITH]      9 = BLOWING SNOW
                                                   X = TORNADO
MAX 32 OR BELOW:   3    0.01 INCH OR MORE:   3
MAX 90 OR ABOVE:   0    0.10 INCH OR MORE:   0
MIN 32 OR BELOW:  19    0.50 INCH OR MORE:   0
MIN  0 OR BELOW:   0    1.00 INCH OR MORE:   0

[HDD (BASE 65) ]
TOTAL THIS MO.   624    CLEAR  (SCALE 0-3)  22
DPTR FM NORMAL    72    PTCLDY (SCALE 4-7)   4
TOTAL FM JUL 1   816    CLOUDY (SCALE 8-10)  1
DPTR FM NORMAL   -96

[CDD (BASE 65) ]
TOTAL THIS MO.     0
DPTR FM NORMAL     0    [PRESSURE DATA]
TOTAL FM JAN 1  1411    HIGHEST SLP M ON M
DPTR FM NORMAL   273    LOWEST  SLP 29.33 ON 10

[REMARKS]
