000
CXUS51 KLWX 220620
CF6DMH
PRELIMINARY LOCAL CLIMATOLOGICAL DATA (WS FORM: F-6)

                                          STATION:   BALTIMORE INNER HARBOR MD
                                          MONTH:     AUGUST
                                          YEAR:      2014
                                          LATITUDE:   39 16 N
                                          LONGITUDE:  76 37 W

  TEMPERATURE IN F:       :PCPN:    SNOW:  WIND      :SUNSHINE: SKY     :PK WND
================================================================================
1   2   3   4   5  6A  6B    7    8   9   10  11  12  13   14  15   16   17  18
                                     12Z  AVG MX 2MIN
DY MAX MIN AVG DEP HDD CDD  WTR  SNW DPTH SPD SPD DIR MIN PSBL S-S WX    SPD DR
================================================================================

 1  82  68  75  -5   0  10 0.01    M    M   M   M   M   M    M   M         M  M
 2  79  66  73  -7   0   8 0.12    M    M   M   M   M   M    M   M         M  M
 3  80  67  74  -6   0   9 0.60    M    M   M   M   M   M    M   M         M  M
 4  84  64  74  -6   0   9 0.00    M    M   M   M   M   M    M   M         M  M
 5  87  69  78  -2   0  13 0.00    M    M   M   M   M   M    M   M         M  M
 6  83  70  77  -3   0  12 0.00    M    M   M   M   M   M    M   M         M  M
 7  83  71  77  -3   0  12 0.00    M    M   M   M   M   M    M   M         M  M
 8  84  68  76  -4   0  11 0.00    M    M   M   M   M   M    M   M         M  M
 9  84  70  77  -3   0  12 0.00    M    M   M   M   M   M    M   M         M  M
10  86  70  78  -2   0  13 0.00    M    M   M   M   M   M    M   M         M  M
11  83  71  77  -3   0  12 0.00    M    M   M   M   M   M    M   M         M  M
12  75  68  72  -7   0   7 5.42    M    M   M   M   M   M    M   M         M  M
13  83  68  76  -3   0  11 0.01    M    M   M   M   M   M    M   M         M  M
14  82  62  72  -7   0   7 0.00    M    M   M   M   M   M    M   M         M  M
15  78  62  70  -9   0   5 0.00    M    M   M   M   M   M    M   M         M  M
16  83  65  74  -5   0   9 0.00    M    M   M   M   M   M    M   M         M  M
17  87  69  78  -1   0  13 0.00    M    M   M   M   M   M    M   M         M  M
18  82  70  76  -3   0  11 0.00    M    M   M   M   M   M    M   M         M  M
19  84  71  78  -1   0  13 0.00    M    M   M   M   M   M    M   M         M  M
20  84  73  79   0   0  14 0.00    M    M   M   M   M   M    M   M         M  M
21  87  72  80   1   0  15 0.00    M    M   M   M   M   M    M   M         M  M
================================================================================
SM 1740 1434         0 226  6.16    M        M          M        M
================================================================================
AV 82.9 68.3                                 M FASTST   M    M   4    MAX(MPH)
                                 MISC ---->     M   M                  M    M
================================================================================
NOTES:
# LAST OF SEVERAL OCCURRENCES

COLUMN 17 PEAK WIND IN M.P.H.

PRELIMINARY LOCAL CLIMATOLOGICAL DATA (WS FORM: F-6) , PAGE 2

                                          STATION:  BALTIMORE INNER HARBOR MD
                                          MONTH:    AUGUST
                                          YEAR:     2014
                                          LATITUDE:   39 16 N
                                          LONGITUDE:  76 37 W

[TEMPERATURE DATA]      [PRECIPITATION DATA]       SYMBOLS USED IN COLUMN 16

AVERAGE MONTHLY: 75.6   TOTAL FOR MONTH:   6.16    1 = FOG OR MIST
DPTR FM NORMAL:  -4.0   DPTR FM NORMAL:    3.89    2 = FOG REDUCING VISIBILITY
HIGHEST:    87 ON 21,17 GRTST 24HR  5.43 ON 12-13      TO 1/4 MILE OR LESS
LOWEST:     62 ON 15,14                            3 = THUNDER
                        SNOW, ICE PELLETS, HAIL    4 = ICE PELLETS
                        TOTAL MONTH:    M          5 = HAIL
                        GRTST 24HR    M  ON   M    6 = FREEZING RAIN OR DRIZZLE
                        GRTST DEPTH:  M  ON   M    7 = DUSTSTORM OR SANDSTORM:
                                                       VSBY 1/2 MILE OR LESS
                                                   8 = SMOKE OR HAZE
[NO. OF DAYS WITH]      [WEATHER - DAYS WITH]      9 = BLOWING SNOW
                                                   X = TORNADO
MAX 32 OR BELOW:   0    0.01 INCH OR MORE:   5
MAX 90 OR ABOVE:   0    0.10 INCH OR MORE:   3
MIN 32 OR BELOW:   0    0.50 INCH OR MORE:   2
MIN  0 OR BELOW:   0    1.00 INCH OR MORE:   1

[HDD (BASE 65) ]
TOTAL THIS MO.     0    CLEAR  (SCALE 0-3)   0
DPTR FM NORMAL     0    PTCLDY (SCALE 4-7)   0
TOTAL FM JUL 1     0    CLOUDY (SCALE 8-10)  0
DPTR FM NORMAL     0

[CDD (BASE 65) ]
TOTAL THIS MO.   226
DPTR FM NORMAL   -78    [PRESSURE DATA]
TOTAL FM JAN 1  1106    HIGHEST SLP M ON M
DPTR FM NORMAL  -162    LOWEST  SLP 29.74 ON 13

[REMARKS]
