000
CXUS55 KEAX 230736
CF6DMO
PRELIMINARY LOCAL CLIMATOLOGICAL DATA (WS FORM: F-6)

                                          STATION:   SEDALIA MO
                                          MONTH:     MAY
                                          YEAR:      2015
                                          LATITUDE:   38 42 N
                                          LONGITUDE:  93  6 W

  TEMPERATURE IN F:       :PCPN:    SNOW:  WIND      :SUNSHINE: SKY     :PK WND
================================================================================
1   2   3   4   5  6A  6B    7    8   9   10  11  12  13   14  15   16   17  18
                                     12Z  AVG MX 2MIN
DY MAX MIN AVG DEP HDD CDD  WTR  SNW DPTH SPD SPD DIR MIN PSBL S-S WX    SPD DR
================================================================================

 1  74  41  58  -3   7   0 0.00    M    M  4.6 10  80   M    M   1        14  90
 2  77  49  63   1   2   0 0.00    M    M  6.4 13 210   M    M   4        16 200
 3  83  58  71   9   0   6 0.00    M    M 13.2 25 210   M    M   1        33 200
 4  83  62  73  11   0   8 0.09    M    M  8.4 18 180   M    M   2        24 220
 5  83  61  72  10   0   7    T    M    M  7.4 23 220   M    M   3        30 220
 6  80  61  71   8   0   6 0.02    M    M 13.4 25 190   M    M   5        32 170
 7  81  65  73  10   0   8 0.02    M    M 12.3 26 190   M    M   3        31 180
 8  75  63  69   6   0   4 1.11    M    M  4.1 30 230   M    M   6 1      52 210
 9  72  61  67   3   0   2 0.19    M    M  8.8 16 110   M    M   7 12     22 100
10  76  64  70   6   0   5 0.29    M    M  9.9 23 190   M    M   4 1      29 200
11  67  52  60  -4   5   0 0.07    M    M 11.2 26 210   M    M   2 1      33 200
12  70  47  59  -5   6   0 0.00    M    M  7.8 16 340   M    M   0        22 350
13  75  48  62  -3   3   0 0.00    M    M 10.6 21 120   M    M   2        26 130
14  75  57  66   1   0   1 0.45    M    M 13.2 25 170   M    M   9 1      31 170
15  80  66  73   8   0   8 0.64    M    M  8.7 26 220   M    M   3 18     36 220
16  80  66  73   7   0   8 0.49    M    M 12.4 21 160   M    M   5 18     27 170
17  80  62  71   5   0   6 0.93    M    M 14.7 35 120   M    M   3 18     46 270
18  72  54  63  -3   2   0 0.00    M    M 11.3 22 340   M    M   1        27 340
19  64  46  55 -11  10   0 0.00    M    M  8.9 16  80   M    M   1        23  80
20  55  48  52 -15  13   0 0.71    M    M  9.7 16  30   M    M  10 1      21  40
21  68  46  57 -10   8   0 0.00    M    M  5.8 15 350   M    M   3        20 340
22  70  49  60  -8   5   0    T    M    M  5.0 15 180   M    M   3        27 190
================================================================================
SM 1640 1226        61  69  5.01    M    207.8          M       78
================================================================================
AV 74.5 55.7                               9.4 FASTST   M    M   4    MAX(MPH)
                                 MISC ---->  # 35 120               # 52  210
================================================================================
NOTES:
# LAST OF SEVERAL OCCURRENCES

COLUMN 17 PEAK WIND IN M.P.H.

PRELIMINARY LOCAL CLIMATOLOGICAL DATA (WS FORM: F-6) , PAGE 2

                                          STATION:  SEDALIA MO
                                          MONTH:    MAY
                                          YEAR:     2015
                                          LATITUDE:   38 42 N
                                          LONGITUDE:  93  6 W

[TEMPERATURE DATA]      [PRECIPITATION DATA]       SYMBOLS USED IN COLUMN 16

AVERAGE MONTHLY: 65.1   TOTAL FOR MONTH:   5.01    1 = FOG OR MIST
DPTR FM NORMAL:   0.8   DPTR FM NORMAL:    1.60    2 = FOG REDUCING VISIBILITY
HIGHEST:    83 ON  5, 4 GRTST 24HR  1.42 ON 16-17      TO 1/4 MILE OR LESS
LOWEST:     41 ON  1                               3 = THUNDER
                        SNOW, ICE PELLETS, HAIL    4 = ICE PELLETS
                        TOTAL MONTH:    M          5 = HAIL
                        GRTST 24HR    M  ON   M    6 = FREEZING RAIN OR DRIZZLE
                        GRTST DEPTH:  M  ON   M    7 = DUSTSTORM OR SANDSTORM:
                                                       VSBY 1/2 MILE OR LESS
                                                   8 = SMOKE OR HAZE
[NO. OF DAYS WITH]      [WEATHER - DAYS WITH]      9 = BLOWING SNOW
                                                   X = TORNADO
MAX 32 OR BELOW:   0    0.01 INCH OR MORE:  12
MAX 90 OR ABOVE:   0    0.10 INCH OR MORE:   8
MIN 32 OR BELOW:   0    0.50 INCH OR MORE:   4
MIN  0 OR BELOW:   0    1.00 INCH OR MORE:   1

[HDD (BASE 65) ]
TOTAL THIS MO.    61    CLEAR  (SCALE 0-3)  10
DPTR FM NORMAL   -12    PTCLDY (SCALE 4-7)  10
TOTAL FM JUL 1  4636    CLOUDY (SCALE 8-10)  2
DPTR FM NORMAL    81

[CDD (BASE 65) ]
TOTAL THIS MO.    69
DPTR FM NORMAL    12    [PRESSURE DATA]
TOTAL FM JAN 1    86    HIGHEST SLP  0.00 ON M
DPTR FM NORMAL    -5    LOWEST  SLP  0.00 ON M

[REMARKS]
