000
CXUS53 KDMX 010920
CF6DSM
PRELIMINARY LOCAL CLIMATOLOGICAL DATA (WS FORM: F-6)

                                          STATION:   DES MOINES IA
                                          MONTH:     JULY
                                          YEAR:      2014
                                          LATITUDE:   41 31 N
                                          LONGITUDE:  93 39 W

  TEMPERATURE IN F:       :PCPN:    SNOW:  WIND      :SUNSHINE: SKY     :PK WND
================================================================================
1   2   3   4   5  6A  6B    7    8   9   10  11  12  13   14  15   16   17  18
                                     12Z  AVG MX 2MIN
DY MAX MIN AVG DEP HDD CDD  WTR  SNW DPTH SPD SPD DIR MIN PSBL S-S WX    SPD DR
================================================================================

 1  81  61  71  -5   0   6 0.02  0.0    0 15.3 32 310   M    M   6        38 300
 2  68  57  63 -13   2   0 0.01  0.0    0  9.8 20 320   M    M   7        26 320
 3  79  53  66 -10   0   1 0.00  0.0    0  4.6 15 310   M    M   2        22 350
 4  81  58  70  -6   0   5 0.00  0.0    0  7.8 15 150   M    M   5        19 150
 5  77  63  70  -6   0   5 1.99  0.0    0 11.3 26 110   M    M   9 13     37 120
 6  89  70  80   4   0  15 0.00  0.0    0 11.1 21 230   M    M   7 138    26 230
 7  89  67  78   2   0  13    T  0.0    0  5.3 14 250   M    M   4 8      17 250
 8  83  66  75  -1   0  10 0.00  0.0    0 12.9 25 300   M    M   2 8      31 320
 9  82  61  72  -4   0   7 0.00  0.0    0  5.6 13 280   M    M   1        17 310
10  85  64  75  -1   0  10 0.00  0.0    0 11.4 21 160   M    M   4 8      26 140
11  78  67  73  -3   0   8 0.20  0.0    0  7.3 21 160   M    M   9 138    26 160
12  91  69  80   4   0  15 0.04  0.0    0  6.7 25 320   M    M   9 13     32 320
13  88  66  77   1   0  12    T  0.0    0  6.6 17 330   M    M   5 12     24 330
14  77  59  68  -8   0   3    T  0.0    0 12.8 26 350   M    M   3        34 340
15  74  55  65 -11   0   0 0.00  0.0    0  8.9 17 340   M    M   4 8      22 320
16  77  59  68  -8   0   3 0.00  0.0    0  4.2 10 280   M    M   4        14 310
17  80  59  70  -6   0   5 0.00  0.0    0  4.1 14 190   M    M   3 8      17 180
18  82  62  72  -4   0   7 0.00  0.0    0  7.9 17 180   M    M   7        22 160
19  83  64  74  -2   0   9 0.00  0.0    0  8.6 17 180   M    M   6        24 200
20  86  65  76   0   0  11 0.00  0.0    0 11.7 23 170   M    M   2        28 170
21  93  71  82   6   0  17 0.00  0.0    0 12.8 22 170   M    M   2 8      28 180
22  92  75  84   8   0  19    T  0.0    0 10.9 21 340   M    M   6 8      25 350
23  85  67  76   0   0  11 0.00  0.0    0  8.0 15  50   M    M   3 8      20  70
24  81  64  73  -3   0   8    T  0.0    0  6.8 23 180   M    M   6 8      28 190
25  82  65  74  -2   0   9 0.09  0.0    0 12.2 26 180   M    M   7 3      34 180
26  87  71  79   3   0  14 0.00  0.0    0  5.8 17 150   M    M   5        20 150
27  80  66  73  -3   0   8 0.00  0.0    0 15.1 29 320   M    M   2 1      39 320
28  78  61  70  -6   0   5    T  0.0    0  6.9 15 330   M    M   4        19 330
29  81  57  69  -7   0   4 0.00  0.0    0  5.8 15 320   M    M   2        18 330
30  83  58  71  -5   0   6 0.00  0.0    0  3.8 12 360   M    M   1 8      15  10
31  84  59  72  -4   0   7 0.02  0.0    0  3.7 17 300   M    M   3        20 300
================================================================================
SM 2556 1959         2 253  2.37     0.0 265.7          M      140
================================================================================
AV 82.5 63.2                               8.6 FASTST   M    M   5    MAX(MPH)
                                 MISC ---->  # 32 310               # 39  320
================================================================================
NOTES:
# LAST OF SEVERAL OCCURRENCES

COLUMN 17 PEAK WIND IN M.P.H.

PRELIMINARY LOCAL CLIMATOLOGICAL DATA (WS FORM: F-6) , PAGE 2

                                          STATION:  DES MOINES IA
                                          MONTH:    JULY
                                          YEAR:     2014
                                          LATITUDE:   41 31 N
                                          LONGITUDE:  93 39 W

[TEMPERATURE DATA]      [PRECIPITATION DATA]       SYMBOLS USED IN COLUMN 16

AVERAGE MONTHLY: 72.8   TOTAL FOR MONTH:   2.37    1 = FOG OR MIST
DPTR FM NORMAL:  -3.5   DPTR FM NORMAL:   -2.10    2 = FOG REDUCING VISIBILITY
HIGHEST:    93 ON 21    GRTST 24HR  1.99 ON  5- 5      TO 1/4 MILE OR LESS
LOWEST:     53 ON  3                               3 = THUNDER
                        SNOW, ICE PELLETS, HAIL    4 = ICE PELLETS
                        TOTAL MONTH:   0.0 INCH    5 = HAIL
                        GRTST 24HR     0.0         6 = FREEZING RAIN OR DRIZZLE
                        GRTST DEPTH:   0           7 = DUSTSTORM OR SANDSTORM:
                                                       VSBY 1/2 MILE OR LESS
                                                   8 = SMOKE OR HAZE
[NO. OF DAYS WITH]      [WEATHER - DAYS WITH]      9 = BLOWING SNOW
                                                   X = TORNADO
MAX 32 OR BELOW:   0    0.01 INCH OR MORE:   7
MAX 90 OR ABOVE:   3    0.10 INCH OR MORE:   2
MIN 32 OR BELOW:   0    0.50 INCH OR MORE:   1
MIN  0 OR BELOW:   0    1.00 INCH OR MORE:   1

[HDD (BASE 65) ]
TOTAL THIS MO.     2    CLEAR  (SCALE 0-3)  12
DPTR FM NORMAL     1    PTCLDY (SCALE 4-7)  16
TOTAL FM JUL 1     2    CLOUDY (SCALE 8-10)  3
DPTR FM NORMAL     1

[CDD (BASE 65) ]
TOTAL THIS MO.   253
DPTR FM NORMAL   -96    [PRESSURE DATA]
TOTAL FM JAN 1   640    HIGHEST SLP M ON M
DPTR FM NORMAL    -6    LOWEST  SLP 29.67 ON  7

[REMARKS]
#FINAL-07-14#
