000
CXUS53 KDMX 240920
CF6DSM
PRELIMINARY LOCAL CLIMATOLOGICAL DATA (WS FORM: F-6)

                                          STATION:   DES MOINES IA
                                          MONTH:     DECEMBER
                                          YEAR:      2014
                                          LATITUDE:   41 31 N
                                          LONGITUDE:  93 39 W

  TEMPERATURE IN F:       :PCPN:    SNOW:  WIND      :SUNSHINE: SKY     :PK WND
================================================================================
1   2   3   4   5  6A  6B    7    8   9   10  11  12  13   14  15   16   17  18
                                     12Z  AVG MX 2MIN
DY MAX MIN AVG DEP HDD CDD  WTR  SNW DPTH SPD SPD DIR MIN PSBL S-S WX    SPD DR
================================================================================

 1  18  11  15 -16  50   0 0.00  0.0    0  9.8 24 350   M    M   7        30 350
 2  38  11  25  -5  40   0 0.00  0.0    0  9.3 21 210   M    M   2        26 220
 3  36  22  29  -1  36   0 0.00  0.0    0  8.2 17 350   M    M   6        23 350
 4  35  24  30   0  35   0 0.00  0.0    0  8.8 14 160   M    M   8        18 110
 5  42  33  38   9  27   0    T  0.0    0  5.8 13  10   M    M  10 128    15  20
 6  44  31  38   9  27   0    T  0.0    0  7.3 15  30   M    M   8 18     18  30
 7  39  29  34   6  31   0    T  0.0    0 11.6 21 170   M    M  10 18     24 160
 8  47  30  39  11  26   0    T  0.0    0 15.2 29 310   M    M   8 1      35 310
 9  35  23  29   1  36   0 0.00  0.0    0  7.2 18 350   M    M   9        24 350
10  34  28  31   4  34   0 0.00  0.0    0  6.3 15 160   M    M  10        18 150
11  38  31  35   8  30   0 0.00  0.0    0  4.5 10 160   M    M  10 8      13 160
12  51  33  42  15  23   0 0.00  0.0    0  7.4 15 210   M    M   8 18     18 210
13  57  43  50  24  15   0    T  0.0    0 10.3 16 190   M    M  10 128    21 190
14  58  51  55  29  10   0 0.00  0.0    0 10.9 17 200   M    M  10 18     22 190
15  52  33  43  17  22   0 0.25  0.0    0 11.6 31 320   M    M  10 1      39 320
16  33  18  26   1  39   0    T    T    0 20.1 31 330   M    M  10 6      41 320
17  30  15  23  -2  42   0    T    T    0  6.2 14 340   M    M   5        19 330
18  31  21  26   1  39   0    T    T    0  4.2 10  70   M    M  10        15 110
19  33  28  31   6  34   0    T    T    0  5.8 12 150   M    M  10 168    15 140
20  37  32  35  11  30   0    T    T    T  6.8 10 160   M    M  10 16     13 130
21  44  37  41  17  24   0    T  0.0    0 14.6 23 200   M    M  10 18     32 190
22  43  39  41  17  24   0 0.34    T    0 10.0 20 170   M    M  10 1      24 170
23  40  34  37  13  28   0 0.34  1.0    0  8.8 16 260   M    M  10 1      19 250
================================================================================
SM  915  657       702   0  0.93     1.0 210.7          M      201
================================================================================
AV 39.8 28.6                               9.2 FASTST   M    M   9    MAX(MPH)
                                 MISC ---->  # 31 320               # 41  320
================================================================================
NOTES:
# LAST OF SEVERAL OCCURRENCES

COLUMN 17 PEAK WIND IN M.P.H.

PRELIMINARY LOCAL CLIMATOLOGICAL DATA (WS FORM: F-6) , PAGE 2

                                          STATION:  DES MOINES IA
                                          MONTH:    DECEMBER
                                          YEAR:     2014
                                          LATITUDE:   41 31 N
                                          LONGITUDE:  93 39 W

[TEMPERATURE DATA]      [PRECIPITATION DATA]       SYMBOLS USED IN COLUMN 16

AVERAGE MONTHLY: 34.2   TOTAL FOR MONTH:   0.93    1 = FOG OR MIST
DPTR FM NORMAL:   7.3   DPTR FM NORMAL:   -0.18    2 = FOG REDUCING VISIBILITY
HIGHEST:    58 ON 14    GRTST 24HR  0.45 ON 22-23      TO 1/4 MILE OR LESS
LOWEST:     11 ON  2, 1                            3 = THUNDER
                        SNOW, ICE PELLETS, HAIL    4 = ICE PELLETS
                        TOTAL MONTH:   1.0 INCH    5 = HAIL
                        GRTST 24HR   1.0 ON 23-23  6 = FREEZING RAIN OR DRIZZLE
                        GRTST DEPTH:   T           7 = DUSTSTORM OR SANDSTORM:
                                                       VSBY 1/2 MILE OR LESS
                                                   8 = SMOKE OR HAZE
[NO. OF DAYS WITH]      [WEATHER - DAYS WITH]      9 = BLOWING SNOW
                                                   X = TORNADO
MAX 32 OR BELOW:   3    0.01 INCH OR MORE:   3
MAX 90 OR ABOVE:   0    0.10 INCH OR MORE:   3
MIN 32 OR BELOW:  15    0.50 INCH OR MORE:   0
MIN  0 OR BELOW:   0    1.00 INCH OR MORE:   0

[HDD (BASE 65) ]
TOTAL THIS MO.   702    CLEAR  (SCALE 0-3)   1
DPTR FM NORMAL  -174    PTCLDY (SCALE 4-7)   4
TOTAL FM JUL 1  2019    CLOUDY (SCALE 8-10) 18
DPTR FM NORMAL  -115

[CDD (BASE 65) ]
TOTAL THIS MO.     0
DPTR FM NORMAL     0    [PRESSURE DATA]
TOTAL FM JAN 1  1075    HIGHEST SLP M ON M
DPTR FM NORMAL     9    LOWEST  SLP 29.44 ON M

[REMARKS]
