000
CXUS54 KFWD 190730
CF6DTO
PRELIMINARY LOCAL CLIMATOLOGICAL DATA (WS FORM: F-6)

                                          STATION:   DENTON
                                          MONTH:     FEBRUARY
                                          YEAR:      2018
                                          LATITUDE:   33 12 N
                                          LONGITUDE:  97 12 W

  TEMPERATURE IN F:       :PCPN:    SNOW:  WIND      :SUNSHINE: SKY     :PK WND
================================================================================
1   2   3   4   5  6A  6B    7    8   9   10  11  12  13   14  15   16   17  18
                                     12Z  AVG MX 2MIN
DY MAX MIN AVG DEP HDD CDD  WTR  SNW DPTH SPD SPD DIR MIN PSBL S-S WX    SPD DR
================================================================================

 1  63  40  52   7  13   0 0.00  0.0    0 15.4 29  20   M    M   0        34  20
 2  51  28  40  -5  25   0 0.00  0.0    0  7.4 18  20   M    M   0        22  30
 3  60  38  49   4  16   0 0.00  0.0    0 12.1 29 180   M    M   1        36 180
 4  65  29  47   1  18   0 0.00  0.0    0 10.8 28  10   M    M   4 1      34  10
 5  42  19  31 -15  34   0 0.00  0.0    0  5.9 14 360   M    M   4        18 360
 6  41  29  35 -11  30   0 0.03  0.0    0 10.6 18 360   M    M   8 136    23 360
 7  50  24  37  -9  28   0 0.00  0.0    0 10.3 24  10   M    M   2 1      30 360
 8  59  20  40  -6  25   0 0.00  0.0    0  5.8 14 170   M    M   0        16 170
 9  72  36  54   8  11   0 0.00  0.0    0 11.3 25 200   M    M   2        31 180
10  56  28  42  -4  23   0    T  0.0    0 11.6 22 340   M    M   9 18     27 350
11  40  24  32 -15  33   0 0.00  0.0    0 12.5 22 340   M    M   5        29 340
12  45  23  34 -13  31   0 0.00  0.0    0  8.4 15  50   M    M   3        20  60
13  47  39  43  -4  22   0    T  0.0    0  7.0 15 140   M    M  10 1      18 140
14  80  43  62  15   3   0    T  0.0    0 11.8 26 190   M    M   6 1      32 200
15  81  62  72  25   0   7 0.00  0.0    0 17.7 28 200   M    M   4        34 180
16  68  44  56   8   9   0    T  0.0    0 13.1 28  10   M    M   4 1      36  10
17   M  40   M   M   M   M 0.27  0.0    0  5.6 20 150   M    M   5 13     23 150
18  62  39  51   3  14   0 0.02    M    0  8.8 22 140   M    M   8 1      27 170
================================================================================
SM  982  605       335   7  0.32     0.0 186.1          M       75
================================================================================
AV 57.8 33.6                              10.3 FASTST   M    M   4    MAX(MPH)
                                 MISC ---->  # 29  20               # 36  180
================================================================================
NOTES:
# LAST OF SEVERAL OCCURRENCES

COLUMN 17 PEAK WIND IN M.P.H.

PRELIMINARY LOCAL CLIMATOLOGICAL DATA (WS FORM: F-6) , PAGE 2

                                          STATION:  DENTON
                                          MONTH:    FEBRUARY
                                          YEAR:     2018
                                          LATITUDE:   33 12 N
                                          LONGITUDE:  97 12 W

[TEMPERATURE DATA]      [PRECIPITATION DATA]       SYMBOLS USED IN COLUMN 16

AVERAGE MONTHLY: 45.7   TOTAL FOR MONTH:   0.32    1 = FOG OR MIST
DPTR FM NORMAL:  -0.8   DPTR FM NORMAL:   -1.45    2 = FOG REDUCING VISIBILITY
HIGHEST:    81 ON 15    GRTST 24HR  0.27 ON 17-17      TO 1/4 MILE OR LESS
LOWEST:     19 ON  5                               3 = THUNDER
                        SNOW, ICE PELLETS, HAIL    4 = ICE PELLETS
                        TOTAL MONTH:   0.0 INCH    5 = HAIL
                        GRTST 24HR     0.0         6 = FREEZING RAIN OR DRIZZLE
                        GRTST DEPTH:   0           7 = DUSTSTORM OR SANDSTORM:
                                                       VSBY 1/2 MILE OR LESS
                                                   8 = SMOKE OR HAZE
[NO. OF DAYS WITH]      [WEATHER - DAYS WITH]      9 = BLOWING SNOW
                                                   X = TORNADO
MAX 32 OR BELOW:   0    0.01 INCH OR MORE:   3
MAX 90 OR ABOVE:   0    0.10 INCH OR MORE:   1
MIN 32 OR BELOW:   9    0.50 INCH OR MORE:   0
MIN  0 OR BELOW:   0    1.00 INCH OR MORE:   0

[HDD (BASE 65) ]
TOTAL THIS MO.   335    CLEAR  (SCALE 0-3)   7
DPTR FM NORMAL     1    PTCLDY (SCALE 4-7)   9
TOTAL FM JUL 1  1992    CLOUDY (SCALE 8-10)  2
DPTR FM NORMAL   -94

[CDD (BASE 65) ]
TOTAL THIS MO.     7
DPTR FM NORMAL     7    [PRESSURE DATA]
TOTAL FM JAN 1     9    HIGHEST SLP M ON M
DPTR FM NORMAL     8    LOWEST  SLP 29.78 ON  3

[REMARKS]
