000
CXUS53 KDTX 220800
CF6DTW
PRELIMINARY LOCAL CLIMATOLOGICAL DATA (WS FORM: F-6)

                                          STATION:   DETROIT MI
                                          MONTH:     DECEMBER
                                          YEAR:      2014
                                          LATITUDE:   42 13 N
                                          LONGITUDE:  83 20 W

  TEMPERATURE IN F:       :PCPN:    SNOW:  WIND      :SUNSHINE: SKY     :PK WND
================================================================================
1   2   3   4   5  6A  6B    7    8   9   10  11  12  13   14  15   16   17  18
                                     12Z  AVG MX 2MIN
DY MAX MIN AVG DEP HDD CDD  WTR  SNW DPTH SPD SPD DIR MIN PSBL S-S WX    SPD DR
================================================================================

 1  42  20  31  -4  34   0 0.00  0.0    0 10.5 17 310   M    M   9        23 280
 2  33  21  27  -8  38   0 0.00  0.0    0  8.3 15 200   M    M  10        20 210
 3  40  26  33  -1  32   0    T    T    0 12.8 24 230   M    M   7 18     33 240
 4  33  25  29  -5  36   0 0.00  0.0    0  4.0  8 210   M    M   8         M  M
 5  39  30  35   1  30   0    T  0.0    0  2.9  7 340   M    M  10 18      9 340
 6  41  27  34   1  31   0 0.00  0.0    0 10.6 21 350   M    M   8 8      25 360
 7  35  22  29  -4  36   0 0.00  0.0    0  6.4 10  90   M    M   6        14  60
 8  42  31  37   5  28   0 0.12  0.0    0  6.9 15 180   M    M  10 1      26 210
 9  41  34  38   6  27   0 0.02  0.0    0  8.2 18 320   M    M  10 1      35  70
10  34  22  28  -4  37   0    T    T    0 11.7 20 320   M    M   8        26 340
11  40  20  30  -1  35   0 0.00  0.0    0 11.0 18 280   M    M   5        24 270
12  38  27  33   2  32   0 0.00  0.0    0  7.9 17 280   M    M   8 18     24 280
13  45  33  39   8  26   0 0.00  0.0    0 11.0 17 260   M    M  10 18     23 280
14  53  44  49  19  16   0 0.00  0.0    0  6.8 20 290   M    M  10 8      24 290
15  50  41  46  16  19   0 0.10  0.0    0  6.4 10 120   M    M   9 18     15 130
16  47  39  43  13  22   0 0.33  0.0    0  9.0 23 260   M    M  10 1      28 250
17  39  27  33   4  32   0    T    T    0 15.7 24 260   M    M  10        35 260
18  33  29  31   2  34   0    T    T    0  7.9 17 270   M    M  10 168    25 250
19  30  22  26  -3  39   0    T  0.0    0  5.2  8 250   M    M   8 6      10 250
20  31  21  26  -3  39   0 0.00  0.0    0  1.0  5  20   M    M  10        14  70
21  36  27  32   4  33   0 0.00  0.0    0  3.5 12 150   M    M   9 18     16 150
================================================================================
SM  822  588       656   0  0.57    T    167.7          M      185
================================================================================
AV 39.1 28.0                               8.0 FASTST   M    M   9    MAX(MPH)
                                 MISC ---->  # 24 230               # 35   70
================================================================================
NOTES:
# LAST OF SEVERAL OCCURRENCES

COLUMN 17 PEAK WIND IN M.P.H.

PRELIMINARY LOCAL CLIMATOLOGICAL DATA (WS FORM: F-6) , PAGE 2

                                          STATION:  DETROIT MI
                                          MONTH:    DECEMBER
                                          YEAR:     2014
                                          LATITUDE:   42 13 N
                                          LONGITUDE:  83 20 W

[TEMPERATURE DATA]      [PRECIPITATION DATA]       SYMBOLS USED IN COLUMN 16

AVERAGE MONTHLY: 33.6   TOTAL FOR MONTH:   0.57    1 = FOG OR MIST
DPTR FM NORMAL:   2.1   DPTR FM NORMAL:   -1.12    2 = FOG REDUCING VISIBILITY
HIGHEST:    53 ON 14    GRTST 24HR  0.43 ON 15-16      TO 1/4 MILE OR LESS
LOWEST:     20 ON 11, 1                            3 = THUNDER
                        SNOW, ICE PELLETS, HAIL    4 = ICE PELLETS
                        TOTAL MONTH:    T          5 = HAIL
                        GRTST 24HR    T  ON 18-18  6 = FREEZING RAIN OR DRIZZLE
                        GRTST DEPTH:   0           7 = DUSTSTORM OR SANDSTORM:
                                                       VSBY 1/2 MILE OR LESS
                                                   8 = SMOKE OR HAZE
[NO. OF DAYS WITH]      [WEATHER - DAYS WITH]      9 = BLOWING SNOW
                                                   X = TORNADO
MAX 32 OR BELOW:   2    0.01 INCH OR MORE:   4
MAX 90 OR ABOVE:   0    0.10 INCH OR MORE:   3
MIN 32 OR BELOW:  16    0.50 INCH OR MORE:   0
MIN  0 OR BELOW:   0    1.00 INCH OR MORE:   0

[HDD (BASE 65) ]
TOTAL THIS MO.   656    CLEAR  (SCALE 0-3)   0
DPTR FM NORMAL   -49    PTCLDY (SCALE 4-7)   7
TOTAL FM JUL 1  2033    CLOUDY (SCALE 8-10) 14
DPTR FM NORMAL   113

[CDD (BASE 65) ]
TOTAL THIS MO.     0
DPTR FM NORMAL     0    [PRESSURE DATA]
TOTAL FM JAN 1   704    HIGHEST SLP M ON M
DPTR FM NORMAL   -99    LOWEST  SLP 29.67 ON 16

[REMARKS]
