000
CXUS55 KTWC 240855
CF6DUG
PRELIMINARY LOCAL CLIMATOLOGICAL DATA (WS FORM: F-6)

                                          STATION:   DOUGLAS AZ
                                          MONTH:     MAY
                                          YEAR:      2015
                                          LATITUDE:   31 28 N
                                          LONGITUDE: 109 36 W

  TEMPERATURE IN F:       :PCPN:    SNOW:  WIND      :SUNSHINE: SKY     :PK WND
================================================================================
1   2   3   4   5  6A  6B    7    8   9   10  11  12  13   14  15   16   17  18
                                     12Z  AVG MX 2MIN
DY MAX MIN AVG DEP HDD CDD  WTR  SNW DPTH SPD SPD DIR MIN PSBL S-S WX    SPD DR
================================================================================

 1  89  40  65  -1   0   0 0.00    M    0  5.7 17 190   M    M   0        25 170
 2  87  52  70   4   0   5    T    M    0  7.1 22 250   M    M   1        29 250
 3  83  51  67   1   0   2 0.00    M    0  6.5 20 210   M    M   3        27 150
 4  80  56  68   2   0   3 0.00    M    0 11.6 28 240   M    M   3        36 250
 5  79  44  62  -5   3   0 0.00    M    0  6.8 20 270   M    M   4        28 250
 6  81  44  63  -4   2   0 0.00    M    0  9.3 25 240   M    M   0        31 260
 7  78  51  65  -2   0   0 0.00    M    0 12.3 24 230   M    M   2        33 170
 8  78  46  62  -6   3   0 0.00  0.0    0 15.2 33 240   M    M   0        41 200
 9  75  38  57 -11   8   0 0.00  0.0    0  9.2 23 260   M    M   0        31 260
10  77  35  56 -12   9   0 0.00  0.0    0  7.6 18 340   M    M   0        22 330
11  83  41  62  -6   3   0 0.00  0.0    0  7.1 24 170   M    M   0        30 160
12  76  45  61  -8   4   0 0.00  0.0    0 10.7 26 200   M    M   3        33 200
13  82  44  63  -6   2   0 0.00  0.0    0  8.1 22 170   M    M   1        28 220
14  82  60  71   2   0   6    T  0.0    0 15.3 31 190   M    M   4 3      39 220
15  80  56  68  -2   0   3 0.00  0.0    0 18.5 37 240   M    M   6        46 260
16  76  50  63  -7   2   0 0.00  0.0    0 13.4 25 250   M    M   2        35 250
17  82  43  63  -7   2   0 0.00  0.0    0  7.3 21 250   M    M   0        27 220
18  87  47  67  -3   0   2 0.00  0.0    0 13.4 30 210   M    M   0        38 230
19  83  43  63  -8   2   0 0.00  0.0    0  8.7 20 250   M    M   0        28 210
20  87  40  64  -7   1   0 0.00  0.0    0  8.2 23 200   M    M   0        29 220
21  82  52  67  -4   0   2 0.00  0.0    0 12.7 31 190   M    M   1        39 200
22  83  45  64  -8   1   0 0.00  0.0    0 12.9 30 200   M    M   0        36 180
23  78  43  61 -11   4   0 0.00  0.0    0  7.4 23 260   M    M   0        31 260
================================================================================
SM 1868 1066        46  23    T      0.0 235.0          M       30
================================================================================
AV 81.2 46.3                              10.2 FASTST   M    M   1    MAX(MPH)
                                 MISC ---->  # 37 240               # 46  260
================================================================================
NOTES:
# LAST OF SEVERAL OCCURRENCES

COLUMN 17 PEAK WIND IN M.P.H.

PRELIMINARY LOCAL CLIMATOLOGICAL DATA (WS FORM: F-6) , PAGE 2

                                          STATION:  DOUGLAS AZ
                                          MONTH:    MAY
                                          YEAR:     2015
                                          LATITUDE:   31 28 N
                                          LONGITUDE: 109 36 W

[TEMPERATURE DATA]      [PRECIPITATION DATA]       SYMBOLS USED IN COLUMN 16

AVERAGE MONTHLY: 63.8   TOTAL FOR MONTH:      T    1 = FOG OR MIST
DPTR FM NORMAL:  -5.0   DPTR FM NORMAL:   -0.20    2 = FOG REDUCING VISIBILITY
HIGHEST:    89 ON  1    GRTST 24HR    T  ON 14-14      TO 1/4 MILE OR LESS
LOWEST:     35 ON 10                               3 = THUNDER
                        SNOW, ICE PELLETS, HAIL    4 = ICE PELLETS
                        TOTAL MONTH:   0.0 INCH    5 = HAIL
                        GRTST 24HR     0.0         6 = FREEZING RAIN OR DRIZZLE
                        GRTST DEPTH:   0           7 = DUSTSTORM OR SANDSTORM:
                                                       VSBY 1/2 MILE OR LESS
                                                   8 = SMOKE OR HAZE
[NO. OF DAYS WITH]      [WEATHER - DAYS WITH]      9 = BLOWING SNOW
                                                   X = TORNADO
MAX 32 OR BELOW:   0    0.01 INCH OR MORE:   0
MAX 90 OR ABOVE:   0    0.10 INCH OR MORE:   0
MIN 32 OR BELOW:   0    0.50 INCH OR MORE:   0
MIN  0 OR BELOW:   0    1.00 INCH OR MORE:   0

[HDD (BASE 65) ]
TOTAL THIS MO.    46    CLEAR  (SCALE 0-3)  19
DPTR FM NORMAL    26    PTCLDY (SCALE 4-7)   4
TOTAL FM JUL 1  2265    CLOUDY (SCALE 8-10)  0
DPTR FM NORMAL  -256

[CDD (BASE 65) ]
TOTAL THIS MO.    23
DPTR FM NORMAL   -84    [PRESSURE DATA]
TOTAL FM JAN 1    27    HIGHEST SLP M ON M
DPTR FM NORMAL  -110    LOWEST  SLP 29.63 ON  6

[REMARKS]
