000
CXUS51 KPBZ 270804
CF6DUJ
PRELIMINARY LOCAL CLIMATOLOGICAL DATA (WS FORM: F-6)

                                          STATION:   DUBOIS
                                          MONTH:     MARCH
                                          YEAR:      2017
                                          LATITUDE:   41 10 N
                                          LONGITUDE:  78 54 W

  TEMPERATURE IN F:       :PCPN:    SNOW:  WIND      :SUNSHINE: SKY     :PK WND
================================================================================
1   2   3   4   5  6A  6B    7    8   9   10  11  12  13   14  15   16   17  18
                                     12Z  AVG MX 2MIN
DY MAX MIN AVG DEP HDD CDD  WTR  SNW DPTH SPD SPD DIR MIN PSBL S-S WX    SPD DR
================================================================================

 1  58  39  49  19  16   0 0.53    M    M 18.4 43 260   M    M   9 138    57 250
 2  39  23  31   1  34   0 0.01    M    0 17.4 37 260   M    M   9 18     51 260
 3  26  13  20 -10  45   0 0.02    M    0 12.5 30 260   M    M   8 128    37 320
 4  26  10  18 -13  47   0    T    M    0  9.2 20 290   M    M   6 8      27 290
 5  38   4  21 -10  44   0 0.00    M    M  7.1 14 100   M    M   0        20  90
 6  53  31  42  11  23   0 0.20    M    0  7.2 16 220   M    M   9 18     22 220
 7  54  39  47  15  18   0 0.91    M    0  8.4 14 210   M    M  10 18     23 200
 8  52  35  44  12  21   0 0.04    M    0 19.0 41 250   M    M   4 1      52 260
 9  50  30  40   8  25   0 0.21    M    0 14.1 30 270   M    M   6 1      49 280
10  30  12  21 -12  44   0 0.11    M    0 11.4 32 310   M    M   9 128    40 320
11  20   9  15 -18  50   0    T    M    0 13.0 24 280   M    M   9 8      33 310
12  23  12  18 -15  47   0    T    M    0  8.2 18 270   M    M   8 18     25 290
13  30   8  19 -15  46   0 0.00    M    M  9.9 18 110   M    M   4        25 130
14  28  11  20 -14  45   0 0.04    M    M 12.7 24 310   M    M  10 18     31 300
15  23  11  17 -17  48   0    T    M    0 17.3 31 300   M    M   9 128    43 290
16  30  14  22 -13  43   0    T    M    0 13.9 24 260   M    M   4 8      33 300
17  37  15  26  -9  39   0 0.00  0.0    0  6.5 14 230   M    M   2        18 240
18  39  31  35   0  30   0 0.27    M    M  5.9 13 120   M    M  10 128    17 130
19  35  31  33  -3  32   0    T    M    M  5.5  9 310   M    M  10 12     13 320
20  41  31  36   0  29   0 0.01    M    0  3.2 13 250   M    M  10 18     17 240
21  53  32  43   7  22   0 0.02    M    0  9.5 23 280   M    M   5 18     29 330
22  32  18  25 -12  40   0 0.01    M    0 12.3 23 340   M    M   3 18     32 320
23  45  11  28  -9  37   0 0.00  0.0    0  3.8 13 130   M    M   0        17 140
24  68  34  51  13  14   0 0.04    M    0 11.5 24 250   M    M   3 1      32 220
25  68  47  58  20   7   0 0.00  0.0    0 10.0 21 260   M    M   5        26 280
26  52  42  47   9  18   0 0.20    M    0 13.5 21 130   M    M  10 18     29 110
================================================================================
SM 1050  593       864   0  2.62     0.0 281.4          M      172
================================================================================
AV 40.4 22.8                              10.8 FASTST   M    M   7    MAX(MPH)
                                 MISC ---->  # 43 260               # 57  250
================================================================================
NOTES:
# LAST OF SEVERAL OCCURRENCES

COLUMN 17 PEAK WIND IN M.P.H.

PRELIMINARY LOCAL CLIMATOLOGICAL DATA (WS FORM: F-6) , PAGE 2

                                          STATION:  DUBOIS
                                          MONTH:    MARCH
                                          YEAR:     2017
                                          LATITUDE:   41 10 N
                                          LONGITUDE:  78 54 W

[TEMPERATURE DATA]      [PRECIPITATION DATA]       SYMBOLS USED IN COLUMN 16

AVERAGE MONTHLY: 31.6   TOTAL FOR MONTH:   2.62    1 = FOG OR MIST
DPTR FM NORMAL:  -2.3   DPTR FM NORMAL:   -0.13    2 = FOG REDUCING VISIBILITY
HIGHEST:    68 ON 25,24 GRTST 24HR  0.91 ON  7- 7      TO 1/4 MILE OR LESS
LOWEST:      4 ON  5                               3 = THUNDER
                        SNOW, ICE PELLETS, HAIL    4 = ICE PELLETS
                        TOTAL MONTH:   0.0 INCH    5 = HAIL
                        GRTST 24HR     0.0         6 = FREEZING RAIN OR DRIZZLE
                        GRTST DEPTH:   0           7 = DUSTSTORM OR SANDSTORM:
                                                       VSBY 1/2 MILE OR LESS
                                                   8 = SMOKE OR HAZE
[NO. OF DAYS WITH]      [WEATHER - DAYS WITH]      9 = BLOWING SNOW
                                                   X = TORNADO
MAX 32 OR BELOW:  10    0.01 INCH OR MORE:  15
MAX 90 OR ABOVE:   0    0.10 INCH OR MORE:   7
MIN 32 OR BELOW:  20    0.50 INCH OR MORE:   2
MIN  0 OR BELOW:   0    1.00 INCH OR MORE:   0

[HDD (BASE 65) ]
TOTAL THIS MO.   864    CLEAR  (SCALE 0-3)   4
DPTR FM NORMAL    57    PTCLDY (SCALE 4-7)   8
TOTAL FM JUL 1  4954    CLOUDY (SCALE 8-10) 14
DPTR FM NORMAL  -876

[CDD (BASE 65) ]
TOTAL THIS MO.     0
DPTR FM NORMAL     0    [PRESSURE DATA]
TOTAL FM JAN 1     0    HIGHEST SLP M ON M
DPTR FM NORMAL     0    LOWEST  SLP 29.48 ON  1

[REMARKS]
