000
CXUS53 KFGF 260915
CF6DVL
PRELIMINARY LOCAL CLIMATOLOGICAL DATA (WS FORM: F-6)

                                          STATION:   DEVIL`S LAKE
                                          MONTH:     JULY
                                          YEAR:      2016
                                          LATITUDE:   48  7 N
                                          LONGITUDE:  98 54 W

  TEMPERATURE IN F:       :PCPN:    SNOW:  WIND      :SUNSHINE: SKY     :PK WND
================================================================================
1   2   3   4   5  6A  6B    7    8   9   10  11  12  13   14  15   16   17  18
                                     12Z  AVG MX 2MIN
DY MAX MIN AVG DEP HDD CDD  WTR  SNW DPTH SPD SPD DIR MIN PSBL S-S WX    SPD DR
================================================================================

 1  70  44  57   M   8   0 0.00  0.0    0  8.3 14 140   M    M   1 12     21 170
 2  72  57  65   M   0   0 0.30  0.0    0 10.2 14 140   M    M   8 1       M  M
 3  77  61  69   M   0   4    T  0.0    0 13.9 22 180   M    M   3        38 200
 4  86  63  75   M   0  10 0.64  0.0    0  6.8 12 330   M    M   1 13      M  M
 5  74  58  66   M   0   1 0.03  0.0    0  5.6 10 300   M    M   2         M  M
 6  77  57  67   M   0   2    T  0.0    0  6.0 13  90   M    M   3         M  M
 7  68  60  64   M   1   0 0.64  0.0    0  6.4 13 110   M    M   9 13      M  M
 8  74  56  65   M   0   0 0.00  0.0    0  6.0 12 330   M    M   3 1       M  M
 9  78  59  69   M   0   4 0.15  0.0    0 12.0 20 100   M    M   3 3      28 100
10  83  62  73   M   0   8 0.27  0.0    0  8.3 16 130   M    M   4 13     25 290
11  76  62  69   M   0   4 0.38  0.0    0 12.7 21 230   M    M   4 13     40 230
12  73  62  68   M   0   3    T  0.0    0 23.3 31 250   M    M   5        47 240
13  67  58  63   M   2   0 0.07  0.0    0 19.0 27 270   M    M  10        36 260
14  68  56  62   M   3   0 0.05  0.0    0  9.5 20 320   M    M   7        24 320
15  75  53  64   M   1   0    T  0.0    0  5.0 14  10   M    M   5 12     21  10
16  70  61  66   M   0   1 0.50  0.0    0  7.2 13  90   M    M   8 13      M  M
17  78  57  68   M   0   3 0.01  0.0    0 12.4 22 280   M    M   3        28 280
18  79  56  68   M   0   3    T  0.0    0  6.4 12 120   M    M   1         M  M
19  87  66  77   M   0  12 0.18  0.0    0 12.0 18 170   M    M   1 138    25 170
20  88  68  78   M   0  13 0.18  0.0    0 10.1 16 150   M    M   4 13     23 150
21  86  63  75   M   0  10 0.00  0.0    0  6.5 12 290   M    M   0         M  M
22  83  63  73   M   0   8 0.00  0.0    0  7.3 12 160   M    M   1         M  M
23  77  66  72   M   0   7 0.42  0.0    0  7.1 14 280   M    M   5 3       M  M
24  77  63  70   M   0   5 0.00  0.0    0 15.2 22 280   M    M   0        29 290
25  86  58  72   M   0   7 0.00  0.0    0  6.3 12 160   M    M   0         M  M
================================================================================
SM 1929 1489        15 105  3.82     0.0 243.5          M       91
================================================================================
AV 77.2 59.6                               9.7 FASTST   M    M   4    MAX(MPH)
                                 MISC ---->    31   M                 47    M
================================================================================
NOTES:
# LAST OF SEVERAL OCCURRENCES

COLUMN 17 PEAK WIND IN M.P.H.

PRELIMINARY LOCAL CLIMATOLOGICAL DATA (WS FORM: F-6) , PAGE 2

                                          STATION:  DEVIL`S LAKE
                                          MONTH:    JULY
                                          YEAR:     2016
                                          LATITUDE:   48  7 N
                                          LONGITUDE:  98 54 W

[TEMPERATURE DATA]      [PRECIPITATION DATA]       SYMBOLS USED IN COLUMN 16

AVERAGE MONTHLY: 68.4   TOTAL FOR MONTH:   3.82    1 = FOG OR MIST
DPTR FM NORMAL:     M   DPTR FM NORMAL:       M    2 = FOG REDUCING VISIBILITY
HIGHEST:    88 ON 20    GRTST 24HR  0.64 ON  7- 7      TO 1/4 MILE OR LESS
LOWEST:     44 ON  1                               3 = THUNDER
                        SNOW, ICE PELLETS, HAIL    4 = ICE PELLETS
                        TOTAL MONTH:   0.0 INCH    5 = HAIL
                        GRTST 24HR     0.0         6 = FREEZING RAIN OR DRIZZLE
                        GRTST DEPTH:   0           7 = DUSTSTORM OR SANDSTORM:
                                                       VSBY 1/2 MILE OR LESS
                                                   8 = SMOKE OR HAZE
[NO. OF DAYS WITH]      [WEATHER - DAYS WITH]      9 = BLOWING SNOW
                                                   X = TORNADO
MAX 32 OR BELOW:   0    0.01 INCH OR MORE:  14
MAX 90 OR ABOVE:   0    0.10 INCH OR MORE:  10
MIN 32 OR BELOW:   0    0.50 INCH OR MORE:   3
MIN  0 OR BELOW:   0    1.00 INCH OR MORE:   0

[HDD (BASE 65) ]
TOTAL THIS MO.    15    CLEAR  (SCALE 0-3)  13
DPTR FM NORMAL     M    PTCLDY (SCALE 4-7)   9
TOTAL FM JUL 1    15    CLOUDY (SCALE 8-10)  3
DPTR FM NORMAL     M

[CDD (BASE 65) ]
TOTAL THIS MO.   105
DPTR FM NORMAL     M    [PRESSURE DATA]
TOTAL FM JAN 1   179    HIGHEST SLP M ON M
DPTR FM NORMAL     M    LOWEST  SLP M ON M

[REMARKS]
