000
CXUS53 KFGF 210915
CF6DVL
PRELIMINARY LOCAL CLIMATOLOGICAL DATA (WS FORM: F-6)

                                          STATION:   DEVIL`S LAKE
                                          MONTH:     AUGUST
                                          YEAR:      2017
                                          LATITUDE:   48  7 N
                                          LONGITUDE:  98 54 W

  TEMPERATURE IN F:       :PCPN:    SNOW:  WIND      :SUNSHINE: SKY     :PK WND
================================================================================
1   2   3   4   5  6A  6B    7    8   9   10  11  12  13   14  15   16   17  18
                                     12Z  AVG MX 2MIN
DY MAX MIN AVG DEP HDD CDD  WTR  SNW DPTH SPD SPD DIR MIN PSBL S-S WX    SPD DR
================================================================================

 1  80  58  69   M   0   4 0.00  0.0    0 10.3 17 330   M    M   1        24 350
 2  62  55  59   M   6   0 0.56  0.0    0  5.2 17  50   M    M   8 1       M  M
 3  71  54  63   M   2   0 0.08  0.0    0  8.7 17 340   M    M   4 8       M  M
 4  75  51  63   M   2   0 0.00  0.0    0  4.7 13  10   M    M   1         M  M
 5  75  57  66   M   0   1 0.00  0.0    0  5.4 12  50   M    M   1         M  M
 6  75  51  63   M   2   0 0.00  0.0    0  5.5 10  40   M    M   2         M  M
 7  78  50  64   M   1   0 0.00  0.0    0  4.3 10 250   M    M   0 1      16 240
 8  82  56  69   M   0   4 0.00  0.0    0  7.1 10 140   M    M   1         M  M
 9  74  61  68   M   0   3    T  0.0    0 10.0 16  30   M    M   6 3       M  M
10  76  58  67   M   0   2 0.05  0.0    0  8.4 13  40   M    M   5 1      17  40
11  77  51  64   M   1   0 0.00  0.0    0  2.1  7  70   M    M   4         M  M
12  75  55  65   M   0   0 0.00  0.0    0  6.1 10 160   M    M   2         M  M
13  76  56  66   M   0   1 0.02  0.0    0  5.9 12 110   M    M   5        22 110
14  79  49  64   M   1   0 0.00  0.0    0  4.9 10  70   M    M   1 1      18  70
15  71  56  64   M   1   0 0.65  0.0    0  7.4 14 160   M    M   6 1      18 150
16  74  59  67   M   0   2 0.55  0.0    0  9.0 15 340   M    M   6 1       M  M
17  78  53  66   M   0   1 0.00  0.0    0  3.3  8 310   M    M   3 12      M  M
18  79  58  69   M   0   4 0.00  0.0    0  6.7 15 300   M    M   3         M  M
19  84  58  71   M   0   6 0.00  0.0    M 13.5 23 190   M    M   0        31 180
20  74  52  63   M   2   0 0.00  0.0    0  9.2 15 340   M    M   0        21 330
================================================================================
SM 1515 1098        18  28  1.91     0.0 137.7          M       59
================================================================================
AV 75.8 54.9                               6.9 FASTST   M    M   3    MAX(MPH)
                                 MISC ---->  # 23 190                 31    M
================================================================================
NOTES:
# LAST OF SEVERAL OCCURRENCES

COLUMN 17 PEAK WIND IN M.P.H.

PRELIMINARY LOCAL CLIMATOLOGICAL DATA (WS FORM: F-6) , PAGE 2

                                          STATION:  DEVIL`S LAKE
                                          MONTH:    AUGUST
                                          YEAR:     2017
                                          LATITUDE:   48  7 N
                                          LONGITUDE:  98 54 W

[TEMPERATURE DATA]      [PRECIPITATION DATA]       SYMBOLS USED IN COLUMN 16

AVERAGE MONTHLY: 65.3   TOTAL FOR MONTH:   1.91    1 = FOG OR MIST
DPTR FM NORMAL:     M   DPTR FM NORMAL:       M    2 = FOG REDUCING VISIBILITY
HIGHEST:    84 ON 19    GRTST 24HR  0.65 ON 15-15      TO 1/4 MILE OR LESS
LOWEST:     49 ON 14                               3 = THUNDER
                        SNOW, ICE PELLETS, HAIL    4 = ICE PELLETS
                        TOTAL MONTH:   0.0 INCH    5 = HAIL
                        GRTST 24HR     0.0         6 = FREEZING RAIN OR DRIZZLE
                        GRTST DEPTH:   0           7 = DUSTSTORM OR SANDSTORM:
                                                       VSBY 1/2 MILE OR LESS
                                                   8 = SMOKE OR HAZE
[NO. OF DAYS WITH]      [WEATHER - DAYS WITH]      9 = BLOWING SNOW
                                                   X = TORNADO
MAX 32 OR BELOW:   0    0.01 INCH OR MORE:   6
MAX 90 OR ABOVE:   0    0.10 INCH OR MORE:   3
MIN 32 OR BELOW:   0    0.50 INCH OR MORE:   3
MIN  0 OR BELOW:   0    1.00 INCH OR MORE:   0

[HDD (BASE 65) ]
TOTAL THIS MO.    18    CLEAR  (SCALE 0-3)  12
DPTR FM NORMAL     M    PTCLDY (SCALE 4-7)   8
TOTAL FM JUL 1    29    CLOUDY (SCALE 8-10)  0
DPTR FM NORMAL     M

[CDD (BASE 65) ]
TOTAL THIS MO.    28
DPTR FM NORMAL     M    [PRESSURE DATA]
TOTAL FM JAN 1   292    HIGHEST SLP M ON M
DPTR FM NORMAL     M    LOWEST  SLP M ON M

[REMARKS]
