000
CXUS54 KEWX 270910
CF6DZB
PRELIMINARY LOCAL CLIMATOLOGICAL DATA (WS FORM: F-6)

                                          STATION:   Horseshoe Bay
                                          MONTH:     SEPTEMBER
                                          YEAR:      2016
                                          LATITUDE:   30 31 N
                                          LONGITUDE:  98 22 W

  TEMPERATURE IN F:       :PCPN:    SNOW:  WIND      :SUNSHINE: SKY     :PK WND
================================================================================
1   2   3   4   5  6A  6B    7    8   9   10  11  12  13   14  15   16   17  18
                                     12Z  AVG MX 2MIN
DY MAX MIN AVG DEP HDD CDD  WTR  SNW DPTH SPD SPD DIR MIN PSBL S-S WX    SPD DR
================================================================================

 1  93  70  82   M   0  17    T    M    0  2.1 12 340   M    M   1        22 340
 2  88  73  81   M   0  16    T    M    0  1.4  7  50   M    M   5 13      M  M
 3  91  70  81   M   0  16 0.00  0.0    0  2.7  7 160   M    M   3 1       M  M
 4  92  70  81   M   0  16 0.23  0.0    0  3.4  8 170   M    M   2 1       M  M
 5  91  72  82   M   0  17 0.00  0.0    0  6.2 12 170   M    M   3 3      21 130
 6  93  75  84   M   0  19 0.00  0.0    0  6.8 13 170   M    M   4 3      21 150
 7  93  75  84   M   0  19 0.00  0.0    0  5.6 13 180   M    M   3        20 140
 8  93  73  83   M   0  18 0.00  0.0    0  6.4 12 160   M    M   1        17 170
 9  93  73  83   M   0  18 0.00  0.0    0  6.1 10 170   M    M   0        17 180
10  90  68  79   M   0  14 0.02  0.0    0  4.8 13  30   M    M   1 1      24  50
11  90  65  78   M   0  13 0.00  0.0    0  1.6  5  20   M    M   0         M  M
12  92  66  79   M   0  14 0.00  0.0    0  3.7  9 150   M    M   1         M  M
13  91  70  81   M   0  16 0.00  0.0    0  2.1  6 130   M    M   3         M  M
14  92  70  81   M   0  16 0.00  0.0    0  2.0  9  50   M    M   3         M  M
15  92  68  80   M   0  15 0.00  0.0    0  2.3  8 160   M    M   1         M  M
16  93  71  82   M   0  17 0.00  0.0    0  2.6  8  60   M    M   1         M  M
17  95  70  83   M   0  18 0.00    M    0  1.9  7 160   M    M   0         M  M
18  96  75  86   M   0  21 0.00    M    0  3.2  7 170   M    M   1         M  M
19  97  71  84   M   0  19 0.00    M    0  2.9  8 150   M    M   0         M  M
20  96  70  83   M   0  18 0.00    M    0  2.2  7 140   M    M   0         M  M
21  94  70  82   M   0  17 0.00    M    0  2.7  7 120   M    M   1 1       M  M
22  93  65  79   M   0  14 0.00  0.0    0  3.2  6 150   M    M   3         M  M
23  93  75  84   M   0  19 0.00  0.0    0  6.9 13 160   M    M   3        20 150
24  94  75  85   M   0  20 0.00  0.0    0  7.4 14 140   M    M   3 3      21 140
25  85  69  77   M   0  12 0.33  0.0    0  3.0  8  90   M    M   9 3      18 350
26  72  66  69   M   0   4 0.54  0.0    0  4.0  8  30   M    M  10         M  M
================================================================================
SM 2382 1835         0 423  1.12     0.0  97.2          M       62
================================================================================
AV 91.6 70.6                               3.7 FASTST   M    M   2    MAX(MPH)
                                 MISC ---->    14   M                 24    M
================================================================================
NOTES:
# LAST OF SEVERAL OCCURRENCES

COLUMN 17 PEAK WIND IN M.P.H.

PRELIMINARY LOCAL CLIMATOLOGICAL DATA (WS FORM: F-6) , PAGE 2

                                          STATION:  Horseshoe Bay
                                          MONTH:    SEPTEMBER
                                          YEAR:     2016
                                          LATITUDE:   30 31 N
                                          LONGITUDE:  98 22 W

[TEMPERATURE DATA]      [PRECIPITATION DATA]       SYMBOLS USED IN COLUMN 16

AVERAGE MONTHLY: 81.1   TOTAL FOR MONTH:   1.12    1 = FOG OR MIST
DPTR FM NORMAL:     M   DPTR FM NORMAL:       M    2 = FOG REDUCING VISIBILITY
HIGHEST:    97 ON 19    GRTST 24HR  0.54 ON 26-26      TO 1/4 MILE OR LESS
LOWEST:     65 ON 22,11                            3 = THUNDER
                        SNOW, ICE PELLETS, HAIL    4 = ICE PELLETS
                        TOTAL MONTH:   0.0 INCH    5 = HAIL
                        GRTST 24HR     0.0         6 = FREEZING RAIN OR DRIZZLE
                        GRTST DEPTH:   0           7 = DUSTSTORM OR SANDSTORM:
                                                       VSBY 1/2 MILE OR LESS
                                                   8 = SMOKE OR HAZE
[NO. OF DAYS WITH]      [WEATHER - DAYS WITH]      9 = BLOWING SNOW
                                                   X = TORNADO
MAX 32 OR BELOW:   0    0.01 INCH OR MORE:   4
MAX 90 OR ABOVE:  23    0.10 INCH OR MORE:   3
MIN 32 OR BELOW:   0    0.50 INCH OR MORE:   1
MIN  0 OR BELOW:   0    1.00 INCH OR MORE:   0

[HDD (BASE 65) ]
TOTAL THIS MO.     0    CLEAR  (SCALE 0-3)  20
DPTR FM NORMAL     M    PTCLDY (SCALE 4-7)   4
TOTAL FM JUL 1     0    CLOUDY (SCALE 8-10)  2
DPTR FM NORMAL     M

[CDD (BASE 65) ]
TOTAL THIS MO.   423
DPTR FM NORMAL     M    [PRESSURE DATA]
TOTAL FM JAN 1  2617    HIGHEST SLP M ON M
DPTR FM NORMAL     M    LOWEST  SLP M ON M

[REMARKS]
