000
CXUS53 KGID 230730
CF6EAR
PRELIMINARY LOCAL CLIMATOLOGICAL DATA (WS FORM: F-6)

                                          STATION:   KEARNEY
                                          MONTH:     AUGUST
                                          YEAR:      2014
                                          LATITUDE:   40 43 N
                                          LONGITUDE:  99  0 W

  TEMPERATURE IN F:       :PCPN:    SNOW:  WIND      :SUNSHINE: SKY     :PK WND
================================================================================
1   2   3   4   5  6A  6B    7    8   9   10  11  12  13   14  15   16   17  18
                                     12Z  AVG MX 2MIN
DY MAX MIN AVG DEP HDD CDD  WTR  SNW DPTH SPD SPD DIR MIN PSBL S-S WX    SPD DR
================================================================================

 1  86  57  72  -2   0   7 0.00    M    M  7.4 12  40   M    M   0         M  M
 2  90  57  74   0   0   9 0.01    M    M  8.1 15 180   M    M   0 3      18 170
 3  91  64  78   4   0  13 0.00    M    M  5.3 10 240   M    M   0        16 240
 4  91  64  78   4   0  13 0.00    M    M  8.1 14  70   M    M   2        20  70
 5  91  64  78   4   0  13 0.32    M    M 10.8 18 170   M    M   2 3      24  80
 6  84  66  75   1   0  10 0.02    M    M  8.6 15  40   M    M   4         M  M
 7  84  66  75   1   0  10 0.00    M    M  7.2 13  40   M    M   7        17  40
 8  88  64  76   2   0  11    M    M    M  8.1 15 100   M    M   4 3      21 100
 9  86  61  74   0   0   9    M    M    M 12.1 18  70   M    M   2 3      23 280
10  82  63  73  -1   0   8 0.00    M    M  7.3 14 210   M    M   1        22 210
11  79  59  69  -5   0   4 0.00    M    M  9.1 15 320   M    M   0        18 320
12  81  54  68  -5   0   3 0.00    M    M  4.9  9  80   M    M   1         M  M
13  84  57  71  -2   0   6 0.00    M    M  8.5 16 150   M    M   0        17 130
14  88  63  76   3   0  11 0.00    M    M 12.7 18 130   M    M   1 3      23 130
15  82  66  74   1   0   9 0.03    M    M  7.7 12 180   M    M   3 3       M  M
16  88  64  76   3   0  11 0.00    M    M  3.2  8 350   M    M   3         M  M
17  90  64  77   4   0  12 0.55    M    M  8.1 40 340   M    M   2 3      51 340
18  86  59  73   0   0   8 0.00    M    M  5.4 12 100   M    M   0         M  M
19  88  64  76   4   0  11 0.00    M    M  6.8 14 120   M    M   0        18 120
20  91  70  81   9   0  16 0.10    M    M 10.8 20 130   M    M   1 3      24 130
21  88  66  77   5   0  12 0.12    M    M   M   M   M   M    M   M         M  M
22  88  66  77   5   0  12 0.31    M    M  7.1 16 200   M    M   3 3      33 200
================================================================================
SM 1906 1378         0 218  1.46    M    167.3          M       36
================================================================================
AV 86.6 62.6                               8.0 FASTST   M    M   2    MAX(MPH)
                                 MISC ---->    40   M                 51    M
================================================================================
NOTES:
# LAST OF SEVERAL OCCURRENCES

COLUMN 17 PEAK WIND IN M.P.H.

PRELIMINARY LOCAL CLIMATOLOGICAL DATA (WS FORM: F-6) , PAGE 2

                                          STATION:  KEARNEY
                                          MONTH:    AUGUST
                                          YEAR:     2014
                                          LATITUDE:   40 43 N
                                          LONGITUDE:  99  0 W

[TEMPERATURE DATA]      [PRECIPITATION DATA]       SYMBOLS USED IN COLUMN 16

AVERAGE MONTHLY: 74.6   TOTAL FOR MONTH:   1.46    1 = FOG OR MIST
DPTR FM NORMAL:   1.3   DPTR FM NORMAL:   -0.88    2 = FOG REDUCING VISIBILITY
HIGHEST:    91 ON 20, 5 GRTST 24HR  0.55 ON 17-17      TO 1/4 MILE OR LESS
LOWEST:     54 ON 12                               3 = THUNDER
                        SNOW, ICE PELLETS, HAIL    4 = ICE PELLETS
                        TOTAL MONTH:    M          5 = HAIL
                        GRTST 24HR    M  ON   M    6 = FREEZING RAIN OR DRIZZLE
                        GRTST DEPTH:  M  ON   M    7 = DUSTSTORM OR SANDSTORM:
                                                       VSBY 1/2 MILE OR LESS
                                                   8 = SMOKE OR HAZE
[NO. OF DAYS WITH]      [WEATHER - DAYS WITH]      9 = BLOWING SNOW
                                                   X = TORNADO
MAX 32 OR BELOW:   0    0.01 INCH OR MORE:   8
MAX 90 OR ABOVE:   6    0.10 INCH OR MORE:   5
MIN 32 OR BELOW:   0    0.50 INCH OR MORE:   1
MIN  0 OR BELOW:   0    1.00 INCH OR MORE:   0

[HDD (BASE 65) ]
TOTAL THIS MO.     0    CLEAR  (SCALE 0-3)  17
DPTR FM NORMAL     0    PTCLDY (SCALE 4-7)   4
TOTAL FM JUL 1     6    CLOUDY (SCALE 8-10)  0
DPTR FM NORMAL     1

[CDD (BASE 65) ]
TOTAL THIS MO.   218
DPTR FM NORMAL    30    [PRESSURE DATA]
TOTAL FM JAN 1   777    HIGHEST SLP M ON M
DPTR FM NORMAL    59    LOWEST  SLP M ON M

[REMARKS]
