000
CXUS53 KGID 011249
CF6EAR

PRELIMINARY LOCAL CLIMATOLOGICAL DATA (WS FORM: F-6)

                                          STATION:   KEARNEY
                                          MONTH:     APRIL
                                          YEAR:      2016
                                          LATITUDE:   40 43 N
                                          LONGITUDE:  99  0 W

  TEMPERATURE IN F:       :PCPN:    SNOW:  WIND      :SUNSHINE: SKY     :PK WND
================================================================================
1   2   3   4   5  6A  6B    7    8   9   10  11  12  13   14  15   16   17  18
                                     12Z  AVG MX 2MIN
DY MAX MIN AVG DEP HDD CDD  WTR  SNW DPTH SPD SPD DIR MIN PSBL S-S WX    SPD DR
================================================================================

 1  45  28  37  -6  28   0 0.00    M    M 15.5 30 340   M    M   2        36 340
 2  64  34  49   5  16   0 0.00    M    M 10.4 16 350   M    M   1        21 340
 3  79  37  58  14   7   0 0.00    M    M 13.0 21 280   M    M   1        27 280
 4  64  37  51   7  14   0 0.00    M    M 11.0 17 130   M    M   0        22 130
 5  72  45  59  14   6   0 0.00    M    M 14.6 27 170   M    M   2        32 170
 6  64  43  54   9  11   0 0.00    M    M 19.8 36 320   M    M   4        46 320
 7  63  37  50   4  15   0 0.00    M    M 19.7 38 340   M    M   2        50 340
 8  64  27  46   0  19   0 0.00    M    M 10.0 18  30   M    M   0        27  10
 9  70  28  49   3  16   0 0.00    M    M 16.8 27 170   M    M   0        33 160
10  63  43  53   6  12   0 0.00    M    M 16.7 32 360   M    M   2        39 360
11  57  34  46  -1  19   0 0.00    M    M  9.7 16 360   M    M   3        21 360
12  70  32  51   4  14   0 0.00    M    M 16.6 31 200   M    M   0        37 200
13  75  39  57   9   8   0 0.00    M    M 12.7 18 190   M    M   0        27 190
14  73  46  60  12   5   0 0.00    M    M 17.4 25 150   M    M   2        31 160
15  73  54  64  16   1   0 0.00    M    M 23.9 32 170   M    M   2        39 180
16  61  50  56   7   9   0 2.29    M    M 15.1 22 130   M    M  10 3      29 150
17  57  43  50   1  15   0 1.06    M    M 13.6 22 340   M    M  10        25 120
18  52  39  46  -4  19   0 0.05    M    M 11.3 23  10   M    M  10        27 350
19  55  43  49  -1  16   0 0.01    M    M  5.1 12 210   M    M  10         M  M
20  57  45  51   1  14   0 0.00    M    M  7.5 14 320   M    M   8        20 320
21  72  46  59   8   6   0 0.00    M    M 13.7 22  10   M    M   4        27  10
22  70  39  55   4  10   0 0.00    M    M  6.5 15 150   M    M   0        18 150
23  81  48  65  14   0   0 0.00    M    M 22.5 36 190   M    M   0        47 190
24  77  54  66  14   0   1 0.00    M    M 12.4 22 180   M    M   1        28 180
25  72  45  59   7   6   0 0.00    M    M  8.0 14 310   M    M   0        16 310
26  72  46  59   7   6   0 0.97    M    M 19.1 24  70   M    M   8 3      35  70
27  52  37  45  -8  20   0 0.34    M    M 24.8 32 320   M    M  10        41 310
28  48  37  43 -10  22   0    T    M    M 11.9 21 310   M    M   9        25 340
29  45  39  42 -12  23   0 0.27    M    M 15.1 28  60   M    M   8        36  60
30  45  41  43 -11  22   0 0.19    M    M 13.0 21  60   M    M  10        27  20
================================================================================
SM 1912 1216       379   1  5.18    M    427.4          M      119
================================================================================
AV 63.7 40.5                              14.2 FASTST   M    M   4    MAX(MPH)
                                 MISC ---->  # 38 340               # 50  340
================================================================================
NOTES:
# LAST OF SEVERAL OCCURRENCES

COLUMN 17 PEAK WIND IN M.P.H.

PRELIMINARY LOCAL CLIMATOLOGICAL DATA (WS FORM: F-6) , PAGE 2

                                          STATION:  KEARNEY
                                          MONTH:    APRIL
                                          YEAR:     2016
                                          LATITUDE:   40 43 N
                                          LONGITUDE:  99  0 W

[TEMPERATURE DATA]      [PRECIPITATION DATA]       SYMBOLS USED IN COLUMN 16

AVERAGE MONTHLY: 52.1   TOTAL FOR MONTH:   5.18    1 = FOG OR MIST
DPTR FM NORMAL:   3.4   DPTR FM NORMAL:    2.95    2 = FOG REDUCING VISIBILITY
HIGHEST:    81 ON 23    GRTST 24HR  2.29 ON 16-16      TO 1/4 MILE OR LESS
LOWEST:     27 ON  8                               3 = THUNDER
                        SNOW, ICE PELLETS, HAIL    4 = ICE PELLETS
                        TOTAL MONTH:    M          5 = HAIL
                        GRTST 24HR    M  ON   M    6 = FREEZING RAIN OR DRIZZLE
                        GRTST DEPTH:  M  ON   M    7 = DUSTSTORM OR SANDSTORM:
                                                       VSBY 1/2 MILE OR LESS
                                                   8 = SMOKE OR HAZE
[NO. OF DAYS WITH]      [WEATHER - DAYS WITH]      9 = BLOWING SNOW
                                                   X = TORNADO
MAX 32 OR BELOW:   0    0.01 INCH OR MORE:   8
MAX 90 OR ABOVE:   0    0.10 INCH OR MORE:   6
MIN 32 OR BELOW:   4    0.50 INCH OR MORE:   3
MIN  0 OR BELOW:   0    1.00 INCH OR MORE:   2

[HDD (BASE 65) ]
TOTAL THIS MO.   379    CLEAR  (SCALE 0-3)  17
DPTR FM NORMAL  -117    PTCLDY (SCALE 4-7)   3
TOTAL FM JUL 1     M    CLOUDY (SCALE 8-10) 10
DPTR FM NORMAL     M

[CDD (BASE 65) ]
TOTAL THIS MO.     1
DPTR FM NORMAL    -6    [PRESSURE DATA]
TOTAL FM JAN 1     M    HIGHEST SLP M ON M
DPTR FM NORMAL     M    LOWEST  SLP M ON M

[REMARKS]
#FINAL-04-16#
