000
CXUS52 KTAE 220800
CF6ECP
PRELIMINARY LOCAL CLIMATOLOGICAL DATA (WS FORM: F-6)

                                          STATION:   PANAMA CITY NW
                                          MONTH:     FEBRUARY
                                          YEAR:      2018
                                          LATITUDE:   30 21 N
                                          LONGITUDE:  85 48 W

  TEMPERATURE IN F:       :PCPN:    SNOW:  WIND      :SUNSHINE: SKY     :PK WND
================================================================================
1   2   3   4   5  6A  6B    7    8   9   10  11  12  13   14  15   16   17  18
                                     12Z  AVG MX 2MIN
DY MAX MIN AVG DEP HDD CDD  WTR  SNW DPTH SPD SPD DIR MIN PSBL S-S WX    SPD DR
================================================================================

 1  64  40  52   M  13   0 0.00  0.0    0  7.4 16 140   M    M   7        22 140
 2  61  38  50   M  15   0 0.00  0.0    0 10.6 23  10   M    M   6 12     32  10
 3  61  34  48   M  17   0    T  0.0    0  6.0 15  60   M    M   2        28  90
 4  73  52  63   M   2   0 0.46  0.0    0 10.5 31 170   M    M   6 18     38 140
 5  73  42  58   M   7   0 0.00  0.0    0  3.0 10  30   M    M   0 1      24  90
 6  73  46  60   M   5   0 0.01  0.0    0  5.4 14 170   M    M   3 1      16 190
 7  77  60  69   M   0   4 0.72  0.0    0  9.1 22 190   M    M   9 1238   27 190
 8  69  49  59   M   6   0 0.00  0.0    0 10.3 21 360   M    M   3 1      27 340
 9  66  49  58   M   7   0 0.00  0.0    0  5.6 12 110   M    M   8 1      22  50
10  75  58  67   M   0   2    T  0.0    0  9.8 23 150   M    M   8 1      33 130
11  70  64  67   M   0   2 6.30  0.0    0  6.6 17 140   M    M  10 13     24 140
12  70  62  66   M   0   1 0.98  0.0    0  5.7 15 100   M    M   7 1      34 210
13  79  61  70   M   0   5 0.00  0.0    0  8.5 15  50   M    M   9 1      22 220
14  71  60  66   M   0   1 0.00  0.0    0  5.1 12  40   M    M  10 1      15  30
15  74  63  69   M   0   4 0.00  0.0    0  6.7 15 190   M    M  10 12     34 230
16  81  61  71   M   0   6    T  0.0    0  8.5 23 230   M    M   6 1       M 260
17  78  64  71   M   0   6    T  0.0    0  7.2 20 180   M    M   8 12     25 170
18  80  59  70   M   0   5    T  0.0    0  3.6 15  90   M    M   4 12     21  30
19  81  61  71   M   0   6 0.00  0.0    0  7.2 20 140   M    M   4 12     28 150
20  80  61  71   M   0   6    T  0.0    0  8.9 24 150   M    M   5 1      32 140
21  80  65  73   M   0   8    T  0.0    0  8.7 25 150   M    M   4 1      32 150
================================================================================
SM 1536 1149        72  56  8.47     0.0 154.4          M      129
================================================================================
AV 73.1 54.7                               7.4 FASTST   M    M   6    MAX(MPH)
                                 MISC ---->  # 31 170               # 38  140
================================================================================
NOTES:
# LAST OF SEVERAL OCCURRENCES

COLUMN 17 PEAK WIND IN M.P.H.

PRELIMINARY LOCAL CLIMATOLOGICAL DATA (WS FORM: F-6) , PAGE 2

                                          STATION:  PANAMA CITY NW
                                          MONTH:    FEBRUARY
                                          YEAR:     2018
                                          LATITUDE:   30 21 N
                                          LONGITUDE:  85 48 W

[TEMPERATURE DATA]      [PRECIPITATION DATA]       SYMBOLS USED IN COLUMN 16

AVERAGE MONTHLY: 63.9   TOTAL FOR MONTH:   8.47    1 = FOG OR MIST
DPTR FM NORMAL:     M   DPTR FM NORMAL:       M    2 = FOG REDUCING VISIBILITY
HIGHEST:    81 ON 19,16 GRTST 24HR  6.30 ON 11-11      TO 1/4 MILE OR LESS
LOWEST:     34 ON  3                               3 = THUNDER
                        SNOW, ICE PELLETS, HAIL    4 = ICE PELLETS
                        TOTAL MONTH:   0.0 INCH    5 = HAIL
                        GRTST 24HR     0.0         6 = FREEZING RAIN OR DRIZZLE
                        GRTST DEPTH:   0           7 = DUSTSTORM OR SANDSTORM:
                                                       VSBY 1/2 MILE OR LESS
                                                   8 = SMOKE OR HAZE
[NO. OF DAYS WITH]      [WEATHER - DAYS WITH]      9 = BLOWING SNOW
                                                   X = TORNADO
MAX 32 OR BELOW:   0    0.01 INCH OR MORE:   5
MAX 90 OR ABOVE:   0    0.10 INCH OR MORE:   4
MIN 32 OR BELOW:   0    0.50 INCH OR MORE:   3
MIN  0 OR BELOW:   0    1.00 INCH OR MORE:   1

[HDD (BASE 65) ]
TOTAL THIS MO.    72    CLEAR  (SCALE 0-3)   4
DPTR FM NORMAL     M    PTCLDY (SCALE 4-7)  11
TOTAL FM JUL 1  1083    CLOUDY (SCALE 8-10)  6
DPTR FM NORMAL     M

[CDD (BASE 65) ]
TOTAL THIS MO.    56
DPTR FM NORMAL     M    [PRESSURE DATA]
TOTAL FM JAN 1    63    HIGHEST SLP M ON M
DPTR FM NORMAL     M    LOWEST  SLP 29.88 ON  4

[REMARKS]
