000
CXUS55 KGJT 011000
CF6EEO
PRELIMINARY LOCAL CLIMATOLOGICAL DATA (WS FORM: F-6)

                                          STATION:   MEEKER CO
                                          MONTH:     APRIL
                                          YEAR:      2016
                                          LATITUDE:   40  2 N
                                          LONGITUDE: 107 53 W

  TEMPERATURE IN F:       :PCPN:    SNOW:  WIND      :SUNSHINE: SKY     :PK WND
================================================================================
1   2   3   4   5  6A  6B    7    8   9   10  11  12  13   14  15   16   17  18
                                     12Z  AVG MX 2MIN
DY MAX MIN AVG DEP HDD CDD  WTR  SNW DPTH SPD SPD DIR MIN PSBL S-S WX    SPD DR
================================================================================

 1  46  19  33  -6  32   0 0.00    M    M  4.7 16  40   M    M   4        20  40
 2  57  21  39  -1  26   0 0.00    M    M  3.8 16 270   M    M   1        19 280
 3  63  27  45   5  20   0 0.00    M    M  4.6 21 240   M    M   2        29 290
 4  67  31  49   9  16   0 0.00    M    M  7.6 23 230   M    M   4        29 220
 5  53  26  40   0  25   0 0.01    M    M  7.1 28 360   M    M   6 8      36 340
 6  62  21  42   2  23   0 0.00    M    M  5.0 16 270   M    M   0        22 270
 7  68  27  48   8  17   0 0.00    M    M  5.0 18  30   M    M   0        26  40
 8  72  28  50   9  15   0 0.00    M    M  4.1 13 230   M    M   1        19 290
 9  58  41  50   9  15   0 0.07    M    M  6.3 29 190   M    M   9        36 190
10  62  38  50   9  15   0 0.02    M    M  8.7 22 290   M    M   8 3      29 300
11  62  33  48   7  17   0 0.02    M    M  4.6 20  30   M    M   5        26  30
12  64  34  49   8  16   0    T    M    M  5.5 22 230   M    M   4 3      28 230
13  68  32  50   8  15   0 0.05    M    M  5.6 21 250   M    M   2        27 220
14  68  33  51   9  14   0 0.27    M    M 13.2 39 330   M    M   5 1      54 330
15  41  32  37  -5  28   0 0.34    M    M  5.7 25  20   M    M  10 1      33  10
16  38  33  36  -6  29   0    T    M    M 13.7 28  20   M    M  10 1      34  10
17  44  31  38  -4  27   0    T    M    M 11.7 24  20   M    M   9        32  10
18  45  29  37  -6  28   0    T    M    M  6.2 16  50   M    M   9        23  20
19  46  24  35  -8  30   0 0.03    M    M  2.3 15 270   M    M   7 8      20 290
20  62  34  48   5  17   0 0.02    M    M  4.5 14 280   M    M   5        17 300
21  69  30  50   7  15   0 0.00    M    M  3.8 12 210   M    M   0        15 100
22  76  32  54  10  11   0 0.00    M    M  9.9 31 220   M    M   0        39 220
23  68  39  54  10  11   0 0.09    M    M 15.6 38 180   M    M   3 38     56 170
24  58  37  48   4  17   0 0.01    M    M  4.3 21 240   M    M   8        26 250
25  65  34  50   6  15   0 0.23    M    M  8.6 29 190   M    M   4 1      38 200
26  44  34  39  -6  26   0 0.19    M    M  5.5 20 250   M    M   9 1      25 200
27  54  34  44  -1  21   0 0.01    M    M  5.5 22 270   M    M   5 1      27 270
28  52  33  43  -2  22   0 0.23    M    M  6.3 32 240   M    M   8 13     37 240
29  51  34  43  -3  22   0 0.16    M    M  4.8 22 280   M    M   8 1      32 290
30  46  33  40  -6  25   0 0.05    M    M  7.5 23  30   M    M   7 1      29  30
================================================================================
SM 1729  934       610   0  1.80    M    201.7          M      153
================================================================================
AV 57.6 31.1                               6.7 FASTST   M    M   5    MAX(MPH)
                                 MISC ---->  # 39 330               # 56  170
================================================================================
NOTES:
# LAST OF SEVERAL OCCURRENCES

COLUMN 17 PEAK WIND IN M.P.H.

PRELIMINARY LOCAL CLIMATOLOGICAL DATA (WS FORM: F-6) , PAGE 2

                                          STATION:  MEEKER CO
                                          MONTH:    APRIL
                                          YEAR:     2016
                                          LATITUDE:   40  2 N
                                          LONGITUDE: 107 53 W

[TEMPERATURE DATA]      [PRECIPITATION DATA]       SYMBOLS USED IN COLUMN 16

AVERAGE MONTHLY: 44.4   TOTAL FOR MONTH:   1.80    1 = FOG OR MIST
DPTR FM NORMAL:   2.1   DPTR FM NORMAL:    0.28    2 = FOG REDUCING VISIBILITY
HIGHEST:    76 ON 22    GRTST 24HR  0.61 ON 14-15      TO 1/4 MILE OR LESS
LOWEST:     19 ON  1                               3 = THUNDER
                        SNOW, ICE PELLETS, HAIL    4 = ICE PELLETS
                        TOTAL MONTH:    M          5 = HAIL
                        GRTST 24HR    M  ON   M    6 = FREEZING RAIN OR DRIZZLE
                        GRTST DEPTH:  M  ON   M    7 = DUSTSTORM OR SANDSTORM:
                                                       VSBY 1/2 MILE OR LESS
                                                   8 = SMOKE OR HAZE
[NO. OF DAYS WITH]      [WEATHER - DAYS WITH]      9 = BLOWING SNOW
                                                   X = TORNADO
MAX 32 OR BELOW:   0    0.01 INCH OR MORE:  17
MAX 90 OR ABOVE:   0    0.10 INCH OR MORE:   6
MIN 32 OR BELOW:  15    0.50 INCH OR MORE:   0
MIN  0 OR BELOW:   0    1.00 INCH OR MORE:   0

[HDD (BASE 65) ]
TOTAL THIS MO.   610    CLEAR  (SCALE 0-3)   9
DPTR FM NORMAL   -71    PTCLDY (SCALE 4-7)  15
TOTAL FM JUL 1  7076    CLOUDY (SCALE 8-10)  6
DPTR FM NORMAL  -337

[CDD (BASE 65) ]
TOTAL THIS MO.     0
DPTR FM NORMAL     0    [PRESSURE DATA]
TOTAL FM JAN 1     0    HIGHEST SLP 30.52 ON  6
DPTR FM NORMAL     0    LOWEST  SLP 29.42 ON 25

[REMARKS]
#FINAL-04-16#
