000
CXUS54 KBMX 161216
CF6EET
PRELIMINARY LOCAL CLIMATOLOGICAL DATA (WS FORM: F-6)

                                          STATION:   SHELBY COUNTY AIRPORT
                                          MONTH:     APRIL
                                          YEAR:      2014
                                          LATITUDE:   33 10 N
                                          LONGITUDE:  86 47 W

  TEMPERATURE IN F:       :PCPN:    SNOW:  WIND      :SUNSHINE: SKY     :PK WND
================================================================================
1   2   3   4   5  6A  6B    7    8   9   10  11  12  13   14  15   16   17  18
                                     12Z  AVG MX 2MIN
DY MAX MIN AVG DEP HDD CDD  WTR  SNW DPTH SPD SPD DIR MIN PSBL S-S WX    SPD DR
================================================================================

 1  81  50  66   7   0   1    T  0.0    0  3.5 14 200   M    M   3        19 170
 2  80  54  67   8   0   2 0.00  0.0    0  5.5 13 180   M    M   4 1      20 190
 3  83  63  73  13   0   8 0.00  0.0    0  8.0 17 180   M    M   5 1      24 160
 4  67  56  62   2   3   0 0.58  0.0    0  7.3 25 160   M    M   8 13     37 310
 5  68  50  59  -1   6   0 0.00  0.0    0  4.9 13 310   M    M   2        17 310
 6  62  49  56  -4   9   0 1.69  0.0    0  5.6 16 300   M    M   9 13     22 120
 7  71  50  61   1   4   0 2.19  0.0    0  7.6 20 300   M    M   8 13     24 300
 8  66  44  55  -6  10   0    T  0.0    0  6.2 15 280   M    M   5 1      22 290
 9  70  48  59  -2   6   0 0.01  0.0    0  6.3 17 300   M    M   2        23 310
10  77  45  61   0   4   0 0.00  0.0    0  4.6 15 170   M    M   0        21 170
11  75  50  63   2   2   0 0.00  0.0    0  4.1 12 170   M    M   1 18     19 160
12  82  53  68   6   0   3 0.00  0.0    0  4.3 15 160   M    M   0 18     22 160
13  82  56  69   7   0   4 0.00  0.0    0  8.2 20 170   M    M   1        29 170
14  69  60  65   3   0   0 1.84  0.0    0  5.2 15 160   M    M   7 13     20 160
15  61  41  51 -11  14   0 0.14  0.0    0 10.7 23 320   M    M   7 18     33 310
================================================================================
SM 1094  769        58  18  6.45     0.0  92.0          M       62
================================================================================
AV 72.9 51.3                               6.1 FASTST   M    M   4    MAX(MPH)
                                 MISC ---->  # 25 160               # 37  310
================================================================================
NOTES:
# LAST OF SEVERAL OCCURRENCES

COLUMN 17 PEAK WIND IN M.P.H.

PRELIMINARY LOCAL CLIMATOLOGICAL DATA (WS FORM: F-6) , PAGE 2

                                          STATION:  SHELBY COUNTY AIRPORT
                                          MONTH:    APRIL
                                          YEAR:     2014
                                          LATITUDE:   33 10 N
                                          LONGITUDE:  86 47 W

[TEMPERATURE DATA]      [PRECIPITATION DATA]       SYMBOLS USED IN COLUMN 16

AVERAGE MONTHLY: 62.1   TOTAL FOR MONTH:   6.45    1 = FOG OR MIST
DPTR FM NORMAL:   1.4   DPTR FM NORMAL:    4.48    2 = FOG REDUCING VISIBILITY
HIGHEST:    83 ON  3    GRTST 24HR  3.85 ON  6- 7      TO 1/4 MILE OR LESS
LOWEST:     41 ON 15                               3 = THUNDER
                        SNOW, ICE PELLETS, HAIL    4 = ICE PELLETS
                        TOTAL MONTH:   0.0 INCH    5 = HAIL
                        GRTST 24HR     0.0         6 = FREEZING RAIN OR DRIZZLE
                        GRTST DEPTH:   0           7 = DUSTSTORM OR SANDSTORM:
                                                       VSBY 1/2 MILE OR LESS
                                                   8 = SMOKE OR HAZE
[NO. OF DAYS WITH]      [WEATHER - DAYS WITH]      9 = BLOWING SNOW
                                                   X = TORNADO
MAX 32 OR BELOW:   0    0.01 INCH OR MORE:   6
MAX 90 OR ABOVE:   0    0.10 INCH OR MORE:   5
MIN 32 OR BELOW:   0    0.50 INCH OR MORE:   4
MIN  0 OR BELOW:   0    1.00 INCH OR MORE:   3

[HDD (BASE 65) ]
TOTAL THIS MO.    58    CLEAR  (SCALE 0-3)   6
DPTR FM NORMAL   -26    PTCLDY (SCALE 4-7)   8
TOTAL FM JUL 1  2680    CLOUDY (SCALE 8-10)  1
DPTR FM NORMAL   158

[CDD (BASE 65) ]
TOTAL THIS MO.    18
DPTR FM NORMAL    -3    [PRESSURE DATA]
TOTAL FM JAN 1    22    HIGHEST SLP M ON M
DPTR FM NORMAL   -16    LOWEST  SLP 29.64 ON  7

[REMARKS]
