000
CXUS51 KRLX 301400
CF6EKN
PRELIMINARY LOCAL CLIMATOLOGICAL DATA (WS FORM: F-6)

                                          STATION:   ELKINS WV
                                          MONTH:     AUGUST
                                          YEAR:      2014
                                          LATITUDE:   38 52 N
                                          LONGITUDE:  79 51 W

  TEMPERATURE IN F:       :PCPN:    SNOW:  WIND      :SUNSHINE: SKY     :PK WND
================================================================================
1   2   3   4   5  6A  6B    7    8   9   10  11  12  13   14  15   16   17  18
                                     12Z  AVG MX 2MIN
DY MAX MIN AVG DEP HDD CDD  WTR  SNW DPTH SPD SPD DIR MIN PSBL S-S WX    SPD DR
================================================================================

 1  77  54  66  -4   0   1 0.00  0.0    0  2.7 14 140   M    M   5 12     21 130
 2  81  52  67  -3   0   2 0.55  0.0    0  1.3  7 290   M    M   4 12      M  M
 3  76  60  68  -2   0   3    T  0.0    0  2.8 13 300   M    M   6 128    15 290
 4  80  56  68  -2   0   3 0.00  0.0    0  1.8 10 340   M    M   5 128    14 350
 5  83  60  72   2   0   7 0.01  0.0    0  2.3 12 310   M    M   5 18     16 330
 6  79  59  69  -1   0   4 0.26  0.0    0  2.8 17  10   M    M   7 18     23 360
 7  75  54  65  -5   0   0 0.00  0.0    0  2.5 12 290   M    M   5 18     17 310
 8  78  53  66  -4   0   1 0.00  0.0    0  1.6  9 220   M    M   7 128    12 210
 9  79  60  70   0   0   5 0.00  0.0    0  3.4 12 200   M    M   5 128    17 170
10  80  55  68  -2   0   3 0.00  0.0    0  4.4 14 190   M    M   5 1      20 180
11  70  64  67  -3   0   2 0.59  0.0    0  6.5 14 170   M    M   9 1      21 200
12  81  64  73   3   0   8 0.51  0.0    0  6.3 18 280   M    M   6 1      26 280
13  68  52  60 -10   5   0    T  0.0    0  6.1 15 310   M    M   8 1      19 290
14  73  50  62  -8   3   0 0.00  0.0    0  4.3 18 280   M    M   4 1      23 280
15  72  48  60  -9   5   0 0.00  0.0    0  3.7 16 290   M    M   3 12     22 300
16  77  43  60  -9   5   0 0.00  0.0    0  2.2 13 290   M    M   5 12     18 270
17  77  60  69   0   0   4 0.20  0.0    0  2.5 13 250   M    M   8 18     18 240
18  83  59  71   2   0   6 0.06  0.0    0  1.4 13 150   M    M   7 128    16 160
19  81  62  72   3   0   7 0.02  0.0    0  1.5 10 350   M    M   7 128    15 340
20  82  60  71   2   0   6 0.01  0.0    0  2.3 14 260   M    M   5 12     21 250
21  78  61  70   1   0   5 0.07  0.0    0  1.3 10 250   M    M   7 18     14 290
22  79  67  73   4   0   8 0.27  0.0    0  1.4  8 310   M    M   8 1      12 280
23  82  65  74   5   0   9 0.04  0.0    0  2.2 12 310   M    M   7 1      14 320
24  80  58  69   1   0   4 0.00  0.0    0  3.6  9 150   M    M   6        14  70
25  80  53  67  -1   0   2 0.00  0.0    0  1.9 12  10   M    M   2 12     14  10
26  82  49  66  -2   0   1 0.00  0.0    0  1.7  9 340   M    M   1 12     14 320
27  84  52  68   0   0   3 0.12  0.0    0  2.1 10 340   M    M   3 12     14 340
28  77  54  66  -2   0   1    T  0.0    0  3.5 12 290   M    M   4 1      15 300
29  83  53  68   0   0   3 0.00  0.0    0  1.0 10  10   M    M   4 12     13 350
================================================================================
SM 2277 1637        18  98  2.71     0.0  81.1          M      158
================================================================================
AV 78.5 56.4                               2.8 FASTST   M    M   5    MAX(MPH)
                                 MISC ---->  # 18 280               # 26  280
================================================================================
NOTES:
# LAST OF SEVERAL OCCURRENCES

COLUMN 17 PEAK WIND IN M.P.H.

PRELIMINARY LOCAL CLIMATOLOGICAL DATA (WS FORM: F-6) , PAGE 2

                                          STATION:  ELKINS WV
                                          MONTH:    AUGUST
                                          YEAR:     2014
                                          LATITUDE:   38 52 N
                                          LONGITUDE:  79 51 W

[TEMPERATURE DATA]      [PRECIPITATION DATA]       SYMBOLS USED IN COLUMN 16

AVERAGE MONTHLY: 67.5   TOTAL FOR MONTH:   2.71    1 = FOG OR MIST
DPTR FM NORMAL:  -1.8   DPTR FM NORMAL:   -0.91    2 = FOG REDUCING VISIBILITY
HIGHEST:    84 ON 27    GRTST 24HR  0.77 ON 11-12      TO 1/4 MILE OR LESS
LOWEST:     43 ON 16                               3 = THUNDER
                        SNOW, ICE PELLETS, HAIL    4 = ICE PELLETS
                        TOTAL MONTH:   0.0 INCH    5 = HAIL
                        GRTST 24HR     0.0         6 = FREEZING RAIN OR DRIZZLE
                        GRTST DEPTH:   0           7 = DUSTSTORM OR SANDSTORM:
                                                       VSBY 1/2 MILE OR LESS
                                                   8 = SMOKE OR HAZE
[NO. OF DAYS WITH]      [WEATHER - DAYS WITH]      9 = BLOWING SNOW
                                                   X = TORNADO
MAX 32 OR BELOW:   0    0.01 INCH OR MORE:  13
MAX 90 OR ABOVE:   0    0.10 INCH OR MORE:   7
MIN 32 OR BELOW:   0    0.50 INCH OR MORE:   3
MIN  0 OR BELOW:   0    1.00 INCH OR MORE:   0

[HDD (BASE 65) ]
TOTAL THIS MO.    18    CLEAR  (SCALE 0-3)   4
DPTR FM NORMAL     4    PTCLDY (SCALE 4-7)  23
TOTAL FM JUL 1    51    CLOUDY (SCALE 8-10)  2
DPTR FM NORMAL    25

[CDD (BASE 65) ]
TOTAL THIS MO.    98
DPTR FM NORMAL   -38    [PRESSURE DATA]
TOTAL FM JAN 1   422    HIGHEST SLP M ON M
DPTR FM NORMAL     5    LOWEST  SLP 29.75 ON 12

[REMARKS]
