000
CXUS51 KRLX 241138
CF6EKN
PRELIMINARY LOCAL CLIMATOLOGICAL DATA (WS FORM: F-6)

                                          STATION:   ELKINS WV
                                          MONTH:     MAY
                                          YEAR:      2017
                                          LATITUDE:   38 52 N
                                          LONGITUDE:  79 51 W

  TEMPERATURE IN F:       :PCPN:    SNOW:  WIND      :SUNSHINE: SKY     :PK WND
================================================================================
1   2   3   4   5  6A  6B    7    8   9   10  11  12  13   14  15   16   17  18
                                     12Z  AVG MX 2MIN
DY MAX MIN AVG DEP HDD CDD  WTR  SNW DPTH SPD SPD DIR MIN PSBL S-S WX    SPD DR
================================================================================

 1  80  59  70  16   0   5 0.49  0.0    0 11.6 29 180   M    M   4        45 140
 2  64  49  57   3   8   0 0.01  0.0    0 13.2 29 250   M    M   7        41 250
 3  56  42  49  -6  16   0 0.00  0.0    0  6.1 16 320   M    M   7        24 310
 4  63  44  54  -1  11   0 0.09  0.0    0  9.6 24 140   M    M   7        43 130
 5  76  51  64   9   1   0 0.35  0.0    0  7.2 22 160   M    M   5 1      32 140
 6  54  39  47  -8  18   0 0.66  0.0    0  8.1 20 340   M    M  10 18     29 340
 7  53  38  46 -10  19   0 0.18  0.0    0  7.7 22 260   M    M   8 1      29 260
 8  56  33  45 -11  20   0 0.00  0.0    0  6.8 20 310   M    M   4        27 300
 9  67  28  48  -8  17   0 0.00  0.0    0  2.8 14 280   M    M   2        19 290
10  73  43  58   2   7   0 0.02  0.0    0  2.0 12 260   M    M   9 12     18 250
11  68  54  61   4   4   0 0.17  0.0    0  7.0 21 240   M    M  10 128    30 230
12  59  50  55  -2  10   0 0.38  0.0    0  2.5 10 140   M    M  10 1      14 130
13  63  42  53  -4  12   0 0.10  0.0    0  3.4 13 310   M    M   7 1      18 300
14  73  40  57  -1   8   0 0.00  0.0    0  8.8 21 290   M    M   5 1      33 260
15  69  42  56  -2   9   0 0.00  0.0    0  4.1 16 290   M    M   2        21 300
16  83  37  60   2   5   0 0.00  0.0    0  2.3 13 320   M    M   0 1      18 300
17  87  50  69  11   0   4 0.00  0.0    0  3.1 14 280   M    M   2 1      20 300
18  83  56  70  11   0   5 0.02  0.0    0  5.6 18 250   M    M   2        28 230
19  85  56  71  12   0   6    T  0.0    0  4.7 18 250   M    M   3 1      29 280
20  84  57  71  12   0   6 0.00  0.0    0  3.5 13 320   M    M   2        17 120
21  76  59  68   9   0   3    T  0.0    0  7.0 16 190   M    M   4        22 200
22  71  48  60   0   5   0 0.01    M    0  5.4 15 290   M    M   5 1      19 300
23  66  48  57  -3   8   0 0.29  0.0    0  3.0 13 130   M    M   8 12     17 120
================================================================================
SM 1609 1065       178  29  2.77     0.0 135.5          M      123
================================================================================
AV 70.0 46.3                               5.9 FASTST   M    M   5    MAX(MPH)
                                 MISC ---->  # 29 180               # 45  140
================================================================================
NOTES:
# LAST OF SEVERAL OCCURRENCES

COLUMN 17 PEAK WIND IN M.P.H.

PRELIMINARY LOCAL CLIMATOLOGICAL DATA (WS FORM: F-6) , PAGE 2

                                          STATION:  ELKINS WV
                                          MONTH:    MAY
                                          YEAR:     2017
                                          LATITUDE:   38 52 N
                                          LONGITUDE:  79 51 W

[TEMPERATURE DATA]      [PRECIPITATION DATA]       SYMBOLS USED IN COLUMN 16

AVERAGE MONTHLY: 58.1   TOTAL FOR MONTH:   2.77    1 = FOG OR MIST
DPTR FM NORMAL:   1.1   DPTR FM NORMAL:   -1.01    2 = FOG REDUCING VISIBILITY
HIGHEST:    87 ON 17    GRTST 24HR  0.66 ON  6- 6      TO 1/4 MILE OR LESS
LOWEST:     28 ON  9                               3 = THUNDER
                        SNOW, ICE PELLETS, HAIL    4 = ICE PELLETS
                        TOTAL MONTH:   0.0 INCH    5 = HAIL
                        GRTST 24HR     0.0         6 = FREEZING RAIN OR DRIZZLE
                        GRTST DEPTH:   0           7 = DUSTSTORM OR SANDSTORM:
                                                       VSBY 1/2 MILE OR LESS
                                                   8 = SMOKE OR HAZE
[NO. OF DAYS WITH]      [WEATHER - DAYS WITH]      9 = BLOWING SNOW
                                                   X = TORNADO
MAX 32 OR BELOW:   0    0.01 INCH OR MORE:  13
MAX 90 OR ABOVE:   0    0.10 INCH OR MORE:   8
MIN 32 OR BELOW:   1    0.50 INCH OR MORE:   1
MIN  0 OR BELOW:   0    1.00 INCH OR MORE:   0

[HDD (BASE 65) ]
TOTAL THIS MO.   178    CLEAR  (SCALE 0-3)   6
DPTR FM NORMAL   -17    PTCLDY (SCALE 4-7)  13
TOTAL FM JUL 1  4571    CLOUDY (SCALE 8-10)  4
DPTR FM NORMAL -1187

[CDD (BASE 65) ]
TOTAL THIS MO.    29
DPTR FM NORMAL    19    [PRESSURE DATA]
TOTAL FM JAN 1    39    HIGHEST SLP M ON M
DPTR FM NORMAL    26    LOWEST  SLP 29.34 ON  5

[REMARKS]
