000
CXUS56 KLKN 261009
CF6EKO
PRELIMINARY LOCAL CLIMATOLOGICAL DATA (WS FORM: F-6)

                                          STATION:   ELKO AIRPORT NV
                                          MONTH:     FEBRUARY
                                          YEAR:      2017
                                          LATITUDE:   40 49 N
                                          LONGITUDE: 115 47 W

  TEMPERATURE IN F:       :PCPN:    SNOW:  WIND      :SUNSHINE: SKY     :PK WND
================================================================================
1   2   3   4   5  6A  6B    7    8   9   10  11  12  13   14  15   16   17  18
                                     12Z  AVG MX 2MIN
DY MAX MIN AVG DEP HDD CDD  WTR  SNW DPTH SPD SPD DIR MIN PSBL S-S WX    SPD DR
================================================================================

 1  45  14  30   4  35   0 0.00  0.0    8  2.4 12 110   M    M   2        14 110
 2  43  25  34   8  31   0    T    T    6  4.2 10  70   M    M  10        12  90
 3  47  29  38  11  27   0    T    T    5  8.7 22 200   M    M   5        29 200
 4  48  30  39  12  26   0 0.00  0.0    4  4.0 15 170   M    M   6        18 170
 5  50  26  38  11  27   0 0.00  0.0    3  6.9 25 180   M    M   4        31 180
 6  51  36  44  17  21   0 0.07  0.0    1 11.0 24 220   M    M   9 18     34 200
 7  50  34  42  14  23   0 0.41  0.0    T 10.0 26 240   M    M   6 1      36 230
 8  48  29  39  11  26   0 0.11  0.0    T  2.8 12 250   M    M   7 1      18 220
 9  59  39  49  21  16   0 0.00  0.0    T 12.5 28 180   M    M   5        35 190
10  49  34  42  14  23   0 0.36  0.0    0  5.8 16 270   M    M  10 1      19 270
11  44  26  35   6  30   0 0.00  0.0    0  6.1 17  50   M    M   4 12     22  40
12  43  19  31   2  34   0 0.00  0.0    0  4.4 13  20   M    M   0        17  50
13  47  20  34   5  31   0 0.00  0.0    0  2.1  7 230   M    M   0         9  50
14  52  21  37   7  28   0 0.00  0.0    0  2.4  9  20   M    M   0        11  50
15  57  23  40  10  25   0 0.00  0.0    0  4.9  9  70   M    M   0        13  70
16  60  29  45  15  20   0 0.00  0.0    0 11.0 36 240   M    M   3 8      51 240
17  44  28  36   6  29   0 0.01  0.0    0 10.1 33 170   M    M   7        44 170
18  49  37  43  12  22   0 0.10  0.0    0  7.1 26 180   M    M  10 1      36 170
19  54  34  44  13  21   0 0.03  0.0    0  7.3 25 240   M    M   7        33 230
20  48  37  43  11  22   0 0.28  0.0    0  9.3 26 170   M    M   8 1      37 170
21  54  32  43  11  22   0 0.11  0.7    0 10.8 36 270   M    M   9 1      45 270
22  39  26  33   1  32   0 0.02  0.5    T 11.0 29 240   M    M   8 1      35 230
23  32  20  26  -6  39   0 0.01  0.4    1  9.3 17 310   M    M   9 1      23 280
24  32  20  26  -7  39   0    T  0.1    T  6.3 16 250   M    M   7        24 210
25  34  19  27  -6  38   0 0.00  0.0    T  3.5 13 290   M    M   6        15 280
================================================================================
SM 1179  687       687   0  1.51     1.7 173.9          M      142
================================================================================
AV 47.2 27.5                               7.0 FASTST   M    M   6    MAX(MPH)
                                 MISC ---->  # 36 240               # 51  240
================================================================================
NOTES:
# LAST OF SEVERAL OCCURRENCES

COLUMN 17 PEAK WIND IN M.P.H.

PRELIMINARY LOCAL CLIMATOLOGICAL DATA (WS FORM: F-6) , PAGE 2

                                          STATION:  ELKO AIRPORT NV
                                          MONTH:    FEBRUARY
                                          YEAR:     2017
                                          LATITUDE:   40 49 N
                                          LONGITUDE: 115 47 W

[TEMPERATURE DATA]      [PRECIPITATION DATA]       SYMBOLS USED IN COLUMN 16

AVERAGE MONTHLY: 37.3   TOTAL FOR MONTH:   1.51    1 = FOG OR MIST
DPTR FM NORMAL:   7.9   DPTR FM NORMAL:    0.76    2 = FOG REDUCING VISIBILITY
HIGHEST:    60 ON 16    GRTST 24HR  0.44 ON  6- 7      TO 1/4 MILE OR LESS
LOWEST:     14 ON  1                               3 = THUNDER
                        SNOW, ICE PELLETS, HAIL    4 = ICE PELLETS
                        TOTAL MONTH:   1.7 INCHES  5 = HAIL
                        GRTST 24HR   0.7 ON   M    6 = FREEZING RAIN OR DRIZZLE
                        GRTST DEPTH:   8 ON  1     7 = DUSTSTORM OR SANDSTORM:
                                                       VSBY 1/2 MILE OR LESS
                                                   8 = SMOKE OR HAZE
[NO. OF DAYS WITH]      [WEATHER - DAYS WITH]      9 = BLOWING SNOW
                                                   X = TORNADO
MAX 32 OR BELOW:   2    0.01 INCH OR MORE:  11
MAX 90 OR ABOVE:   0    0.10 INCH OR MORE:   6
MIN 32 OR BELOW:  18    0.50 INCH OR MORE:   0
MIN  0 OR BELOW:   0    1.00 INCH OR MORE:   0

[HDD (BASE 65) ]
TOTAL THIS MO.   687    CLEAR  (SCALE 0-3)   5
DPTR FM NORMAL  -203    PTCLDY (SCALE 4-7)  13
TOTAL FM JUL 1  4626    CLOUDY (SCALE 8-10)  7
DPTR FM NORMAL  -449

[CDD (BASE 65) ]
TOTAL THIS MO.     0
DPTR FM NORMAL     0    [PRESSURE DATA]
TOTAL FM JAN 1     0    HIGHEST SLP M ON M
DPTR FM NORMAL     0    LOWEST  SLP 29.44 ON M

[REMARKS]
