000
CXUS54 KSHV 291300
CF6ELD
PRELIMINARY LOCAL CLIMATOLOGICAL DATA (WS FORM: F-6)

                                          STATION:   EL DORADO
                                          MONTH:     MARCH
                                          YEAR:      2017
                                          LATITUDE:   33 13 N
                                          LONGITUDE:  92 49 W

  TEMPERATURE IN F:       :PCPN:    SNOW:  WIND      :SUNSHINE: SKY     :PK WND
================================================================================
1   2   3   4   5  6A  6B    7    8   9   10  11  12  13   14  15   16   17  18
                                     12Z  AVG MX 2MIN
DY MAX MIN AVG DEP HDD CDD  WTR  SNW DPTH SPD SPD DIR MIN PSBL S-S WX    SPD DR
================================================================================

 1  75  43  59   7   6   0 0.00  0.0    0 11.8 22 320   M    M   3        30 310
 2  64  34  49  -3  16   0 0.00  0.0    0  4.4 14  40   M    M   0 8      18  50
 3  67  34  51  -1  14   0 0.00  0.0    0  3.1 13  50   M    M   0        20  60
 4  66  37  52   0  13   0    T    M    0  4.7 16 150   M    M   2        22 130
 5  62  49  56   3   9   0 0.23    M    0  7.6 16 140   M    M   9 1      21  80
 6  71  58  65  12   0   0 0.20  0.0    0 11.5 18 160   M    M  10 1      29 180
 7  70  41  56   3   9   0 0.16    M    0  8.0 25 320   M    M   7 1      30 330
 8  74  36  55   1  10   0 0.00  0.0    0  4.1 18 110   M    M   2        24 130
 9  73  53  63   9   2   0    T  0.0    0  5.1 15 200   M    M   7 1      19 180
10  68  48  58   4   7   0    T    M    0  9.6 20  30   M    M   4 12     28  30
11  49  39  44 -10  21   0 0.19    M    0  9.9 17  50   M    M  10 13     21  50
12  57  36  47  -8  18   0 0.02  0.0    0  8.3 18  20   M    M   3 1      28  30
13  52  34  43 -12  22   0 0.21    M    0  5.1 15 330   M    M   7 1      20 330
14  57  29  43 -12  22   0 0.00  0.0    0  5.3 15  40   M    M   3        19  50
15  52  33  43 -13  22   0 0.00  0.0    0  6.1 15  40   M    M   3        20  40
16  67  39  53  -3  12   0 0.00  0.0    0  8.0 16 190   M    M   9        22 160
17  75  59  67  11   0   2 0.00  0.0    0  8.5 22 210   M    M  10        29 210
18  80  59  70  14   0   5 0.00  0.0    0  5.0 15 280   M    M   7 1      19 270
19  84  53  69  12   0   4 0.00  0.0    0  3.2 14 210   M    M   3 18     18 210
20  86  60  73  16   0   8 0.00  0.0    0  8.0 17 220   M    M   3 1      22 240
21  85  54  70  13   0   5 0.00  0.0    0  5.8 17 200   M    M   0 1      22 240
22  77  53  65   8   0   0 0.00  0.0    0  6.9 21  10   M    M   0        26  10
23  85  52  69  11   0   4 0.00  0.0    0  8.0 20 190   M    M   0        24 200
24  79  62  71  13   0   6 0.54  0.0    0 13.4 35 160   M    M   4 13     45 160
25  73  52  63   5   2   0 0.00  0.0    0  8.2 17 280   M    M   3 3      26 240
26  83  47  65   7   0   0    T  0.0    0  4.9 15 170   M    M   0 3      22 170
27  81  60  71  12   0   6    T  0.0    0  7.5 20 190   M    M   5 138    25 200
28  81  60  71  12   0   6 0.00  0.0    0  5.8 14 100   M    M   6        19  90
================================================================================
SM 1993 1314       205  46  1.55     0.0 197.8          M      120
================================================================================
AV 71.2 46.9                               7.1 FASTST   M    M   4    MAX(MPH)
                                 MISC ---->  # 35 160               # 45  160
================================================================================
NOTES:
# LAST OF SEVERAL OCCURRENCES

COLUMN 17 PEAK WIND IN M.P.H.

PRELIMINARY LOCAL CLIMATOLOGICAL DATA (WS FORM: F-6) , PAGE 2

                                          STATION:  EL DORADO
                                          MONTH:    MARCH
                                          YEAR:     2017
                                          LATITUDE:   33 13 N
                                          LONGITUDE:  92 49 W

[TEMPERATURE DATA]      [PRECIPITATION DATA]       SYMBOLS USED IN COLUMN 16

AVERAGE MONTHLY: 59.1   TOTAL FOR MONTH:   1.55    1 = FOG OR MIST
DPTR FM NORMAL:   3.7   DPTR FM NORMAL:   -2.76    2 = FOG REDUCING VISIBILITY
HIGHEST:    86 ON 20    GRTST 24HR  0.54 ON 24-24      TO 1/4 MILE OR LESS
LOWEST:     29 ON 14                               3 = THUNDER
                        SNOW, ICE PELLETS, HAIL    4 = ICE PELLETS
                        TOTAL MONTH:   0.0 INCH    5 = HAIL
                        GRTST 24HR     0.0         6 = FREEZING RAIN OR DRIZZLE
                        GRTST DEPTH:   0           7 = DUSTSTORM OR SANDSTORM:
                                                       VSBY 1/2 MILE OR LESS
                                                   8 = SMOKE OR HAZE
[NO. OF DAYS WITH]      [WEATHER - DAYS WITH]      9 = BLOWING SNOW
                                                   X = TORNADO
MAX 32 OR BELOW:   0    0.01 INCH OR MORE:   7
MAX 90 OR ABOVE:   0    0.10 INCH OR MORE:   6
MIN 32 OR BELOW:   1    0.50 INCH OR MORE:   1
MIN  0 OR BELOW:   0    1.00 INCH OR MORE:   0

[HDD (BASE 65) ]
TOTAL THIS MO.   205    CLEAR  (SCALE 0-3)  13
DPTR FM NORMAL   -83    PTCLDY (SCALE 4-7)  10
TOTAL FM JUL 1  1657    CLOUDY (SCALE 8-10)  5
DPTR FM NORMAL  -859

[CDD (BASE 65) ]
TOTAL THIS MO.    46
DPTR FM NORMAL    27    [PRESSURE DATA]
TOTAL FM JAN 1    73    HIGHEST SLP M ON M
DPTR FM NORMAL    48    LOWEST  SLP 29.76 ON 28

[REMARKS]
