000
CXUS56 KLKN 271009
CF6ELY
PRELIMINARY LOCAL CLIMATOLOGICAL DATA (WS FORM: F-6)

                                          STATION:   ELY AIRPORT NV
                                          MONTH:     FEBRUARY
                                          YEAR:      2015
                                          LATITUDE:   39 16 N
                                          LONGITUDE: 114 51 W

  TEMPERATURE IN F:       :PCPN:    SNOW:  WIND      :SUNSHINE: SKY     :PK WND
================================================================================
1   2   3   4   5  6A  6B    7    8   9   10  11  12  13   14  15   16   17  18
                                     12Z  AVG MX 2MIN
DY MAX MIN AVG DEP HDD CDD  WTR  SNW DPTH SPD SPD DIR MIN PSBL S-S WX    SPD DR
================================================================================

 1  55  18  37  11  28   0 0.00  0.0    0  7.8 14 170   M    M   1        25 160
 2  57  23  40  14  25   0    T  0.0    0  7.5 25 290   M    M   5        31 290
 3  58  27  43  17  22   0 0.00  0.0    0  9.3 21 290   M    M   2        26 280
 4  58  24  41  14  24   0 0.00  0.0    0  7.1 15 170   M    M   0        17 180
 5  64  28  46  19  19   0 0.00  0.0    0 12.7 26 150   M    M   0        33 150
 6  62  36  49  22  16   0 0.00  0.0    0 18.5 37 140   M    M   0        45 150
 7  60  37  49  22  16   0 0.00  0.0    0 12.7 26 150   M    M   6        37 150
 8  62  27  45  18  20   0 0.00  0.0    0 10.7 22 180   M    M   1        28 160
 9  58  30  44  16  21   0 0.00  0.0    0 14.4 32 140   M    M   3        42 150
10  50  16  33   5  32   0 0.00  0.0    0  8.4 18 360   M    M   0        28  20
11  54  16  35   7  30   0 0.00  0.0    0  7.3 14 160   M    M   0        18 180
12  65  22  44  16  21   0 0.00  0.0    0  8.5 16 170   M    M   0        20 180
13  66  24  45  17  20   0 0.00  0.0    0  7.9 15 170   M    M   0        17 160
14  66  28  47  18  18   0 0.00  0.0    0  9.4 18 160   M    M   0        31 200
15  56  17  37   8  28   0 0.00  0.0    0  9.6 22 360   M    M   0        28 360
16  49  14  32   3  33   0 0.00  0.0    0 12.5 25 360   M    M   0        32  10
17  59  11  35   6  30   0 0.00  0.0    0  8.1 16 300   M    M   0        19 290
18  66  19  43  13  22   0 0.00  0.0    0  9.8 18 170   M    M   0        20 170
19  65  23  44  14  21   0 0.00  0.0    0  9.7 18 160   M    M   0        20 160
20  54  17  36   6  29   0 0.00  0.0    0 10.0 20 330   M    M   0        26 300
21  48  17  33   3  32   0 0.00  0.0    0  9.5 22 360   M    M   5        28 360
22  39  19  29  -2  36   0 0.00  0.0    0 17.7 25  10   M    M   6        31 340
23  38  14  26  -5  39   0 0.00  0.0    0 17.8 28 360   M    M   2        34  10
24  52  14  33   2  32   0 0.00  0.0    0  9.8 23  20   M    M   0        28  10
25  54  16  35   3  30   0 0.00  0.0    0  9.6 21 310   M    M   0        30 290
26  42  15  29  -3  36   0    T    T    0 10.4 23 320   M    M   9        27 300
================================================================================
SM 1457  552       680   0    T     T    276.7          M       40
================================================================================
AV 56.0 21.2                              10.6 FASTST   M    M   2    MAX(MPH)
                                 MISC ---->  # 37 140               # 45  150
================================================================================
NOTES:
# LAST OF SEVERAL OCCURRENCES

COLUMN 17 PEAK WIND IN M.P.H.

PRELIMINARY LOCAL CLIMATOLOGICAL DATA (WS FORM: F-6) , PAGE 2

                                          STATION:  ELY AIRPORT NV
                                          MONTH:    FEBRUARY
                                          YEAR:     2015
                                          LATITUDE:   39 16 N
                                          LONGITUDE: 114 51 W

[TEMPERATURE DATA]      [PRECIPITATION DATA]       SYMBOLS USED IN COLUMN 16

AVERAGE MONTHLY: 38.6   TOTAL FOR MONTH:      T    1 = FOG OR MIST
DPTR FM NORMAL:   9.9   DPTR FM NORMAL:   -0.69    2 = FOG REDUCING VISIBILITY
HIGHEST:    66 ON 18,14 GRTST 24HR    T  ON 26-26      TO 1/4 MILE OR LESS
LOWEST:     11 ON 17                               3 = THUNDER
                        SNOW, ICE PELLETS, HAIL    4 = ICE PELLETS
                        TOTAL MONTH:    T          5 = HAIL
                        GRTST 24HR    T  ON 26-26  6 = FREEZING RAIN OR DRIZZLE
                        GRTST DEPTH:   0           7 = DUSTSTORM OR SANDSTORM:
                                                       VSBY 1/2 MILE OR LESS
                                                   8 = SMOKE OR HAZE
[NO. OF DAYS WITH]      [WEATHER - DAYS WITH]      9 = BLOWING SNOW
                                                   X = TORNADO
MAX 32 OR BELOW:   0    0.01 INCH OR MORE:   0
MAX 90 OR ABOVE:   0    0.10 INCH OR MORE:   0
MIN 32 OR BELOW:  24    0.50 INCH OR MORE:   0
MIN  0 OR BELOW:   0    1.00 INCH OR MORE:   0

[HDD (BASE 65) ]
TOTAL THIS MO.   680    CLEAR  (SCALE 0-3)  21
DPTR FM NORMAL  -262    PTCLDY (SCALE 4-7)   4
TOTAL FM JUL 1  4174    CLOUDY (SCALE 8-10)  1
DPTR FM NORMAL -1097

[CDD (BASE 65) ]
TOTAL THIS MO.     0
DPTR FM NORMAL     0    [PRESSURE DATA]
TOTAL FM JAN 1     0    HIGHEST SLP M ON M
DPTR FM NORMAL     0    LOWEST  SLP 29.76 ON  6

[REMARKS]
