000
CXUS53 KTOP 200200
CF6EMP
PRELIMINARY LOCAL CLIMATOLOGICAL DATA (WS FORM: F-6)

                                          STATION:   Emporia KS
                                          MONTH:     APRIL
                                          YEAR:      2014
                                          LATITUDE:   38 19 N
                                          LONGITUDE:  96 12 W

  TEMPERATURE IN F:       :PCPN:    SNOW:  WIND      :SUNSHINE: SKY     :PK WND
================================================================================
1   2   3   4   5  6A  6B    7    8   9   10  11  12  13   14  15   16   17  18
                                     12Z  AVG MX 2MIN
DY MAX MIN AVG DEP HDD CDD  WTR  SNW DPTH SPD SPD DIR MIN PSBL S-S WX    SPD DR
================================================================================

 1  54  27  41 -10  24   0 0.00    M    M  8.4 17 100   M    M   7 8      20 100
 2  63  43  53   2  12   0 0.05    M    M 10.8 18  30   M    M  10 1238   23  30
 3  66  37  52   0  13   0 0.00    M    M 11.8 24 310   M    M  10 1238   35 310
 4  50  30  40 -12  25   0 0.00    M    M 13.4 25 320   M    M   6 8      36 340
 5  62  27  45  -7  20   0 0.00    M    M  9.6 18 120   M    M   2 18     25 130
 6  61  45  53   0  12   0    T    M    M  5.2 16 150   M    M   9 8      21 140
 7  64  43  54   1  11   0 0.11    M    M  8.6 22 330   M    M   7 38     29 340
 8  62  38  50  -3  15   0 0.00    M    M 12.5 32 330   M    M   1        44 330
 9  80  34  57   3   8   0 0.00    M    M 18.0 32 200   M    M   0 8      40 210
10  70  48  59   5   6   0 0.00    M    M 13.8 25  20   M    M   0 8      33 180
11  80  43  62   8   3   0 0.00    M    M  8.9 20 150   M    M   2 8      24 110
12  85  55  70  15   0   5 0.00    M    M 19.5 36 180   M    M   2 18     45 180
13  79  35  57   2   8   0 0.34    M    M 19.9 36 250   M    M   6 138    47 230
14  47  31  39 -16  26   0 0.01    M    M 16.2 30 340   M    M   7 18     40 350
15  60  27  44 -12  21   0 0.00    M    M  9.0 23 170   M    M   0 8      30 160
16  69  43  56   0   9   0 0.00    M    M 22.1 39 200   M    M   0        50 190
17  48  35  42 -14  23   0    T    M    M  7.8 16  10   M    M   6 18     22  10
18  69  29  49  -8  16   0 0.00    M    M  7.2 18 130   M    M   0 18     23 130
================================================================================
SM 1169  670       252   5  0.51    M    222.7          M       75
================================================================================
AV 64.9 37.2                              12.4 FASTST   M    M   4    MAX(MPH)
                                 MISC ---->  # 39 200               # 50  190
================================================================================
NOTES:
# LAST OF SEVERAL OCCURRENCES

COLUMN 17 PEAK WIND IN M.P.H.

PRELIMINARY LOCAL CLIMATOLOGICAL DATA (WS FORM: F-6) , PAGE 2

                                          STATION:  Emporia KS
                                          MONTH:    APRIL
                                          YEAR:     2014
                                          LATITUDE:   38 19 N
                                          LONGITUDE:  96 12 W

[TEMPERATURE DATA]      [PRECIPITATION DATA]       SYMBOLS USED IN COLUMN 16

AVERAGE MONTHLY: 51.1   TOTAL FOR MONTH:   0.51    1 = FOG OR MIST
DPTR FM NORMAL:  -2.8   DPTR FM NORMAL:   -1.14    2 = FOG REDUCING VISIBILITY
HIGHEST:    85 ON 12    GRTST 24HR  0.35 ON 13-14      TO 1/4 MILE OR LESS
LOWEST:     27 ON 15, 5                            3 = THUNDER
                        SNOW, ICE PELLETS, HAIL    4 = ICE PELLETS
                        TOTAL MONTH:    M          5 = HAIL
                        GRTST 24HR    M  ON   M    6 = FREEZING RAIN OR DRIZZLE
                        GRTST DEPTH:  M  ON   M    7 = DUSTSTORM OR SANDSTORM:
                                                       VSBY 1/2 MILE OR LESS
                                                   8 = SMOKE OR HAZE
[NO. OF DAYS WITH]      [WEATHER - DAYS WITH]      9 = BLOWING SNOW
                                                   X = TORNADO
MAX 32 OR BELOW:   0    0.01 INCH OR MORE:   4
MAX 90 OR ABOVE:   0    0.10 INCH OR MORE:   2
MIN 32 OR BELOW:   6    0.50 INCH OR MORE:   0
MIN  0 OR BELOW:   0    1.00 INCH OR MORE:   0

[HDD (BASE 65) ]
TOTAL THIS MO.   252    CLEAR  (SCALE 0-3)   9
DPTR FM NORMAL    41    PTCLDY (SCALE 4-7)   6
TOTAL FM JUL 1  5316    CLOUDY (SCALE 8-10)  3
DPTR FM NORMAL   673

[CDD (BASE 65) ]
TOTAL THIS MO.     5
DPTR FM NORMAL    -7    [PRESSURE DATA]
TOTAL FM JAN 1     5    HIGHEST SLP M ON M
DPTR FM NORMAL    -9    LOWEST  SLP 29.38 ON 13

[REMARKS]
