000
CXUS51 KCLE 200800
CF6ERI
PRELIMINARY LOCAL CLIMATOLOGICAL DATA (WS FORM: F-6)

                                          STATION:   ERIE PA
                                          MONTH:     OCTOBER
                                          YEAR:      2017
                                          LATITUDE:   42  4 N
                                          LONGITUDE:  80 11 W

  TEMPERATURE IN F:       :PCPN:    SNOW:  WIND      :SUNSHINE: SKY     :PK WND
================================================================================
1   2   3   4   5  6A  6B    7    8   9   10  11  12  13   14  15   16   17  18
                                     12Z  AVG MX 2MIN
DY MAX MIN AVG DEP HDD CDD  WTR  SNW DPTH SPD SPD DIR MIN PSBL S-S WX    SPD DR
================================================================================

 1  64  41  53  -5  12   0 0.00  0.0    0  7.0 16  30   M    M   0        19  30
 2  71  47  59   1   6   0 0.00  0.0    0  7.7 14  30   M    M   0        16  40
 3  81  54  68  11   0   3 0.00  0.0    0 12.1 17 170   M    M   0        24 170
 4  79  63  71  14   0   6 0.30  0.0    0 11.2 18 220   M    M   7 13     26 220
 5  69  58  64   7   1   0 0.42  0.0    0  5.1 16 270   M    M   4 1      21 280
 6  68  60  64   8   1   0 0.03  0.0    0  6.2 12 210   M    M   9 18     14 180
 7  82  66  74  18   0   9    T  0.0    0 14.7 25 180   M    M   3        35 220
 8  79  63  71  15   0   6 0.27  0.0    0  8.7 30 180   M    M   8 1      44 260
 9  67  60  64   9   1   0 1.05  0.0    0  6.7 23  20   M    M  10 1      29  30
10  71  56  64   9   1   0 0.00  0.0    0  4.3 13  60   M    M   2 18     16  60
11  64  54  59   5   6   0 0.41  0.0    0 14.8 28  60   M    M   8 13     36  40
12  68  54  61   7   4   0    T  0.0    0 11.3 25 160   M    M   8 1      34 170
13  71  58  65  11   0   0 0.00  0.0    0 10.8 22 160   M    M   7        30 150
14  75  57  66  12   0   1 0.00  0.0    0  8.1 16 170   M    M   4        22 180
15  80  52  66  13   0   1 0.42  0.0    0 19.2 29 260   M    M   6 1      46 200
16  54  40  47  -6  18   0 0.00  0.0    0  8.9 16 360   M    M   5        22 350
17  65  40  53   0  12   0 0.00  0.0    0 11.4 18 210   M    M   1        26 240
18  71  49  60   8   5   0 0.00  0.0    0  9.4 17 200   M    M   0        21 220
19  71  49  60   8   5   0 0.00  0.0    0  9.6 21 210   M    M   0        26 210
================================================================================
SM 1350 1021        72  26  2.90     0.0 187.2          M       82
================================================================================
AV 71.1 53.7                               9.9 FASTST   M    M   4    MAX(MPH)
                                 MISC ---->  # 30 180               # 46  200
================================================================================
NOTES:
# LAST OF SEVERAL OCCURRENCES

COLUMN 17 PEAK WIND IN M.P.H.

PRELIMINARY LOCAL CLIMATOLOGICAL DATA (WS FORM: F-6) , PAGE 2

                                          STATION:  ERIE PA
                                          MONTH:    OCTOBER
                                          YEAR:     2017
                                          LATITUDE:   42  4 N
                                          LONGITUDE:  80 11 W

[TEMPERATURE DATA]      [PRECIPITATION DATA]       SYMBOLS USED IN COLUMN 16

AVERAGE MONTHLY: 62.4   TOTAL FOR MONTH:   2.90    1 = FOG OR MIST
DPTR FM NORMAL:   7.4   DPTR FM NORMAL:    0.30    2 = FOG REDUCING VISIBILITY
HIGHEST:    82 ON  7    GRTST 24HR  1.05 ON  9- 9      TO 1/4 MILE OR LESS
LOWEST:     40 ON 17,16                            3 = THUNDER
                        SNOW, ICE PELLETS, HAIL    4 = ICE PELLETS
                        TOTAL MONTH:   0.0 INCH    5 = HAIL
                        GRTST 24HR     0.0         6 = FREEZING RAIN OR DRIZZLE
                        GRTST DEPTH:   0           7 = DUSTSTORM OR SANDSTORM:
                                                       VSBY 1/2 MILE OR LESS
                                                   8 = SMOKE OR HAZE
[NO. OF DAYS WITH]      [WEATHER - DAYS WITH]      9 = BLOWING SNOW
                                                   X = TORNADO
MAX 32 OR BELOW:   0    0.01 INCH OR MORE:   7
MAX 90 OR ABOVE:   0    0.10 INCH OR MORE:   6
MIN 32 OR BELOW:   0    0.50 INCH OR MORE:   1
MIN  0 OR BELOW:   0    1.00 INCH OR MORE:   1

[HDD (BASE 65) ]
TOTAL THIS MO.    72    CLEAR  (SCALE 0-3)   8
DPTR FM NORMAL  -128    PTCLDY (SCALE 4-7)   9
TOTAL FM JUL 1   169    CLOUDY (SCALE 8-10)  2
DPTR FM NORMAL  -155

[CDD (BASE 65) ]
TOTAL THIS MO.    26
DPTR FM NORMAL    19    [PRESSURE DATA]
TOTAL FM JAN 1   694    HIGHEST SLP M ON M
DPTR FM NORMAL    58    LOWEST  SLP 29.67 ON  9

[REMARKS]
