000
CXUS54 KEWX 260910
CF6ERV
PRELIMINARY LOCAL CLIMATOLOGICAL DATA (WS FORM: F-6)

                                          STATION:   KERRVILLE
                                          MONTH:     FEBRUARY
                                          YEAR:      2015
                                          LATITUDE:   29 58 N
                                          LONGITUDE:  99  5 W

  TEMPERATURE IN F:       :PCPN:    SNOW:  WIND      :SUNSHINE: SKY     :PK WND
================================================================================
1   2   3   4   5  6A  6B    7    8   9   10  11  12  13   14  15   16   17  18
                                     12Z  AVG MX 2MIN
DY MAX MIN AVG DEP HDD CDD  WTR  SNW DPTH SPD SPD DIR MIN PSBL S-S WX    SPD DR
================================================================================

 1  72  41  57   M   8   0 0.00    M    M  9.4 17  10   M    M   6 1      25  10
 2  51  31  41   M  24   0 0.00    M    M  5.9 15 360   M    M   0        21 360
 3  44  38  41   M  24   0 0.14    M    M  4.6  9 140   M    M   8         M  M
 4  56  41  49   M  16   0 0.00    M    M  5.6 12 160   M    M   9 1       M  M
 5  49  34  42   M  23   0    T    M    M  8.3 18 340   M    M  10 1      22 350
 6  54  39  47   M  18   0 0.00    M    M  4.8  9 190   M    M   9         M  M
 7  64  46  55   M  10   0 0.00    M    M  8.2 13 170   M    M   5        17 180
 8  82  47  65   M   0   0 0.00    M    M  6.9 12 350   M    M   4 1       M  M
 9  80  41  61   M   4   0 0.00    M    M  2.0  6 100   M    M   0         M  M
10  78  38  58   M   7   0 0.00    M    M  5.0 14 170   M    M   0 1      18 180
11  74  39  57   M   8   0 0.00    M    M  5.7 18 160   M    M   0        23 160
12  60  42  51   M  14   0 0.00    M    M  7.9 14  20   M    M   6        22  20
13  72  38  55   M  10   0 0.00    M    M  3.0 12 180   M    M   3         M  M
14  73  38  56   M   9   0 0.00    M    M  3.5 10 180   M    M   1         M  M
15  65  54  60   M   5   0 0.00    M    M  8.2 14 170   M    M   6        17 170
16  63  33  48   M  17   0 0.00    M    M 14.0 23 340   M    M   9 1      30 340
17  54  29  42   M  23   0 0.00    M    M  7.5 17 350   M    M   6        16 340
18  61  24  43   M  22   0 0.00    M    M  4.9 14 180   M    M   0        18 160
19  66  31  49   M  16   0 0.00    M    M  8.8 18 170   M    M   1        24 170
20  73  54  64   M   1   0 0.00    M    M 13.7 18 180   M    M   6        28 180
21  79  56  68   M   0   3 0.00    M    M  7.0 13 150   M    M   5        18 160
22  59  33  46   M  19   0 0.00    M    M  9.9 18 360   M    M  10 1      29 350
23  33  28  31   M  34   0 0.00    M    M 11.9 17 360   M    M  10 1      23 360
24  36  27  32   M  33   0 0.01    M    M  5.1  8 340   M    M  10 1       M  M
25  63  33  48   M  17   0 0.00  0.0    0  7.4 18 320   M    M   3 1      27 320
================================================================================
SM 1561  955       362   3  0.15     0.0 179.2          M      127
================================================================================
AV 62.4 38.2                               7.2 FASTST   M    M   5    MAX(MPH)
                                 MISC ---->  # 23 340                 30    M
================================================================================
NOTES:
# LAST OF SEVERAL OCCURRENCES

COLUMN 17 PEAK WIND IN M.P.H.

PRELIMINARY LOCAL CLIMATOLOGICAL DATA (WS FORM: F-6) , PAGE 2

                                          STATION:  KERRVILLE
                                          MONTH:    FEBRUARY
                                          YEAR:     2015
                                          LATITUDE:   29 58 N
                                          LONGITUDE:  99  5 W

[TEMPERATURE DATA]      [PRECIPITATION DATA]       SYMBOLS USED IN COLUMN 16

AVERAGE MONTHLY: 50.3   TOTAL FOR MONTH:   0.15    1 = FOG OR MIST
DPTR FM NORMAL:     M   DPTR FM NORMAL:       M    2 = FOG REDUCING VISIBILITY
HIGHEST:    82 ON  8    GRTST 24HR  0.14 ON  3- 3      TO 1/4 MILE OR LESS
LOWEST:     24 ON 18                               3 = THUNDER
                        SNOW, ICE PELLETS, HAIL    4 = ICE PELLETS
                        TOTAL MONTH:   0.0 INCH    5 = HAIL
                        GRTST 24HR     0.0         6 = FREEZING RAIN OR DRIZZLE
                        GRTST DEPTH:   0           7 = DUSTSTORM OR SANDSTORM:
                                                       VSBY 1/2 MILE OR LESS
                                                   8 = SMOKE OR HAZE
[NO. OF DAYS WITH]      [WEATHER - DAYS WITH]      9 = BLOWING SNOW
                                                   X = TORNADO
MAX 32 OR BELOW:   0    0.01 INCH OR MORE:   2
MAX 90 OR ABOVE:   0    0.10 INCH OR MORE:   1
MIN 32 OR BELOW:   6    0.50 INCH OR MORE:   0
MIN  0 OR BELOW:   0    1.00 INCH OR MORE:   0

[HDD (BASE 65) ]
TOTAL THIS MO.   362    CLEAR  (SCALE 0-3)   8
DPTR FM NORMAL     M    PTCLDY (SCALE 4-7)   9
TOTAL FM JUL 1  1767    CLOUDY (SCALE 8-10)  8
DPTR FM NORMAL     M

[CDD (BASE 65) ]
TOTAL THIS MO.     3
DPTR FM NORMAL     M    [PRESSURE DATA]
TOTAL FM JAN 1     3    HIGHEST SLP M ON M
DPTR FM NORMAL     M    LOWEST  SLP M ON M

[REMARKS]
