000
CXUS53 KDMX 240920
CF6EST
PRELIMINARY LOCAL CLIMATOLOGICAL DATA (WS FORM: F-6)

                                          STATION:   ESTHERVILLE IA
                                          MONTH:     AUGUST
                                          YEAR:      2016
                                          LATITUDE:   43 24 N
                                          LONGITUDE:  94 45 W

  TEMPERATURE IN F:       :PCPN:    SNOW:  WIND      :SUNSHINE: SKY     :PK WND
================================================================================
1   2   3   4   5  6A  6B    7    8   9   10  11  12  13   14  15   16   17  18
                                     12Z  AVG MX 2MIN
DY MAX MIN AVG DEP HDD CDD  WTR  SNW DPTH SPD SPD DIR MIN PSBL S-S WX    SPD DR
================================================================================

 1  79  66  73   2   0   8 0.00  0.0    0  9.7 23 120   M    M   5 1      31 110
 2  82  65  74   3   0   9 0.00  0.0    0  5.8 15 180   M    M   7 1      17 180
 3  84  63  74   3   0   9 0.00  0.0    0  9.4 18 160   M    M   3 12     23 160
 4  84  59  72   1   0   7 0.00  0.0    0  7.6 21 320   M    M   3 1      26 320
 5  76  55  66  -4   0   1 0.00  0.0    0  9.2 18 340   M    M   0 8      25 350
 6  78  52  65  -5   0   0 0.00  0.0    0  6.3 13  20   M    M   1        19  10
 7  78  55  67  -3   0   2 0.00  0.0    0  3.8  9 110   M    M   1        12 150
 8  79  52  66  -4   0   1 0.00  0.0    0  7.1 17 150   M    M   2 12     23 170
 9  85  62  74   4   0   9 0.00  0.0    0  8.0 14 170   M    M   3 128    19 220
10  88  65  77   7   0  12    T  0.0    0 10.5 29 170   M    M   2 1      37 180
11  82  66  74   4   0   9 1.00  0.0    0  8.5 33 330   M    M   4 13     40 320
12  75  61  68  -2   0   3 0.49  0.0    0  8.2 24 360   M    M   7 1      29  10
13  80  59  70   0   0   5 0.00  0.0    0  6.3 15 250   M    M   2        18 260
14  79  57  68  -2   0   3 0.00  0.0    0  5.0  9 350   M    M   0        13 350
15  78  54  66  -3   0   1 0.00  0.0    0  4.9 13 150   M    M   1 12     16 140
16  81  63  72   3   0   7 0.00  0.0    0  5.9 13 160   M    M   3 3      17 180
17  84  59  72   3   0   7 0.00  0.0    0  3.5 10 180   M    M   0 12     12 180
18  87  59  73   4   0   8 0.00  0.0    0  7.4 18 330   M    M   2 12     26 330
19  76  63  70   1   0   5    T  0.0    0  7.5 14 350   M    M   6        18 350
20  69  53  61  -8   4   0 0.09  0.0    0 12.5 23 350   M    M   6 1      28 320
21  74  48  61  -7   4   0 0.00  0.0    0  6.8 13 290   M    M   1        18 280
22  81  55  68   0   0   3 0.00  0.0    0 15.5 29 190   M    M   1        37 180
23  77  60  69   1   0   4 0.55  0.0    0 11.5 29 200   M    M   2 13     40 210
================================================================================
SM 1836 1351         8 113  2.13     0.0 180.9          M       62
================================================================================
AV 79.8 58.7                               7.9 FASTST   M    M   3    MAX(MPH)
                                 MISC ---->  # 33 330               # 40  320
================================================================================
NOTES:
# LAST OF SEVERAL OCCURRENCES

COLUMN 17 PEAK WIND IN M.P.H.

PRELIMINARY LOCAL CLIMATOLOGICAL DATA (WS FORM: F-6) , PAGE 2

                                          STATION:  ESTHERVILLE IA
                                          MONTH:    AUGUST
                                          YEAR:     2016
                                          LATITUDE:   43 24 N
                                          LONGITUDE:  94 45 W

[TEMPERATURE DATA]      [PRECIPITATION DATA]       SYMBOLS USED IN COLUMN 16

AVERAGE MONTHLY: 69.3   TOTAL FOR MONTH:   2.13    1 = FOG OR MIST
DPTR FM NORMAL:  -0.4   DPTR FM NORMAL:   -0.85    2 = FOG REDUCING VISIBILITY
HIGHEST:    88 ON 10    GRTST 24HR  1.00 ON 11-11      TO 1/4 MILE OR LESS
LOWEST:     48 ON 21                               3 = THUNDER
                        SNOW, ICE PELLETS, HAIL    4 = ICE PELLETS
                        TOTAL MONTH:   0.0 INCH    5 = HAIL
                        GRTST 24HR     0.0         6 = FREEZING RAIN OR DRIZZLE
                        GRTST DEPTH:   0           7 = DUSTSTORM OR SANDSTORM:
                                                       VSBY 1/2 MILE OR LESS
                                                   8 = SMOKE OR HAZE
[NO. OF DAYS WITH]      [WEATHER - DAYS WITH]      9 = BLOWING SNOW
                                                   X = TORNADO
MAX 32 OR BELOW:   0    0.01 INCH OR MORE:   4
MAX 90 OR ABOVE:   0    0.10 INCH OR MORE:   3
MIN 32 OR BELOW:   0    0.50 INCH OR MORE:   2
MIN  0 OR BELOW:   0    1.00 INCH OR MORE:   1

[HDD (BASE 65) ]
TOTAL THIS MO.     8    CLEAR  (SCALE 0-3)  16
DPTR FM NORMAL    -4    PTCLDY (SCALE 4-7)   7
TOTAL FM JUL 1    17    CLOUDY (SCALE 8-10)  0
DPTR FM NORMAL    -4

[CDD (BASE 65) ]
TOTAL THIS MO.   113
DPTR FM NORMAL    -7    [PRESSURE DATA]
TOTAL FM JAN 1   543    HIGHEST SLP M ON M
DPTR FM NORMAL    31    LOWEST  SLP 29.70 ON 20

[REMARKS]
