000
CXUS56 KPQR 251201
CF6EUG
PRELIMINARY LOCAL CLIMATOLOGICAL DATA (WS FORM: F-6)
STATION: EUGENE OR
MONTH: APRIL
YEAR: 2024
LATITUDE: 44 7 N
LONGITUDE: 123 13 W
TEMPERATURE IN F: :PCPN: SNOW: WIND :SUNSHINE: SKY :PK WND
================================================================================
1 2 3 4 5 6A 6B 7 8 9 10 11 12 13 14 15 16 17 18
12Z AVG MX 2MIN
DY MAX MIN AVG DEP HDD CDD WTR SNW DPTH SPD SPD DIR MIN PSBL S-S WX SPD DR
================================================================================
1 70 37 54 5 11 0 0.00 0.0 0 4.6 10 330 M M 2 20 330
2 78 43 61 12 4 0 0.00 0.0 0 7.2 21 210 M M 3 1 28 210
3 52 41 47 -2 18 0 0.63 0.0 M 4.0 13 180 M M 10 18 21 200
4 49 34 42 -7 23 0 0.19 0.0 M 4.4 18 280 M M 8 1 23 280
5 55 33 44 -5 21 0 T 0.0 0 8.4 18 250 M M 5 24 240
6 53 40 47 -2 18 0 0.05 0.0 0 8.0 17 140 M M 10 24 120
7 59 41 50 1 15 0 0.03 0.0 0 6.1 16 160 M M 7 22 200
8 62 40 51 2 14 0 0.00 0.0 0 4.8 13 200 M M 8 16 150
9 64 43 54 4 11 0 0.02 0.0 0 5.3 16 250 M M 7 1 20 260
10 66 37 52 2 13 0 0.00 0.0 0 3.5 10 350 M M 5 1 14 330
11 64 40 52 2 13 0 0.00 0.0 0 5.3 15 220 M M 7 1 20 220
12 63 47 55 5 10 0 0.05 0.0 0 7.3 17 300 M M 9 22 310
13 57 42 50 0 15 0 0.52 M 0 4.0 14 80 M M 7 1 19 80
14 63 47 55 5 10 0 0.02 M 0 6.5 17 190 M M 8 1 23 180
15 61 43 52 2 13 0 0.00 0.0 0 3.6 16 280 M M 8 20 280
16 58 39 49 -1 16 0 0.00 0.0 M 6.3 13 340 M M 7 19 290
17 62 36 49 -2 16 0 0.00 0.0 0 12.4 23 310 M M 1 30 300
18 70 32 51 0 14 0 0.00 0.0 0 9.1 18 300 M M 1 23 320
19 72 37 55 4 10 0 0.00 0.0 0 5.8 12 290 M M 1 18 290
20 70 40 55 4 10 0 T 0.0 0 6.8 23 210 M M 5 29 200
21 63 33 48 -3 17 0 0.00 0.0 0 6.8 18 310 M M 4 12 24 320
22 68 37 53 1 12 0 0.00 0.0 0 9.3 18 320 M M 4 25 300
23 76 39 58 6 7 0 0.00 0.0 0 4.0 13 240 M M 3 16 230
24 66 41 54 2 11 0 0.00 0.0 0 5.4 12 150 M M 7 14 170
================================================================================
SM 1521 942 322 0 1.51 0.0 148.9 M 137
================================================================================
AV 63.4 39.3 6.2 FASTST M M 6 MAX(MPH)
MISC ----> # 23 310 30 300
================================================================================
NOTES:
# LAST OF SEVERAL OCCURRENCES
COLUMN 17 PEAK WIND IN M.P.H.
PRELIMINARY LOCAL CLIMATOLOGICAL DATA (WS FORM: F-6) , PAGE 2
STATION: EUGENE OR
MONTH: APRIL
YEAR: 2024
LATITUDE: 44 7 N
LONGITUDE: 123 13 W
[TEMPERATURE DATA] [PRECIPITATION DATA] SYMBOLS USED IN COLUMN 16
AVERAGE MONTHLY: 51.3 TOTAL FOR MONTH: 1.51 1 = FOG OR MIST
DPTR FM NORMAL: 1.2 DPTR FM NORMAL: -1.32 2 = FOG REDUCING VISIBILITY
HIGHEST: 78 ON 2 GRTST 24HR 0.67 ON 3- 4 TO 1/4 MILE OR LESS
LOWEST: 32 ON 18 3 = THUNDER
SNOW, ICE PELLETS, HAIL 4 = ICE PELLETS
TOTAL MONTH: 0.0 INCH 5 = HAIL
GRTST 24HR 0.0 6 = FREEZING RAIN OR DRIZZLE
GRTST DEPTH: 0 7 = DUSTSTORM OR SANDSTORM:
VSBY 1/2 MILE OR LESS
8 = SMOKE OR HAZE
[NO. OF DAYS WITH] [WEATHER - DAYS WITH] 9 = BLOWING SNOW
X = TORNADO
MAX 32 OR BELOW: 0 0.01 INCH OR MORE: 8
MAX 90 OR ABOVE: 0 0.10 INCH OR MORE: 3
MIN 32 OR BELOW: 1 0.50 INCH OR MORE: 2
MIN 0 OR BELOW: 0 1.00 INCH OR MORE: 0
[HDD (BASE 65) ]
TOTAL THIS MO. 322 CLEAR (SCALE 0-3) 5
DPTR FM NORMAL -35 PTCLDY (SCALE 4-7) 14
TOTAL FM JUL 1 3609 CLOUDY (SCALE 8-10) 5
DPTR FM NORMAL -505
[CDD (BASE 65) ]
TOTAL THIS MO. 0
DPTR FM NORMAL 0 [PRESSURE DATA]
TOTAL FM JAN 1 0 HIGHEST SLP M ON M
DPTR FM NORMAL 0 LOWEST SLP 29.68 ON 12
[REMARKS]