609
CXUS56 KPQR 181200
CF6EUG
PRELIMINARY LOCAL CLIMATOLOGICAL DATA (WS FORM: F-6)

                                          STATION:   EUGENE OR
                                          MONTH:     JANUARY
                                          YEAR:      2018
                                          LATITUDE:   44  7 N
                                          LONGITUDE: 123 13 W

  TEMPERATURE IN F:       :PCPN:    SNOW:  WIND      :SUNSHINE: SKY     :PK WND
================================================================================
1   2   3   4   5  6A  6B    7    8   9   10  11  12  13   14  15   16   17  18
                                     12Z  AVG MX 2MIN
DY MAX MIN AVG DEP HDD CDD  WTR  SNW DPTH SPD SPD DIR MIN PSBL S-S WX    SPD DR
================================================================================

 1  39  29  34  -5  31   0 0.00  0.0    0  1.8  9  20   M    M   9 128    14  20
 2  41  28  35  -5  30   0 0.00  0.0    0  2.9 12  10   M    M   6 12     14  10
 3  43  32  38  -2  27   0 0.00  0.0    0  4.7 12  10   M    M   5        14  20
 4  42  34  38  -2  27   0 0.06  0.0    0  3.2 16  20   M    M   8 1      17  20
 5  54  39  47   7  18   0 0.30  0.0    0  6.4 18 200   M    M   9 1      23 190
 6  50  33  42   2  23   0 0.05  0.0    0  2.3  9 220   M    M   6 12     10 210
 7  48  33  41   1  24   0 0.00  0.0    0  3.6  9 170   M    M   8        10 140
 8  44  39  42   2  23   0 0.05  0.0    0  2.4 12 350   M    M  10 12     13 350
 9  51  38  45   5  20   0 0.49  0.0    0  4.8 15 260   M    M   9 1      18 270
10  49  39  44   4  21   0 0.15  0.0    0  7.7 15 180   M    M  10 1      17 180
11  55  47  51  11  14   0 0.77  0.0    0 13.6 32 230   M    M  10 1      42 230
12  54  41  48   8  17   0 0.01  0.0    0  6.7 17 190   M    M   7 1      21 190
13  51  33  42   2  23   0 0.00  0.0    0  2.6  8  20   M    M   8 128    10  10
14  48  34  41   0  24   0 0.00  0.0    0  1.5 10 250   M    M   9 12     11  70
15  49  31  40  -1  25   0 0.14  0.0    0  2.4 12 250   M    M  10 12     14 240
16  54  37  46   5  19   0 0.02    M    0  5.5 12 160   M    M   7 12     13 160
17  66  38  52  11  13   0 0.34    M    0 10.1 29 190   M    M   9 12     37 180
================================================================================
SM  838  605       379   0  2.38     0.0  82.2          M      140
================================================================================
AV 49.3 35.6                               4.8 FASTST   M    M   8    MAX(MPH)
                                 MISC ---->  # 32 230               # 42  230
================================================================================
NOTES:
# LAST OF SEVERAL OCCURRENCES

COLUMN 17 PEAK WIND IN M.P.H.

PRELIMINARY LOCAL CLIMATOLOGICAL DATA (WS FORM: F-6) , PAGE 2

                                          STATION:  EUGENE OR
                                          MONTH:    JANUARY
                                          YEAR:     2018
                                          LATITUDE:   44  7 N
                                          LONGITUDE: 123 13 W

[TEMPERATURE DATA]      [PRECIPITATION DATA]       SYMBOLS USED IN COLUMN 16

AVERAGE MONTHLY: 42.4   TOTAL FOR MONTH:   2.38    1 = FOG OR MIST
DPTR FM NORMAL:   2.3   DPTR FM NORMAL:   -1.63    2 = FOG REDUCING VISIBILITY
HIGHEST:    66 ON 17    GRTST 24HR  0.77 ON 11-11      TO 1/4 MILE OR LESS
LOWEST:     28 ON  2                               3 = THUNDER
                        SNOW, ICE PELLETS, HAIL    4 = ICE PELLETS
                        TOTAL MONTH:   0.0 INCH    5 = HAIL
                        GRTST 24HR     0.0         6 = FREEZING RAIN OR DRIZZLE
                        GRTST DEPTH:   0           7 = DUSTSTORM OR SANDSTORM:
                                                       VSBY 1/2 MILE OR LESS
                                                   8 = SMOKE OR HAZE
[NO. OF DAYS WITH]      [WEATHER - DAYS WITH]      9 = BLOWING SNOW
                                                   X = TORNADO
MAX 32 OR BELOW:   0    0.01 INCH OR MORE:  11
MAX 90 OR ABOVE:   0    0.10 INCH OR MORE:   6
MIN 32 OR BELOW:   4    0.50 INCH OR MORE:   1
MIN  0 OR BELOW:   0    1.00 INCH OR MORE:   0

[HDD (BASE 65) ]
TOTAL THIS MO.   379    CLEAR  (SCALE 0-3)   0
DPTR FM NORMAL   -42    PTCLDY (SCALE 4-7)   8
TOTAL FM JUL 1  2375    CLOUDY (SCALE 8-10)  9
DPTR FM NORMAL    -3

[CDD (BASE 65) ]
TOTAL THIS MO.     0
DPTR FM NORMAL     0    [PRESSURE DATA]
TOTAL FM JAN 1     0    HIGHEST SLP M ON M
DPTR FM NORMAL     0    LOWEST  SLP 29.61 ON  9

[REMARKS]
