000
CXUS53 KPAH 300636
CF6EVV
PRELIMINARY LOCAL CLIMATOLOGICAL DATA (WS FORM: F-6)

                                          STATION:   EVANSVILLE IN
                                          MONTH:     SEPTEMBER
                                          YEAR:      2016
                                          LATITUDE:   38  2 N
                                          LONGITUDE:  87 32 W

  TEMPERATURE IN F:       :PCPN:    SNOW:  WIND      :SUNSHINE: SKY     :PK WND
================================================================================
1   2   3   4   5  6A  6B    7    8   9   10  11  12  13   14  15   16   17  18
                                     12Z  AVG MX 2MIN
DY MAX MIN AVG DEP HDD CDD  WTR  SNW DPTH SPD SPD DIR MIN PSBL S-S WX    SPD DR
================================================================================

 1  83  60  72  -2   0   7 0.00  0.0    0 10.5 20  30   M    M   2        26  30
 2  82  59  71  -3   0   6 0.00  0.0    0 10.6 18  30   M    M   2        23  50
 3  84  58  71  -3   0   6 0.00  0.0    0  6.5 16  40   M    M   1        19  50
 4  89  60  75   1   0  10 0.00  0.0    0  5.2 12  90   M    M   0        16 100
 5  93  67  80   7   0  15 0.00  0.0    0  4.6 15 210   M    M   1        21 230
 6  94  70  82   9   0  17 0.00  0.0    0  6.5 17 220   M    M   1        23 230
 7  95  69  82  10   0  17 0.00  0.0    0  7.7 18 230   M    M   1        25 210
 8  94  74  84  12   0  19    T  0.0    0  9.7 22 260   M    M   3        27 260
 9  90  72  81   9   0  16 0.26  0.0    0  6.8 23 260   M    M   6 13     30 250
10  85  62  74   3   0   9 0.01  0.0    0  9.1 22 240   M    M   4        28 240
11  82  54  68  -3   0   3 0.00  0.0    0  2.7 13 350   M    M   0        15 350
12  84  55  70  -1   0   5 0.00  0.0    0  2.2 10 150   M    M   0 1      16 190
13  90  56  73   3   0   8 0.00  0.0    0  1.2  8 240   M    M   0 1      14 270
14  90  65  78   8   0  13 1.59  0.0    0  2.2 14 240   M    M   2 18     17 280
15  85  70  78   9   0  13 0.05  0.0    0  3.2  9  70   M    M   2 18     11  70
16  83  69  76   7   0  11 0.04  0.0    0  4.9 12  80   M    M   2 18     14  80
17  81  69  75   6   0  10 0.48  0.0    0  5.4 15 230   M    M   6 1      19 220
18  83  65  74   6   0   9 0.00  0.0    0  1.8  7 330   M    M   5 128    12 290
19  88  61  75   7   0  10 0.00  0.0    0  0.9  8 240   M    M   0 1      11 190
20  90  62  76   9   0  11 0.00  0.0    0  1.0  8 150   M    M   0 1      11 160
21  90  61  76   9   0  11 0.00  0.0    0  3.1 12  80   M    M   0        16  70
22  91  61  76  10   0  11 0.00  0.0    0  1.5  8 220   M    M   0 1      10 220
23  92  65  79  13   0  14 0.00  0.0    0  1.2  9 240   M    M   0 1      14 240
24  94  65  80  14   0  15 0.00  0.0    0  1.3  9 270   M    M   0 18     11 270
25  93  66  80  15   0  15 0.00  0.0    0  1.9  8 240   M    M   0 18     10 260
26  75  52  64  -1   1   0 0.54  0.0    0  6.1 21 310   M    M   3 1      34 330
27  79  48  64   0   1   0 0.00  0.0    0  6.3 20 260   M    M   0 8      26 220
28  72  54  63  -1   2   0 0.31  0.0    0  7.8 16 320   M    M   4 1      24 310
29  69  52  61  -3   4   0 0.01  0.0    0  4.3  8 360   M    M   7 18     13 320
================================================================================
SM 2500 1801         8 281  3.29     0.0 136.2          M       52
================================================================================
AV 86.2 62.1                               4.7 FASTST   M    M   2    MAX(MPH)
                                 MISC ---->  # 23 260               # 34  330
================================================================================
NOTES:
# LAST OF SEVERAL OCCURRENCES

COLUMN 17 PEAK WIND IN M.P.H.

PRELIMINARY LOCAL CLIMATOLOGICAL DATA (WS FORM: F-6) , PAGE 2

                                          STATION:  EVANSVILLE IN
                                          MONTH:    SEPTEMBER
                                          YEAR:     2016
                                          LATITUDE:   38  2 N
                                          LONGITUDE:  87 32 W

[TEMPERATURE DATA]      [PRECIPITATION DATA]       SYMBOLS USED IN COLUMN 16

AVERAGE MONTHLY: 74.2   TOTAL FOR MONTH:   3.29    1 = FOG OR MIST
DPTR FM NORMAL:   4.9   DPTR FM NORMAL:    0.35    2 = FOG REDUCING VISIBILITY
HIGHEST:    95 ON  7    GRTST 24HR  1.64 ON 14-15      TO 1/4 MILE OR LESS
LOWEST:     48 ON 27                               3 = THUNDER
                        SNOW, ICE PELLETS, HAIL    4 = ICE PELLETS
                        TOTAL MONTH:   0.0 INCH    5 = HAIL
                        GRTST 24HR     0.0         6 = FREEZING RAIN OR DRIZZLE
                        GRTST DEPTH:   0           7 = DUSTSTORM OR SANDSTORM:
                                                       VSBY 1/2 MILE OR LESS
                                                   8 = SMOKE OR HAZE
[NO. OF DAYS WITH]      [WEATHER - DAYS WITH]      9 = BLOWING SNOW
                                                   X = TORNADO
MAX 32 OR BELOW:   0    0.01 INCH OR MORE:   9
MAX 90 OR ABOVE:  13    0.10 INCH OR MORE:   5
MIN 32 OR BELOW:   0    0.50 INCH OR MORE:   2
MIN  0 OR BELOW:   0    1.00 INCH OR MORE:   1

[HDD (BASE 65) ]
TOTAL THIS MO.     8    CLEAR  (SCALE 0-3)  21
DPTR FM NORMAL   -33    PTCLDY (SCALE 4-7)   8
TOTAL FM JUL 1     8    CLOUDY (SCALE 8-10)  0
DPTR FM NORMAL   -34

[CDD (BASE 65) ]
TOTAL THIS MO.   281
DPTR FM NORMAL   116    [PRESSURE DATA]
TOTAL FM JAN 1  1667    HIGHEST SLP M ON M
DPTR FM NORMAL   303    LOWEST  SLP 29.79 ON 28

[REMARKS]
