000
CXUS53 KPAH 240635
CF6EVV
PRELIMINARY LOCAL CLIMATOLOGICAL DATA (WS FORM: F-6)

                                          STATION:   EVANSVILLE IN
                                          MONTH:     NOVEMBER
                                          YEAR:      2017
                                          LATITUDE:   38  2 N
                                          LONGITUDE:  87 32 W

  TEMPERATURE IN F:       :PCPN:    SNOW:  WIND      :SUNSHINE: SKY     :PK WND
================================================================================
1   2   3   4   5  6A  6B    7    8   9   10  11  12  13   14  15   16   17  18
                                     12Z  AVG MX 2MIN
DY MAX MIN AVG DEP HDD CDD  WTR  SNW DPTH SPD SPD DIR MIN PSBL S-S WX    SPD DR
================================================================================

 1  62  37  50  -2  15   0 0.30    M    0  6.7 17 190   M    M  10        23 190
 2  71  61  66  14   0   1 0.02  0.0    0  9.3 20 200   M    M  10        24 200
 3  69  54  62  10   3   0 0.01  0.0    0  8.6 18 350   M    M  10 1      25  10
 4  69  54  62  11   3   0 0.03  0.0    0  6.5 14 200   M    M  10 18     18 200
 5  75  57  66  15   0   1 0.39  0.0    0 12.3 24 210   M    M  10 13     30 210
 6  57  49  53   2  12   0 0.12    M    0  9.8 16 350   M    M  10 1      25 340
 7  50  47  49  -1  16   0 0.05    M    0 10.4 18  30   M    M  10 18     22  40
 8  56  35  46  -4  19   0 0.00  0.0    0  7.3 15  30   M    M   4        20  30
 9  58  32  45  -4  20   0 0.00  0.0    0  5.4 17 350   M    M   0        23 350
10  43  29  36 -13  29   0 0.00  0.0    0  8.6 17  40   M    M   0        24  50
11  48  26  37 -11  28   0 0.00  0.0    0  4.7  8  90   M    M   0 8      12  80
12  50  39  45  -3  20   0 0.01  0.0    0  4.6 13 360   M    M   9 1      19 350
13  51  37  44  -4  21   0 0.00  0.0    0  5.3 13  90   M    M   6        15 350
14  54  30  42  -5  23   0 0.00  0.0    0  3.6 12 120   M    M   2 1      16 150
15  52  40  46  -1  19   0 0.36    M    0  6.7 16 220   M    M  10 12     20 210
16  43  29  36 -10  29   0 0.00  0.0    0  4.3 12  30   M    M   7 128    15 350
17  60  28  44  -2  21   0    T  0.0    0  7.3 16 180   M    M   8 18     21 170
18  68  39  54   9  11   0 0.39  0.0    0 16.3 29 310   M    M  10 13     38 310
19  42  26  34 -11  31   0 0.00  0.0    0  7.1 17 300   M    M   4        22 280
20  51  25  38  -6  27   0 0.00  0.0    0  6.7 15 200   M    M   0        19 180
21  58  32  45   1  20   0 0.00  0.0    0 11.4 22 220   M    M   1        30 210
22  42  25  34 -10  31   0 0.00  0.0    0  4.9 12 360   M    M   0        16 360
23  49  25  37  -6  28   0 0.00  0.0    0  2.5 10 220   M    M   0        22 310
================================================================================
SM 1278  856       426   2  1.68     0.0 170.3          M      131
================================================================================
AV 55.6 37.2                               7.4 FASTST   M    M   6    MAX(MPH)
                                 MISC ---->  # 29 310               # 38  310
================================================================================
NOTES:
# LAST OF SEVERAL OCCURRENCES

COLUMN 17 PEAK WIND IN M.P.H.

PRELIMINARY LOCAL CLIMATOLOGICAL DATA (WS FORM: F-6) , PAGE 2

                                          STATION:  EVANSVILLE IN
                                          MONTH:    NOVEMBER
                                          YEAR:     2017
                                          LATITUDE:   38  2 N
                                          LONGITUDE:  87 32 W

[TEMPERATURE DATA]      [PRECIPITATION DATA]       SYMBOLS USED IN COLUMN 16

AVERAGE MONTHLY: 46.4   TOTAL FOR MONTH:   1.68    1 = FOG OR MIST
DPTR FM NORMAL:  -1.5   DPTR FM NORMAL:   -1.60    2 = FOG REDUCING VISIBILITY
HIGHEST:    75 ON  5    GRTST 24HR  0.39 ON 18-18      TO 1/4 MILE OR LESS
LOWEST:     25 ON 23,22                            3 = THUNDER
                        SNOW, ICE PELLETS, HAIL    4 = ICE PELLETS
                        TOTAL MONTH:   0.0 INCH    5 = HAIL
                        GRTST 24HR     0.0         6 = FREEZING RAIN OR DRIZZLE
                        GRTST DEPTH:   0           7 = DUSTSTORM OR SANDSTORM:
                                                       VSBY 1/2 MILE OR LESS
                                                   8 = SMOKE OR HAZE
[NO. OF DAYS WITH]      [WEATHER - DAYS WITH]      9 = BLOWING SNOW
                                                   X = TORNADO
MAX 32 OR BELOW:   0    0.01 INCH OR MORE:  10
MAX 90 OR ABOVE:   0    0.10 INCH OR MORE:   5
MIN 32 OR BELOW:  11    0.50 INCH OR MORE:   0
MIN  0 OR BELOW:   0    1.00 INCH OR MORE:   0

[HDD (BASE 65) ]
TOTAL THIS MO.   426    CLEAR  (SCALE 0-3)   8
DPTR FM NORMAL    32    PTCLDY (SCALE 4-7)   5
TOTAL FM JUL 1   660    CLOUDY (SCALE 8-10) 10
DPTR FM NORMAL   -37

[CDD (BASE 65) ]
TOTAL THIS MO.     2
DPTR FM NORMAL     2    [PRESSURE DATA]
TOTAL FM JAN 1  1567    HIGHEST SLP M ON M
DPTR FM NORMAL   172    LOWEST  SLP 29.28 ON 18

[REMARKS]
