000
CXUS52 KMHX 230806
CF6EWN
PRELIMINARY LOCAL CLIMATOLOGICAL DATA (WS FORM: F-6)

                                          STATION:   NEW BERN NC
                                          MONTH:     SEPTEMBER
                                          YEAR:      2014
                                          LATITUDE:   35  4 N
                                          LONGITUDE:  77  3 W

  TEMPERATURE IN F:       :PCPN:    SNOW:  WIND      :SUNSHINE: SKY     :PK WND
================================================================================
1   2   3   4   5  6A  6B    7    8   9   10  11  12  13   14  15   16   17  18
                                     12Z  AVG MX 2MIN
DY MAX MIN AVG DEP HDD CDD  WTR  SNW DPTH SPD SPD DIR MIN PSBL S-S WX    SPD DR
================================================================================

 1  95  76  86   9   0  21 0.00  0.0    0  4.8 14 180   M    M   1        18 180
 2  96  77  87  10   0  22 0.00  0.0    0  6.6 17 170   M    M   1        23 200
 3  94  76  85   8   0  20    T  0.0    0  6.1 15 170   M    M   1 3      18 200
 4  92  74  83   6   0  18 0.31  0.0    0  2.9 18 200   M    M   2 18     23 200
 5  93  73  83   6   0  18 0.00  0.0    0  3.0 15 230   M    M   1 1      22 230
 6  92  73  83   7   0  18 0.26  0.0    0  4.1 17 240   M    M   2 1      24 220
 7  87  74  81   5   0  16 0.83  0.0    0  3.9 13 210   M    M   7 123    18 280
 8  81  73  77   1   0  12 1.84  0.0    0  4.7 16 220   M    M   6 18     21 230
 9  83  74  79   3   0  14 0.26  0.0    0  5.7 13 290   M    M   7 1      17 290
10  86  73  80   4   0  15 0.00  0.0    0  4.3  9  30   M    M   7        13 360
11  89  69  79   4   0  14 0.00  0.0    0  4.4 12 230   M    M   1 1      16 200
12  90  74  82   7   0  17 2.21  0.0    0  4.5 15  10   M    M   6 1      21 310
13  89  74  82   7   0  17 0.38  0.0    0  4.4 13  10   M    M   7 13     16  30
14  77  68  73  -2   0   8    T  0.0    0  7.9 17  20   M    M  10 1      22  10
15  78  67  73  -1   0   8 0.01  0.0    0  3.0  8  20   M    M   9        13  50
16  88  69  79   5   0  14    T  0.0    0  2.3  9 340   M    M   4        13 330
17  82  68  75   1   0  10 0.50  0.0    0  7.1 15  70   M    M   5 13     20 100
18  82  64  73  -1   0   8 0.00  0.0    0  6.6 13  70   M    M   2        24  30
19  81  65  73   0   0   8 0.00  0.0    0  9.0 17  90   M    M   0        25 360
20  79  66  73   0   0   8 0.07  0.0    0  9.0 16  40   M    M   5 1      23  40
21  86  71  79   7   0  14 0.42  0.0    0  8.1 16 300   M    M   4 1      22 310
22  80  67  74   2   0   9 0.00  0.0    0  4.2 10 350   M    M   3        14 360
================================================================================
SM 1900 1565         0 309  7.09     0.0 116.6          M       91
================================================================================
AV 86.4 71.1                               5.3 FASTST   M    M   4    MAX(MPH)
                                 MISC ---->  # 18 200               # 25  360
================================================================================
NOTES:
# LAST OF SEVERAL OCCURRENCES

COLUMN 17 PEAK WIND IN M.P.H.

PRELIMINARY LOCAL CLIMATOLOGICAL DATA (WS FORM: F-6) , PAGE 2

                                          STATION:  NEW BERN NC
                                          MONTH:    SEPTEMBER
                                          YEAR:     2014
                                          LATITUDE:   35  4 N
                                          LONGITUDE:  77  3 W

[TEMPERATURE DATA]      [PRECIPITATION DATA]       SYMBOLS USED IN COLUMN 16

AVERAGE MONTHLY: 78.8   TOTAL FOR MONTH:   7.09    1 = FOG OR MIST
DPTR FM NORMAL:   3.7   DPTR FM NORMAL:    2.67    2 = FOG REDUCING VISIBILITY
HIGHEST:    96 ON  2    GRTST 24HR  2.21 ON 12-12      TO 1/4 MILE OR LESS
LOWEST:     64 ON 18                               3 = THUNDER
                        SNOW, ICE PELLETS, HAIL    4 = ICE PELLETS
                        TOTAL MONTH:   0.0 INCH    5 = HAIL
                        GRTST 24HR     0.0         6 = FREEZING RAIN OR DRIZZLE
                        GRTST DEPTH:   0           7 = DUSTSTORM OR SANDSTORM:
                                                       VSBY 1/2 MILE OR LESS
                                                   8 = SMOKE OR HAZE
[NO. OF DAYS WITH]      [WEATHER - DAYS WITH]      9 = BLOWING SNOW
                                                   X = TORNADO
MAX 32 OR BELOW:   0    0.01 INCH OR MORE:  11
MAX 90 OR ABOVE:   7    0.10 INCH OR MORE:   9
MIN 32 OR BELOW:   0    0.50 INCH OR MORE:   4
MIN  0 OR BELOW:   0    1.00 INCH OR MORE:   2

[HDD (BASE 65) ]
TOTAL THIS MO.     0    CLEAR  (SCALE 0-3)  10
DPTR FM NORMAL     0    PTCLDY (SCALE 4-7)  10
TOTAL FM JUL 1     0    CLOUDY (SCALE 8-10)  2
DPTR FM NORMAL     0

[CDD (BASE 65) ]
TOTAL THIS MO.   309
DPTR FM NORMAL    86    [PRESSURE DATA]
TOTAL FM JAN 1  2020    HIGHEST SLP M ON M
DPTR FM NORMAL   268    LOWEST  SLP 29.70 ON 21

[REMARKS]
