000
CXUS52 KMHX 230700
CF6EWN
PRELIMINARY LOCAL CLIMATOLOGICAL DATA (WS FORM: F-6)

                                          STATION:   NEW BERN NC
                                          MONTH:     MARCH
                                          YEAR:      2017
                                          LATITUDE:   35  4 N
                                          LONGITUDE:  77  3 W

  TEMPERATURE IN F:       :PCPN:    SNOW:  WIND      :SUNSHINE: SKY     :PK WND
================================================================================
1   2   3   4   5  6A  6B    7    8   9   10  11  12  13   14  15   16   17  18
                                     12Z  AVG MX 2MIN
DY MAX MIN AVG DEP HDD CDD  WTR  SNW DPTH SPD SPD DIR MIN PSBL S-S WX    SPD DR
================================================================================

 1  80  66  73  23   0   8 0.00  0.0    0 14.2 29 220   M    M   4 13     40 230
 2  71  38  55   5  10   0 0.25  0.0    0  9.7 30 310   M    M   3 13     47 300
 3  59  34  47  -3  18   0 0.00  0.0    0  9.5 22 260   M    M   1        31 290
 4  52  30  41  -9  24   0 0.00  0.0    0  6.8 14  30   M    M   0        19  30
 5  50  29  40 -10  25   0 0.00  0.0    0  5.8 16  70   M    M   0 18     21  40
 6  65  28  47  -4  18   0 0.00  0.0    0  3.8 15 210   M    M   0 18     19 180
 7  73  39  56   5   9   0 0.00  0.0    0  9.4 17 180   M    M   1        32 170
 8  73  42  58   7   7   0 0.01    M    0  7.7 24 320   M    M   4 1      32 310
 9  76  37  57   6   8   0 0.00  0.0    0  5.6 18 180   M    M   0 1      25 170
10  72  42  57   5   8   0 0.04    M    0 11.0 26 350   M    M   2        38 270
11  56  34  45  -7  20   0 0.00  0.0    0  6.6 15 310   M    M   0        22 310
12  46  29  38 -14  27   0 0.02    M    0  6.0 16  30   M    M   7 1      21  20
13  61  33  47  -5  18   0 1.72    M    0 10.7 21  70   M    M   7 1      29  70
14  62  37  50  -3  15   0 0.51    M    M 12.0 21 310   M    M   9 1      30 290
15  40  27  34 -19  31   0 0.00  0.0    0 13.6 25 320   M    M   1        39 280
16  47  27  37 -16  28   0 0.00  0.0    0  6.9 17 320   M    M   0        25 280
17  58  23  41 -13  24   0 0.00  0.0    0  4.3 16 180   M    M   2 8      20 180
18  56  43  50  -4  15   0 0.42    M    0  6.2 25 340   M    M   9 13     36 350
19  51  33  42 -12  23   0    T    M    0 11.9 25 360   M    M   7 1      34 320
20  60  32  46  -8  19   0 0.00  0.0    0  5.5 15 330   M    M   1 1      21 270
21  80  50  65  10   0   0    T  0.0    0  6.6 14 280   M    M   4        20 280
22  61  41  51  -4  14   0 0.22    M    0  9.6 22  40   M    M   6 13     27  40
================================================================================
SM 1349  794       361   8  3.19     0.0 183.4          M       68
================================================================================
AV 61.3 36.1                               8.3 FASTST   M    M   3    MAX(MPH)
                                 MISC ---->  # 30 310               # 47  300
================================================================================
NOTES:
# LAST OF SEVERAL OCCURRENCES

COLUMN 17 PEAK WIND IN M.P.H.

PRELIMINARY LOCAL CLIMATOLOGICAL DATA (WS FORM: F-6) , PAGE 2

                                          STATION:  NEW BERN NC
                                          MONTH:    MARCH
                                          YEAR:     2017
                                          LATITUDE:   35  4 N
                                          LONGITUDE:  77  3 W

[TEMPERATURE DATA]      [PRECIPITATION DATA]       SYMBOLS USED IN COLUMN 16

AVERAGE MONTHLY: 48.7   TOTAL FOR MONTH:   3.19    1 = FOG OR MIST
DPTR FM NORMAL:  -3.4   DPTR FM NORMAL:    0.02    2 = FOG REDUCING VISIBILITY
HIGHEST:    80 ON 21, 1 GRTST 24HR  1.72 ON 13-13      TO 1/4 MILE OR LESS
LOWEST:     23 ON 17                               3 = THUNDER
                        SNOW, ICE PELLETS, HAIL    4 = ICE PELLETS
                        TOTAL MONTH:   0.0 INCH    5 = HAIL
                        GRTST 24HR     0.0         6 = FREEZING RAIN OR DRIZZLE
                        GRTST DEPTH:   0           7 = DUSTSTORM OR SANDSTORM:
                                                       VSBY 1/2 MILE OR LESS
                                                   8 = SMOKE OR HAZE
[NO. OF DAYS WITH]      [WEATHER - DAYS WITH]      9 = BLOWING SNOW
                                                   X = TORNADO
MAX 32 OR BELOW:   0    0.01 INCH OR MORE:   8
MAX 90 OR ABOVE:   0    0.10 INCH OR MORE:   5
MIN 32 OR BELOW:   8    0.50 INCH OR MORE:   2
MIN  0 OR BELOW:   0    1.00 INCH OR MORE:   1

[HDD (BASE 65) ]
TOTAL THIS MO.   361    CLEAR  (SCALE 0-3)  12
DPTR FM NORMAL    72    PTCLDY (SCALE 4-7)   8
TOTAL FM JUL 1  2101    CLOUDY (SCALE 8-10)  2
DPTR FM NORMAL  -334

[CDD (BASE 65) ]
TOTAL THIS MO.     8
DPTR FM NORMAL     8    [PRESSURE DATA]
TOTAL FM JAN 1    14    HIGHEST SLP M ON M
DPTR FM NORMAL    11    LOWEST  SLP 29.47 ON 14

[REMARKS]
