000
CXUS52 KMHX 300700
CF6EWN
PRELIMINARY LOCAL CLIMATOLOGICAL DATA (WS FORM: F-6)

                                          STATION:   NEW BERN NC
                                          MONTH:     JULY
                                          YEAR:      2015
                                          LATITUDE:   35  4 N
                                          LONGITUDE:  77  3 W

  TEMPERATURE IN F:       :PCPN:    SNOW:  WIND      :SUNSHINE: SKY     :PK WND
================================================================================
1   2   3   4   5  6A  6B    7    8   9   10  11  12  13   14  15   16   17  18
                                     12Z  AVG MX 2MIN
DY MAX MIN AVG DEP HDD CDD  WTR  SNW DPTH SPD SPD DIR MIN PSBL S-S WX    SPD DR
================================================================================

 1  88  72  80   0   0  15 0.00  0.0    0  6.5 13 220   M    M   1        16 220
 2  91  74  83   3   0  18 0.13  0.0    0  7.9 22 230   M    M   1 38     30 230
 3  87  71  79  -1   0  14 0.24  0.0    0  6.6 17 230   M    M   5 13     24 210
 4  91  73  82   2   0  17 0.00  0.0    0 10.4 21 260   M    M   1        29 270
 5  92  77  85   5   0  20 0.00  0.0    0  7.3 15 170   M    M   0        20 170
 6  89  76  83   3   0  18 0.16  0.0    0  7.7 16 170   M    M   1 13     22 180
 7  91  74  83   3   0  18 0.00  0.0    0  7.4 16 220   M    M   1 1      22 180
 8  92  76  84   4   0  19 0.00  0.0    0  8.4 16 220   M    M   0        21 210
 9  94  76  85   4   0  20 0.00  0.0    0  8.0 15 170   M    M   0        21 170
10  97  77  87   6   0  22 0.00  0.0    0  7.1 14 260   M    M   1        18 290
11  96  74  85   4   0  20 0.42  0.0    0  4.1 29 170   M    M   2 138    35 180
12  87  74  81   0   0  16 0.06  0.0    0  6.3 13 330   M    M   7 1      16 340
13  79  71  75  -6   0  10 1.19  0.0    0  4.5 17 330   M    M   3 138    24 330
14  89  72  81   0   0  16    T  0.0    0  8.0 15 220   M    M   2        21 200
15  91  76  84   3   0  19 0.00  0.0    0  6.9 15 260   M    M   1        21 230
16  88  74  81   0   0  16    T  0.0    0  6.2 15  90   M    M   6        21 110
17  89  72  81   0   0  16 0.00  0.0    0  5.3 12  30   M    M   2 18     16 140
18  92  69  81   0   0  16 0.01  0.0    0  3.5 20 350   M    M   2 138    24 350
19  94  74  84   3   0  19 0.07  0.0    M  6.5 15 200   M    M   2 13     20 200
20  95  75  85   4   0  20 0.00  0.0    0  5.7 14 220   M    M   1 1      19 220
21  96  75  86   5   0  21 0.81  0.0    0  7.5 23 340   M    M   3 138    38 330
22  91  75  83   2   0  18 0.00  0.0    0  4.4 12  40   M    M   3        15  40
23  81  73  77  -4   0  12 4.76  0.0    0  4.2 22  30   M    M   6 123    25  30
24  87  68  78  -3   0  13 0.00  0.0    0  8.4 16  40   M    M   5 8      22  50
25  87  64  76  -5   0  11 0.00  0.0    0  5.0 14  40   M    M   1 1      18  40
26  89  62  76  -5   0  11 0.00  0.0    0  4.3 12 140   M    M   1 12     16 140
27  90  69  80  -1   0  15    T  0.0    0  3.6 12 140   M    M   0 1      15 150
28  89  69  79  -1   0  14 0.00  0.0    0  3.7 13 130   M    M   1 128    16 140
29  91  72  82   2   0  17 0.00  0.0    0  4.2 14 140   M    M   0 1      24 350
================================================================================
SM 2613 2104         0 481  7.85     0.0 179.6          M       59
================================================================================
AV 90.1 72.6                               6.2 FASTST   M    M   2    MAX(MPH)
                                 MISC ---->  # 29 170               # 38  330
================================================================================
NOTES:
# LAST OF SEVERAL OCCURRENCES

COLUMN 17 PEAK WIND IN M.P.H.

PRELIMINARY LOCAL CLIMATOLOGICAL DATA (WS FORM: F-6) , PAGE 2

                                          STATION:  NEW BERN NC
                                          MONTH:    JULY
                                          YEAR:     2015
                                          LATITUDE:   35  4 N
                                          LONGITUDE:  77  3 W

[TEMPERATURE DATA]      [PRECIPITATION DATA]       SYMBOLS USED IN COLUMN 16

AVERAGE MONTHLY: 81.3   TOTAL FOR MONTH:   7.85    1 = FOG OR MIST
DPTR FM NORMAL:   0.7   DPTR FM NORMAL:    2.12    2 = FOG REDUCING VISIBILITY
HIGHEST:    97 ON 10    GRTST 24HR  4.76 ON 23-23      TO 1/4 MILE OR LESS
LOWEST:     62 ON 26                               3 = THUNDER
                        SNOW, ICE PELLETS, HAIL    4 = ICE PELLETS
                        TOTAL MONTH:   0.0 INCH    5 = HAIL
                        GRTST 24HR     0.0         6 = FREEZING RAIN OR DRIZZLE
                        GRTST DEPTH:   0           7 = DUSTSTORM OR SANDSTORM:
                                                       VSBY 1/2 MILE OR LESS
                                                   8 = SMOKE OR HAZE
[NO. OF DAYS WITH]      [WEATHER - DAYS WITH]      9 = BLOWING SNOW
                                                   X = TORNADO
MAX 32 OR BELOW:   0    0.01 INCH OR MORE:  10
MAX 90 OR ABOVE:  16    0.10 INCH OR MORE:   7
MIN 32 OR BELOW:   0    0.50 INCH OR MORE:   3
MIN  0 OR BELOW:   0    1.00 INCH OR MORE:   2

[HDD (BASE 65) ]
TOTAL THIS MO.     0    CLEAR  (SCALE 0-3)  23
DPTR FM NORMAL     0    PTCLDY (SCALE 4-7)   6
TOTAL FM JUL 1     0    CLOUDY (SCALE 8-10)  0
DPTR FM NORMAL     0

[CDD (BASE 65) ]
TOTAL THIS MO.   481
DPTR FM NORMAL    25    [PRESSURE DATA]
TOTAL FM JAN 1  1255    HIGHEST SLP M ON M
DPTR FM NORMAL   191    LOWEST  SLP 29.65 ON 15

[REMARKS]
