000
CXUS52 KRAH 211345
CF6FAY
PRELIMINARY LOCAL CLIMATOLOGICAL DATA (WS FORM: F-6)

                                          STATION:   FAYETTEVILLE REGL AIRPORT NC
                                          MONTH:     JULY
                                          YEAR:      2017
                                          LATITUDE:   35  0 N
                                          LONGITUDE:  78 53 W

  TEMPERATURE IN F:       :PCPN:    SNOW:  WIND      :SUNSHINE: SKY     :PK WND
================================================================================
1   2   3   4   5  6A  6B    7    8   9   10  11  12  13   14  15   16   17  18
                                     12Z  AVG MX 2MIN
DY MAX MIN AVG DEP HDD CDD  WTR  SNW DPTH SPD SPD DIR MIN PSBL S-S WX    SPD DR
================================================================================

 1  91  75  83   2   0  18 0.02    M    M  8.1 15 250   M    M   6 1      18 260
 2  95  73  84   3   0  19 0.00    M    M  6.4 15 210   M    M   1        18 220
 3  94  74  84   3   0  19 1.35    M    M  5.0 33 100   M    M   3 138    42  60
 4  92  75  84   3   0  19    T    M    M  3.3 12 240   M    M   5 1      15 250
 5  96  76  86   5   0  21 0.00    M    M  6.5 15 260   M    M   1        19 250
 6  98  76  87   6   0  22 0.00    M    M  9.0 17 220   M    M   1 3      22 220
 7  99  78  89   8   0  24 0.03    M    M 11.4 24 240   M    M   2 3      30 240
 8  95  75  85   4   0  20    T    M    M  9.7 23 300   M    M   0 3      31 300
 9  92  73  83   2   0  18 0.00    M    M  5.4 14 150   M    M   5        17 150
10  90  74  82   1   0  17 0.84    M    M  5.6 17 130   M    M   4 138    24 150
11  94  73  84   2   0  19 0.00    M    M  6.9 15 220   M    M   4 1      17 210
12  96  77  87   5   0  22 0.00    M    M  8.3 15 230   M    M   0        19 210
13  97  78  88   6   0  23 0.00    M    M  8.6 16 210   M    M   1        20 220
14  99  80  90   8   0  25 0.00    M    M 10.1 17 200   M    M   1        23 220
15  98  75  87   5   0  22 2.05    M    M  8.2 24  30   M    M   2 123    37  10
16  91  75  83   1   0  18    T    M    M  6.7 14 210   M    M   5 3      19 230
17  88  76  82   0   0  17 0.00    M    M  7.0 15 210   M    M   3        20 180
18  89  73  81  -1   0  16 0.81    M    M  4.4 23 160   M    M   4 138    27 150
19  92  74  83   1   0  18 0.00    M    M  4.1 12 130   M    M   1        14 120
20  97  74  86   4   0  21 0.00    M    M  5.3 13 190   M    M   1        16 200
================================================================================
SM 1883 1504         0 398  5.10    M    140.0          M       50
================================================================================
AV 94.2 75.2                               7.0 FASTST   M    M   3    MAX(MPH)
                                 MISC ---->  # 33 100               # 42   60
================================================================================
NOTES:
# LAST OF SEVERAL OCCURRENCES

COLUMN 17 PEAK WIND IN M.P.H.

PRELIMINARY LOCAL CLIMATOLOGICAL DATA (WS FORM: F-6) , PAGE 2

                                          STATION:  FAYETTEVILLE REGL AIRPORT NC
                                          MONTH:    JULY
                                          YEAR:     2017
                                          LATITUDE:   35  0 N
                                          LONGITUDE:  78 53 W

[TEMPERATURE DATA]      [PRECIPITATION DATA]       SYMBOLS USED IN COLUMN 16

AVERAGE MONTHLY: 84.7   TOTAL FOR MONTH:   5.10    1 = FOG OR MIST
DPTR FM NORMAL:   3.2   DPTR FM NORMAL:    1.42    2 = FOG REDUCING VISIBILITY
HIGHEST:    99 ON 14, 7 GRTST 24HR  2.05 ON 15-15      TO 1/4 MILE OR LESS
LOWEST:     73 ON 18,11                            3 = THUNDER
                        SNOW, ICE PELLETS, HAIL    4 = ICE PELLETS
                        TOTAL MONTH:    M          5 = HAIL
                        GRTST 24HR    M  ON   M    6 = FREEZING RAIN OR DRIZZLE
                        GRTST DEPTH:  M  ON   M    7 = DUSTSTORM OR SANDSTORM:
                                                       VSBY 1/2 MILE OR LESS
                                                   8 = SMOKE OR HAZE
[NO. OF DAYS WITH]      [WEATHER - DAYS WITH]      9 = BLOWING SNOW
                                                   X = TORNADO
MAX 32 OR BELOW:   0    0.01 INCH OR MORE:   6
MAX 90 OR ABOVE:  18    0.10 INCH OR MORE:   4
MIN 32 OR BELOW:   0    0.50 INCH OR MORE:   4
MIN  0 OR BELOW:   0    1.00 INCH OR MORE:   2

[HDD (BASE 65) ]
TOTAL THIS MO.     0    CLEAR  (SCALE 0-3)  12
DPTR FM NORMAL     0    PTCLDY (SCALE 4-7)   8
TOTAL FM JUL 1     0    CLOUDY (SCALE 8-10)  0
DPTR FM NORMAL     0

[CDD (BASE 65) ]
TOTAL THIS MO.   398
DPTR FM NORMAL    69    [PRESSURE DATA]
TOTAL FM JAN 1  1333    HIGHEST SLP M ON M
DPTR FM NORMAL   324    LOWEST  SLP 29.84 ON  8

[REMARKS]
