525
CXUS52 KRAH 241345
CF6FAY
PRELIMINARY LOCAL CLIMATOLOGICAL DATA (WS FORM: F-6)

                                          STATION:   FAYETTEVILLE REGL AIRPORT NC
                                          MONTH:     FEBRUARY
                                          YEAR:      2018
                                          LATITUDE:   35  0 N
                                          LONGITUDE:  78 53 W

  TEMPERATURE IN F:       :PCPN:    SNOW:  WIND      :SUNSHINE: SKY     :PK WND
================================================================================
1   2   3   4   5  6A  6B    7    8   9   10  11  12  13   14  15   16   17  18
                                     12Z  AVG MX 2MIN
DY MAX MIN AVG DEP HDD CDD  WTR  SNW DPTH SPD SPD DIR MIN PSBL S-S WX    SPD DR
================================================================================

 1  66  31  49   4  16   0 0.00    M    M 11.6 23 210   M    M   2        30 220
 2  58  28  43  -2  22   0 0.14    M    M 11.3 24 330   M    M   3 18     33  10
 3  44  21  33 -13  32   0 0.00    M    M  4.7 13  10   M    M   0        15  10
 4  62  31  47   1  18   0 0.85    M    M  7.1 20 250   M    M   7 1      26 230
 5  56  33  45  -1  20   0 0.00    M    M  6.7 16 310   M    M   4 8      21 270
 6  65  31  48   2  17   0 0.00    M    M  4.3 15 250   M    M   5 12     21 230
 7  71  42  57  11   8   0 0.08    M    M  9.8 28 190   M    M   7 1      34 180
 8  60  37  49   3  16   0 0.01    M    M  7.7 24 310   M    M   6 1      32 310
 9  63  29  46   0  19   0 0.00    M    M  4.6 14 100   M    M   2 1      18 120
10  73  51  62  16   3   0 0.24    M    M  6.9 16 220   M    M   7 1      21 220
11  76  66  71  24   0   6 0.01    M    M 13.4 22 190   M    M   9        32 200
12  73  45  59  12   6   0 0.01    M    M 10.4 29  30   M    M   6 1      35  30
13  47  40  44  -3  21   0 0.01    M    M  9.5 17  20   M    M  10 18     23  20
14  61  41  51   4  14   0 0.00    M    M  4.5 12 220   M    M   7 1      15 230
15  80  56  68  21   0   3 0.00    M    M 13.7 23 230   M    M   2        31 250
16  82  63  73  26   0   8 0.00    M    M 15.3 26 230   M    M   5        34 230
17  63  50  57   9   8   0    T  0.0    0  6.9 16  70   M    M  10 1      22  80
18  66  47  57   9   8   0    T    M    M  7.9 17 130   M    M   6 1      22 130
19  56  45  51   3  14   0 0.07    M    M  5.2 10  90   M    M  10 18     12 110
20  81  52  67  19   0   2 0.00    M    M  5.9 17 210   M    M   7 12     21 210
21  81  61  71  23   0   6 0.00    M    M  7.0 15 220   M    M   6 12     18 230
22  79  63  71  22   0   6 0.00    M    M  7.6 16 210   M    M   6 12     19 210
23  80  55  68  19   0   3 0.00    M    M  4.1 14 180   M    M   6 12     16 180
================================================================================
SM 1543 1018       242  34  1.42     0.0 186.1          M      133
================================================================================
AV 67.1 44.3                               8.1 FASTST   M    M   6    MAX(MPH)
                                 MISC ---->  # 29  30               # 35   30
================================================================================
NOTES:
# LAST OF SEVERAL OCCURRENCES

COLUMN 17 PEAK WIND IN M.P.H.

PRELIMINARY LOCAL CLIMATOLOGICAL DATA (WS FORM: F-6) , PAGE 2

                                          STATION:  FAYETTEVILLE REGL AIRPORT NC
                                          MONTH:    FEBRUARY
                                          YEAR:     2018
                                          LATITUDE:   35  0 N
                                          LONGITUDE:  78 53 W

[TEMPERATURE DATA]      [PRECIPITATION DATA]       SYMBOLS USED IN COLUMN 16

AVERAGE MONTHLY: 55.7   TOTAL FOR MONTH:   1.42    1 = FOG OR MIST
DPTR FM NORMAL:   8.8   DPTR FM NORMAL:   -0.86    2 = FOG REDUCING VISIBILITY
HIGHEST:    82 ON 16    GRTST 24HR  0.85 ON  4- 4      TO 1/4 MILE OR LESS
LOWEST:     21 ON  3                               3 = THUNDER
                        SNOW, ICE PELLETS, HAIL    4 = ICE PELLETS
                        TOTAL MONTH:   0.0 INCH    5 = HAIL
                        GRTST 24HR     0.0         6 = FREEZING RAIN OR DRIZZLE
                        GRTST DEPTH:   0           7 = DUSTSTORM OR SANDSTORM:
                                                       VSBY 1/2 MILE OR LESS
                                                   8 = SMOKE OR HAZE
[NO. OF DAYS WITH]      [WEATHER - DAYS WITH]      9 = BLOWING SNOW
                                                   X = TORNADO
MAX 32 OR BELOW:   0    0.01 INCH OR MORE:   9
MAX 90 OR ABOVE:   0    0.10 INCH OR MORE:   3
MIN 32 OR BELOW:   6    0.50 INCH OR MORE:   1
MIN  0 OR BELOW:   0    1.00 INCH OR MORE:   0

[HDD (BASE 65) ]
TOTAL THIS MO.   242    CLEAR  (SCALE 0-3)   5
DPTR FM NORMAL  -179    PTCLDY (SCALE 4-7)  14
TOTAL FM JUL 1  2029    CLOUDY (SCALE 8-10)  4
DPTR FM NORMAL  -118

[CDD (BASE 65) ]
TOTAL THIS MO.    34
DPTR FM NORMAL    34    [PRESSURE DATA]
TOTAL FM JAN 1    34    HIGHEST SLP M ON M
DPTR FM NORMAL    32    LOWEST  SLP 29.75 ON 16

[REMARKS]
