000
CXUS53 KLMK 280800
CF6FFT
PRELIMINARY LOCAL CLIMATOLOGICAL DATA (WS FORM: F-6)

                                          STATION:   FRANKFORT KY
                                          MONTH:     JULY
                                          YEAR:      2015
                                          LATITUDE:   38 10 N
                                          LONGITUDE:  84 54 W

  TEMPERATURE IN F:       :PCPN:    SNOW:  WIND      :SUNSHINE: SKY     :PK WND
================================================================================
1   2   3   4   5  6A  6B    7    8   9   10  11  12  13   14  15   16   17  18
                                     12Z  AVG MX 2MIN
DY MAX MIN AVG DEP HDD CDD  WTR  SNW DPTH SPD SPD DIR MIN PSBL S-S WX    SPD DR
================================================================================

 1  79  64  72  -4   0   7 0.08    M    M  2.7 14 220   M    M   4 18     16 220
 2  79  68  74  -2   0   9 1.37    M    M  4.8 17 240   M    M   8 138    23 230
 3  79  67  73  -3   0   8 1.43    M    M  3.5 15  10   M    M   9 13     19  40
 4  82  67  75  -1   0  10    T    M    M  2.1  7  20   M    M   6 18     11 350
 5  80  65  73  -3   0   8 0.00    M    M  3.5  9  90   M    M   1 18     12  80
 6  85  61  73  -3   0   8 0.00    M    M  4.3 13 230   M    M   1 18     17 230
 7  80  70  75  -1   0  10 0.23    M    M  8.5 28 220   M    M   6 13     36 210
 8  80  71  76   0   0  11 0.01    M    M  7.1 14 220   M    M   7 1      19 230
 9  82  71  77   1   0  12 0.04    M    M  9.8 30 220   M    M   6 1      39 220
10  82  68  75  -1   0  10 1.06    M    M  4.6 29 210   M    M   7 138    40 220
11  82  66  74  -2   0   9 0.00    M    M  1.8  7 140   M    M   5 18     10 310
12  87  69  78   2   0  13 1.14    M    M  6.4 21 330   M    M   4 138    28 330
13  88  68  78   2   0  13 0.48    M    M  5.1 30 350   M    M   2 13     44 360
14  90  68  79   3   0  14 2.22    M    M  7.6 29 320   M    M   2 13     41 330
15  81  65  73  -3   0   8 0.00    M    M  4.2 12 340   M    M   7 1      16 350
16  84  65  75  -1   0  10 0.00    M    M  3.3  9 110   M    M   1 18     12 120
17  90  67  79   3   0  14 1.16    M    M  7.1 21 330   M    M   3 13     26 310
18  91  70  81   5   0  16 0.09    M    M  6.1 15 230   M    M   2 1      18 250
19  90  72  81   5   0  16 0.01    M    M  5.2 21 180   M    M   2 138    26 190
20  86  70  78   2   0  13 0.03    M    M  3.4 16 230   M    M   3 138    22 220
21  87  71  79   3   0  14 0.69    M    M  5.3 18 270   M    M   5 13     25 270
22  83  65  74  -2   0   9 0.00    M    M  3.6 10 330   M    M   0        15  60
23  85  62  74  -2   0   9 0.00    M    M  4.1 10  40   M    M   3        15  70
24  86  60  73  -3   0   8 0.00    M    M  2.4 10  60   M    M   1        14  90
25  87  62  75  -1   0  10 0.00    M    M  1.6  8 300   M    M   0 1      10 290
26  88  68  78   2   0  13 0.00    M    M  3.2 10 220   M    M   1 1      13 220
27  87  73  80   4   0  15 0.08    M    M  3.3 13 250   M    M   2 138    19 250
================================================================================
SM 2280 1813         0 297 10.12    M    124.6          M       98
================================================================================
AV 84.4 67.1                               4.6 FASTST   M    M   4    MAX(MPH)
                                 MISC ---->  # 30 220               # 44  360
================================================================================
NOTES:
# LAST OF SEVERAL OCCURRENCES

COLUMN 17 PEAK WIND IN M.P.H.

PRELIMINARY LOCAL CLIMATOLOGICAL DATA (WS FORM: F-6) , PAGE 2

                                          STATION:  FRANKFORT KY
                                          MONTH:    JULY
                                          YEAR:     2015
                                          LATITUDE:   38 10 N
                                          LONGITUDE:  84 54 W

[TEMPERATURE DATA]      [PRECIPITATION DATA]       SYMBOLS USED IN COLUMN 16

AVERAGE MONTHLY: 75.8   TOTAL FOR MONTH:  10.12    1 = FOG OR MIST
DPTR FM NORMAL:  -0.2   DPTR FM NORMAL:    6.25    2 = FOG REDUCING VISIBILITY
HIGHEST:    91 ON 18    GRTST 24HR  2.53 ON 13-14      TO 1/4 MILE OR LESS
LOWEST:     60 ON 24                               3 = THUNDER
                        SNOW, ICE PELLETS, HAIL    4 = ICE PELLETS
                        TOTAL MONTH:    M          5 = HAIL
                        GRTST 24HR    M  ON   M    6 = FREEZING RAIN OR DRIZZLE
                        GRTST DEPTH:  M  ON   M    7 = DUSTSTORM OR SANDSTORM:
                                                       VSBY 1/2 MILE OR LESS
                                                   8 = SMOKE OR HAZE
[NO. OF DAYS WITH]      [WEATHER - DAYS WITH]      9 = BLOWING SNOW
                                                   X = TORNADO
MAX 32 OR BELOW:   0    0.01 INCH OR MORE:  16
MAX 90 OR ABOVE:   4    0.10 INCH OR MORE:   9
MIN 32 OR BELOW:   0    0.50 INCH OR MORE:   7
MIN  0 OR BELOW:   0    1.00 INCH OR MORE:   6

[HDD (BASE 65) ]
TOTAL THIS MO.     0    CLEAR  (SCALE 0-3)  15
DPTR FM NORMAL     0    PTCLDY (SCALE 4-7)  11
TOTAL FM JUL 1     0    CLOUDY (SCALE 8-10)  1
DPTR FM NORMAL     0

[CDD (BASE 65) ]
TOTAL THIS MO.   297
DPTR FM NORMAL     0    [PRESSURE DATA]
TOTAL FM JAN 1   748    HIGHEST SLP M ON M
DPTR FM NORMAL   116    LOWEST  SLP 29.57 ON 14

[REMARKS]
