000
CXUS53 KLMK 280800
CF6FFT
PRELIMINARY LOCAL CLIMATOLOGICAL DATA (WS FORM: F-6)

                                          STATION:   FRANKFORT KY
                                          MONTH:     JUNE
                                          YEAR:      2017
                                          LATITUDE:   38 10 N
                                          LONGITUDE:  84 54 W

  TEMPERATURE IN F:       :PCPN:    SNOW:  WIND      :SUNSHINE: SKY     :PK WND
================================================================================
1   2   3   4   5  6A  6B    7    8   9   10  11  12  13   14  15   16   17  18
                                     12Z  AVG MX 2MIN
DY MAX MIN AVG DEP HDD CDD  WTR  SNW DPTH SPD SPD DIR MIN PSBL S-S WX    SPD DR
================================================================================

 1  82  55  69   0   0   4 0.00    M    M  3.4 12 290   M    M   1        15 270
 2  84  52  68  -1   0   3 0.00    M    M  1.6  9  60   M    M   0        15  40
 3  87  54  71   2   0   6 0.00    M    M  1.9  9  50   M    M   0        12  50
 4  88  56  72   2   0   7 0.00    M    M  3.1 10 220   M    M   0        14 220
 5  84  62  73   3   0   8 0.50    M    M  5.1 21 360   M    M   5 13     31 360
 6  79  60  70   0   0   5 0.00    M    M  5.8 14 340   M    M   3 12     21 350
 7  70  57  64  -6   1   0 0.00    M    M  6.3 13  50   M    M   6        17  40
 8  75  54  65  -6   0   0 0.00    M    M  3.8 10 350   M    M   4        14  40
 9  82  51  67  -4   0   2 0.00    M    M  4.7 13 230   M    M   0        16 220
10  85  56  71   0   0   6 0.00    M    M  6.5 17 220   M    M   0        24 190
11  89  62  76   4   0  11 0.00    M    M  7.4 17 220   M    M   1        22 220
12  92  68  80   8   0  15 0.00    M    M  5.8 18 200   M    M   2 3      23 210
13  91  69  80   8   0  15 0.02    M    M  5.3 15 230   M    M   3 3      20 210
14  90  67  79   7   0  14 0.05    M    M  6.0 17  90   M    M   1        21 100
15  83  69  76   3   0  11 0.21    M    M  7.6 17 220   M    M   3 1      22 230
16  88  68  78   5   0  13 0.00    M    M  2.6  9 240   M    M   5 18     12 200
17  90  66  78   5   0  13 0.00    M    M  6.7 16 230   M    M   0 18     21 190
18  88  71  80   7   0  15 1.77    M    M 10.2 37 160   M    M   3 13     51 170
19  84  65  75   1   0  10 0.11    M    M  5.6 16 230   M    M   2 1      24 220
20  86  62  74   0   0   9 0.00    M    M  3.5 10 240   M    M   1        16 240
21  89  64  77   3   0  12 0.00    M    M  8.6 18 220   M    M   1        22 200
22  80  70  75   1   0  10 0.64    M    M  7.6 22 200   M    M   5 18     29 200
23  85  69  77   3   0  12 2.03    M    M  9.8 23 210   M    M   9 1      29 220
24  81  63  72  -3   0   7    T    M    M  5.7 13 280   M    M   3 12     19 320
25  80  55  68  -7   0   3 0.00    M    M  4.9 16 240   M    M   1        23 290
26  78  54  66  -9   0   1 0.00    M    M  3.9 13 310   M    M   2        18 260
27  77  54  66  -9   0   1 0.06    M    M  3.2 13 320   M    M   3 1      20 290
================================================================================
SM 2267 1653         1 213  5.39    M    146.6          M       64
================================================================================
AV 84.0 61.2                               5.4 FASTST   M    M   2    MAX(MPH)
                                 MISC ---->  # 37 160               # 51  170
================================================================================
NOTES:
# LAST OF SEVERAL OCCURRENCES

COLUMN 17 PEAK WIND IN M.P.H.

PRELIMINARY LOCAL CLIMATOLOGICAL DATA (WS FORM: F-6) , PAGE 2

                                          STATION:  FRANKFORT KY
                                          MONTH:    JUNE
                                          YEAR:     2017
                                          LATITUDE:   38 10 N
                                          LONGITUDE:  84 54 W

[TEMPERATURE DATA]      [PRECIPITATION DATA]       SYMBOLS USED IN COLUMN 16

AVERAGE MONTHLY: 72.6   TOTAL FOR MONTH:   5.39    1 = FOG OR MIST
DPTR FM NORMAL:   0.4   DPTR FM NORMAL:    1.64    2 = FOG REDUCING VISIBILITY
HIGHEST:    92 ON 12    GRTST 24HR  2.03 ON 23-23      TO 1/4 MILE OR LESS
LOWEST:     51 ON  9                               3 = THUNDER
                        SNOW, ICE PELLETS, HAIL    4 = ICE PELLETS
                        TOTAL MONTH:    M          5 = HAIL
                        GRTST 24HR    M  ON   M    6 = FREEZING RAIN OR DRIZZLE
                        GRTST DEPTH:  M  ON   M    7 = DUSTSTORM OR SANDSTORM:
                                                       VSBY 1/2 MILE OR LESS
                                                   8 = SMOKE OR HAZE
[NO. OF DAYS WITH]      [WEATHER - DAYS WITH]      9 = BLOWING SNOW
                                                   X = TORNADO
MAX 32 OR BELOW:   0    0.01 INCH OR MORE:   9
MAX 90 OR ABOVE:   4    0.10 INCH OR MORE:   6
MIN 32 OR BELOW:   0    0.50 INCH OR MORE:   4
MIN  0 OR BELOW:   0    1.00 INCH OR MORE:   2

[HDD (BASE 65) ]
TOTAL THIS MO.     1    CLEAR  (SCALE 0-3)  19
DPTR FM NORMAL    -8    PTCLDY (SCALE 4-7)   7
TOTAL FM JUL 1  3532    CLOUDY (SCALE 8-10)  1
DPTR FM NORMAL -1167

[CDD (BASE 65) ]
TOTAL THIS MO.   213
DPTR FM NORMAL     8    [PRESSURE DATA]
TOTAL FM JAN 1   399    HIGHEST SLP M ON M
DPTR FM NORMAL    95    LOWEST  SLP 29.60 ON 23

[REMARKS]
