000
CXUS53 KMKX 240717
CF6FLD
PRELIMINARY LOCAL CLIMATOLOGICAL DATA (WS FORM: F-6)

                                          STATION:   FOND_DU_LAC WI
                                          MONTH:     JUNE
                                          YEAR:      2017
                                          LATITUDE:   43 46 N
                                          LONGITUDE:  88 29 W

  TEMPERATURE IN F:       :PCPN:    SNOW:  WIND      :SUNSHINE: SKY     :PK WND
================================================================================
1   2   3   4   5  6A  6B    7    8   9   10  11  12  13   14  15   16   17  18
                                     12Z  AVG MX 2MIN
DY MAX MIN AVG DEP HDD CDD  WTR  SNW DPTH SPD SPD DIR MIN PSBL S-S WX    SPD DR
================================================================================

 1  77  43  60  -3   5   0 0.00    M    0  5.7 17 300   M    M   0 8      31 270
 2  85  47  66   3   0   1 0.00  0.0    0  5.7 16 140   M    M   2 8      19 140
 3  84  59  72   8   0   7 0.16  0.0    0  9.5 21 200   M    M   3 13     28 250
 4  85  63  74  10   0   9 0.19  0.0    0  7.6 16 310   M    M   1 13     23 300
 5  74  58  66   2   0   1 0.00  0.0    0 10.9 18  20   M    M   3        32  30
 6  76  50  63  -2   2   0 0.00    M    M  9.1 16  10   M    M   0        22  30
 7  79  50  65   0   0   0 0.00    M    M  3.2 14  40   M    M   0        17  50
 8  83  54  69   4   0   4    T    M    M  7.5 17 200   M    M   2        23 200
 9  77  59  68   2   0   3 0.00  0.0    0  9.1 16  30   M    M   2 18     20  40
10  91  62  77  11   0  12 0.00  0.0    0 16.3 31 220   M    M   0        40 220
11  93  74  84  18   0  19 0.00  0.0    0 13.6 22 170   M    M   2        27 170
12  88  68  78  11   0  13 1.15  0.0    0 10.2 33 290   M    M   5 138    48 300
13  83  66  75   8   0  10 0.30  0.0    0  7.4 17  30   M    M   3 13     21  30
14  88  66  77  10   0  12 0.49  0.0    0  9.3 29 300   M    M   1 13     35 300
15  87  65  76   8   0  11 0.01  0.0    0  7.7 20 270   M    M   1        27 260
16  86  63  75   7   0  10    T  0.0    0  8.3 24 240   M    M   1        32 220
17  83  66  75   7   0  10    T  0.0    0  5.8 16 200   M    M   4        23 200
18  75  63  69   1   0   4    M  0.0    0 12.0 24 290   M    M   6 13     33 280
19  72  57  65  -4   0   0 0.04  0.0    0  9.2 23 320   M    M   4 3      27 320
20  72  56  64  -5   1   0 0.17  0.0    0  7.5 20 320   M    M   4        26 310
21  77  54  66  -3   0   1 0.00  0.0    0  6.7 15 190   M    M   1        20 170
22  77  66  72   2   0   7 0.89  0.0    0  6.1 17 210   M    M   6 13     25 280
23  79  61  70   0   0   5 0.22    M    M  9.5 21 320   M    M   3 13     29 270
================================================================================
SM 1871 1370         8 139  3.62     0.0 197.9          M       54
================================================================================
AV 81.4 59.6                               8.6 FASTST   M    M   2    MAX(MPH)
                                 MISC ---->  # 33 290               # 48  300
================================================================================
NOTES:
# LAST OF SEVERAL OCCURRENCES

COLUMN 17 PEAK WIND IN M.P.H.

PRELIMINARY LOCAL CLIMATOLOGICAL DATA (WS FORM: F-6) , PAGE 2

                                          STATION:  FOND_DU_LAC WI
                                          MONTH:    JUNE
                                          YEAR:     2017
                                          LATITUDE:   43 46 N
                                          LONGITUDE:  88 29 W

[TEMPERATURE DATA]      [PRECIPITATION DATA]       SYMBOLS USED IN COLUMN 16

AVERAGE MONTHLY: 70.5   TOTAL FOR MONTH:   3.62    1 = FOG OR MIST
DPTR FM NORMAL:   3.9   DPTR FM NORMAL:    0.38    2 = FOG REDUCING VISIBILITY
HIGHEST:    93 ON 11    GRTST 24HR  1.15 ON 12-12      TO 1/4 MILE OR LESS
LOWEST:     43 ON  1                               3 = THUNDER
                        SNOW, ICE PELLETS, HAIL    4 = ICE PELLETS
                        TOTAL MONTH:   0.0 INCH    5 = HAIL
                        GRTST 24HR     0.0         6 = FREEZING RAIN OR DRIZZLE
                        GRTST DEPTH:   0           7 = DUSTSTORM OR SANDSTORM:
                                                       VSBY 1/2 MILE OR LESS
                                                   8 = SMOKE OR HAZE
[NO. OF DAYS WITH]      [WEATHER - DAYS WITH]      9 = BLOWING SNOW
                                                   X = TORNADO
MAX 32 OR BELOW:   0    0.01 INCH OR MORE:  10
MAX 90 OR ABOVE:   2    0.10 INCH OR MORE:   8
MIN 32 OR BELOW:   0    0.50 INCH OR MORE:   2
MIN  0 OR BELOW:   0    1.00 INCH OR MORE:   1

[HDD (BASE 65) ]
TOTAL THIS MO.     8    CLEAR  (SCALE 0-3)  15
DPTR FM NORMAL   -41    PTCLDY (SCALE 4-7)   8
TOTAL FM JUL 1  6322    CLOUDY (SCALE 8-10)  0
DPTR FM NORMAL  -920

[CDD (BASE 65) ]
TOTAL THIS MO.   139
DPTR FM NORMAL    56    [PRESSURE DATA]
TOTAL FM JAN 1   153    HIGHEST SLP M ON M
DPTR FM NORMAL    39    LOWEST  SLP 29.48 ON 18

[REMARKS]
