000
CXUS54 KLZK 251330
CF6FLP
PRELIMINARY LOCAL CLIMATOLOGICAL DATA (WS FORM: F-6)

                                          STATION:   Flippin
                                          MONTH:     MAY
                                          YEAR:      2015
                                          LATITUDE:   36 17 N
                                          LONGITUDE:  92 28 W

  TEMPERATURE IN F:       :PCPN:    SNOW:  WIND      :SUNSHINE: SKY     :PK WND
================================================================================
1   2   3   4   5  6A  6B    7    8   9   10  11  12  13   14  15   16   17  18
                                     12Z  AVG MX 2MIN
DY MAX MIN AVG DEP HDD CDD  WTR  SNW DPTH SPD SPD DIR MIN PSBL S-S WX    SPD DR
================================================================================

 1  73  43  58   M   7   0 0.00  0.0    0  1.7  7  90   M    M   0         M  M
 2  79  43  61   M   4   0 0.00  0.0    0  2.3 10 240   M    M   0         M  M
 3  82  52  67   M   0   2 0.00  0.0    0  4.3 13 210   M    M   1        18 200
 4  82  57  70   M   0   5 0.00  0.0    0  4.6 12 230   M    M   1        17 230
 5  82  54  68   M   0   3 0.00  0.0    0  3.9 12 130   M    M   2        18 180
 6  82  57  70   M   0   5 0.00  0.0    0  4.7 10 150   M    M   1        18 150
 7  81  61  71   M   0   6 0.02  0.0    0  3.2 10 180   M    M   3        17 180
 8  79  64  72   M   0   7 0.52  0.0    0  3.8 10 220   M    M   5         M  M
 9  73  64  69   M   0   4 0.36  0.0    0  3.3  8 160   M    M   5 3       M  M
10  77  63  70   M   0   5 1.90  0.0    0  5.8 12 240   M    M   4 3      17 190
11  73  54  64   M   1   0 1.04  0.0    0  6.8 15 270   M    M   5        22 270
12  70  48  59   M   6   0 0.00  0.0    0  3.2 10  20   M    M   0         M  M
13  72  43  58   M   7   0 0.00  0.0    0  3.5 14 110   M    M   4        18 110
14  79  57  68   M   0   3 0.11  0.0    0  4.2 10 190   M    M   4        17 170
15  81  63  72   M   0   7 0.35  0.0    0  3.2 10 180   M    M   2 3      17 180
16  81  68  75   M   0  10 0.17  0.0    0  5.5  9 170   M    M   6        17 160
17  79  63  71   M   0   6 1.52  0.0    0  4.0 12 240   M    M   4 3      16 180
18  84  61  73   M   0   8 0.00  0.0    0  2.7  8 360   M    M   4         M  M
19  75  57  66   M   0   1 0.00  0.0    0  4.8 10  30   M    M   4         M  M
20  72  55  64   M   1   0 0.67  0.0    0  6.8 14 310   M    M  10        21 300
21  64  48  56   M   9   0 0.00  0.0    0  6.0 10 350   M    M   5        18 360
22  68  43  56   M   9   0 0.00  0.0    0  2.7  7 110   M    M   2         M  M
23  75  55  65   M   0   0 0.02  0.0    0  4.2 12 110   M    M   5        18 110
24  81  63  72   M   0   7 0.20  0.0    0  5.7 12 140   M    M   4 3      22 150
================================================================================
SM 1844 1336        44  79  6.88     0.0 100.9          M       81
================================================================================
AV 76.8 55.7                               4.2 FASTST   M    M   3    MAX(MPH)
                                 MISC ---->  # 15 270                 22    M
================================================================================
NOTES:
# LAST OF SEVERAL OCCURRENCES

COLUMN 17 PEAK WIND IN M.P.H.

PRELIMINARY LOCAL CLIMATOLOGICAL DATA (WS FORM: F-6) , PAGE 2

                                          STATION:  Flippin
                                          MONTH:    MAY
                                          YEAR:     2015
                                          LATITUDE:   36 17 N
                                          LONGITUDE:  92 28 W

[TEMPERATURE DATA]      [PRECIPITATION DATA]       SYMBOLS USED IN COLUMN 16

AVERAGE MONTHLY: 66.2   TOTAL FOR MONTH:   6.88    1 = FOG OR MIST
DPTR FM NORMAL:     M   DPTR FM NORMAL:       M    2 = FOG REDUCING VISIBILITY
HIGHEST:    84 ON 18    GRTST 24HR  1.90 ON 10-10      TO 1/4 MILE OR LESS
LOWEST:     43 ON 22,13                            3 = THUNDER
                        SNOW, ICE PELLETS, HAIL    4 = ICE PELLETS
                        TOTAL MONTH:   0.0 INCH    5 = HAIL
                        GRTST 24HR     0.0         6 = FREEZING RAIN OR DRIZZLE
                        GRTST DEPTH:   0           7 = DUSTSTORM OR SANDSTORM:
                                                       VSBY 1/2 MILE OR LESS
                                                   8 = SMOKE OR HAZE
[NO. OF DAYS WITH]      [WEATHER - DAYS WITH]      9 = BLOWING SNOW
                                                   X = TORNADO
MAX 32 OR BELOW:   0    0.01 INCH OR MORE:  12
MAX 90 OR ABOVE:   0    0.10 INCH OR MORE:  10
MIN 32 OR BELOW:   0    0.50 INCH OR MORE:   5
MIN  0 OR BELOW:   0    1.00 INCH OR MORE:   3

[HDD (BASE 65) ]
TOTAL THIS MO.    44    CLEAR  (SCALE 0-3)  10
DPTR FM NORMAL     M    PTCLDY (SCALE 4-7)  13
TOTAL FM JUL 1  4065    CLOUDY (SCALE 8-10)  1
DPTR FM NORMAL     M

[CDD (BASE 65) ]
TOTAL THIS MO.    79
DPTR FM NORMAL     M    [PRESSURE DATA]
TOTAL FM JAN 1   107    HIGHEST SLP M ON M
DPTR FM NORMAL     M    LOWEST  SLP M ON M

[REMARKS]
