000
CXUS55 KBOU 201113
CF6FNL
PRELIMINARY LOCAL CLIMATOLOGICAL DATA (WS FORM: F-6)

                                          STATION:   FT COLLINS/LOVELAND CO
                                          MONTH:     APRIL
                                          YEAR:      2014
                                          LATITUDE:   40 27 N
                                          LONGITUDE: 105  1 W

  TEMPERATURE IN F:       :PCPN:    SNOW:  WIND      :SUNSHINE: SKY     :PK WND
================================================================================
1   2   3   4   5  6A  6B    7    8   9   10  11  12  13   14  15   16   17  18
                                     12Z  AVG MX 2MIN
DY MAX MIN AVG DEP HDD CDD  WTR  SNW DPTH SPD SPD DIR MIN PSBL S-S WX    SPD DR
================================================================================

 1  57  27  42   M  23   0    M    M    M  9.0 15 340   M    M   0        24 250
 2  52  30  41   M  24   0    M    M    M  7.2 14  20   M    M   6         M  M
 3  52  34  43   M  22   0    M    M    M 13.0 22 330   M    M   2        27 300
 4  55  23  39   M  26   0    M    M    M  5.9 14 150   M    M   0        17 150
 5  59  34  47   M  18   0    M    M    M  4.2 13 200   M    M   1        22 200
 6  57  32  45   M  20   0    M    M    M  8.1 23 330   M    M   0        29 330
 7  57  36  47   M  18   0    M    M    M 15.0 28 340   M    M   0        38 340
 8  72  34  53   M  12   0    M    M    M  7.1 14 210   M    M   0        18 210
 9  75  39  57   M   8   0    M    M    M  7.6 17 180   M    M   0        23 320
10  68  37  53   M  12   0    M    M    M  8.5 16  30   M    M   0        21 140
11  77  39  58   M   7   0    M    M    M  6.5 10 130   M    M   0        20 130
12  68  43  56   M   9   0    M    M    M  6.4 21  30   M    M   1        30  30
13  48  23  36   M  29   0    M    M    M 15.2 24 360   M    M   6        29 360
14  43  14  29   M  36   0    M    M    M  7.7 16 340   M    M   0        22 340
15  64  21  43   M  22   0    M    M    M  6.7 18 260   M    M   0        23 240
16  57  37  47   M  18   0    M    M    M 14.0 28 340   M    M   2        33 340
17  64  28  46   M  19   0    M    M    M  5.7 13 150   M    M   0         M  M
18  79  34  57   M   8   0    M    M    M  5.0 14 160   M    M   0        22 130
19  70  45  58   M   7   0    M    M    M  7.4 16 150   M    M   0        16 150
================================================================================
SM 1174  610       338   0    M     M    160.2          M       18
================================================================================
AV 61.8 32.1                               8.4 FASTST   M    M   1    MAX(MPH)
                                 MISC ---->    28   M               # 38  340
================================================================================
NOTES:
# LAST OF SEVERAL OCCURRENCES

COLUMN 17 PEAK WIND IN M.P.H.

PRELIMINARY LOCAL CLIMATOLOGICAL DATA (WS FORM: F-6) , PAGE 2

                                          STATION:  FT COLLINS/LOVELAND CO
                                          MONTH:    APRIL
                                          YEAR:     2014
                                          LATITUDE:   40 27 N
                                          LONGITUDE: 105  1 W

[TEMPERATURE DATA]      [PRECIPITATION DATA]       SYMBOLS USED IN COLUMN 16

AVERAGE MONTHLY: 46.9   TOTAL FOR MONTH:      M    1 = FOG OR MIST
DPTR FM NORMAL:     M   DPTR FM NORMAL:       M    2 = FOG REDUCING VISIBILITY
HIGHEST:    79 ON 18    GRTST 24HR    M  ON   M        TO 1/4 MILE OR LESS
LOWEST:     14 ON 14                               3 = THUNDER
                        SNOW, ICE PELLETS, HAIL    4 = ICE PELLETS
                        TOTAL MONTH:    M          5 = HAIL
                        GRTST 24HR    M  ON   M    6 = FREEZING RAIN OR DRIZZLE
                        GRTST DEPTH:  M  ON   M    7 = DUSTSTORM OR SANDSTORM:
                                                       VSBY 1/2 MILE OR LESS
                                                   8 = SMOKE OR HAZE
[NO. OF DAYS WITH]      [WEATHER - DAYS WITH]      9 = BLOWING SNOW
                                                   X = TORNADO
MAX 32 OR BELOW:   0    0.01 INCH OR MORE:   0
MAX 90 OR ABOVE:   0    0.10 INCH OR MORE:   0
MIN 32 OR BELOW:   8    0.50 INCH OR MORE:   0
MIN  0 OR BELOW:   0    1.00 INCH OR MORE:   0

[HDD (BASE 65) ]
TOTAL THIS MO.   338    CLEAR  (SCALE 0-3)  17
DPTR FM NORMAL     M    PTCLDY (SCALE 4-7)   2
TOTAL FM JUL 1  5848    CLOUDY (SCALE 8-10)  0
DPTR FM NORMAL     M

[CDD (BASE 65) ]
TOTAL THIS MO.     0
DPTR FM NORMAL     M    [PRESSURE DATA]
TOTAL FM JAN 1     0    HIGHEST SLP M ON M
DPTR FM NORMAL     M    LOWEST  SLP M ON M

[REMARKS]
