000
CXUS52 KMLB 290909
CF6FPR
PRELIMINARY LOCAL CLIMATOLOGICAL DATA (WS FORM: F-6)

                                          STATION:   FORT PIERCE
                                          MONTH:     SEPTEMBER
                                          YEAR:      2016
                                          LATITUDE:   27 30 N
                                          LONGITUDE:  80 22 W

  TEMPERATURE IN F:       :PCPN:    SNOW:  WIND      :SUNSHINE: SKY     :PK WND
================================================================================
1   2   3   4   5  6A  6B    7    8   9   10  11  12  13   14  15   16   17  18
                                     12Z  AVG MX 2MIN
DY MAX MIN AVG DEP HDD CDD  WTR  SNW DPTH SPD SPD DIR MIN PSBL S-S WX    SPD DR
================================================================================

 1  91  73  82   1   0  17 0.50  0.0    0  9.0 25 190   M    M   2 138    32 180
 2  88  75  82   1   0  17    T  0.0    0  9.2 23 270   M    M   1        32 270
 3  92  73  83   2   0  18 0.55  0.0    0  5.3 15 120   M    M   4 13     19 250
 4  90  73  82   1   0  17 0.16  0.0    0  4.3 17 270   M    M   2 1      23 270
 5  87  74  81   0   0  16 1.41  0.0    0  4.6 16  10   M    M   6 13     24 360
 6  85  75  80  -1   0  15 0.07  0.0    0  6.9 18 100   M    M   6 1      26 100
 7  88  77  83   2   0  18 0.05  0.0    0  8.2 16  90   M    M   3 1      22  90
 8  88  76  82   1   0  17 0.11  0.0    0  6.1 17 100   M    M   2 1      21 100
 9  89  74  82   1   0  17 0.00  0.0    0  7.0 16 120   M    M   2 1      21 100
10  88  75  82   1   0  17 0.00  0.0    0  6.3 14  90   M    M   1        18  80
11  88  73  81   0   0  16 0.00  0.0    0  7.1 16 100   M    M   2        20 100
12  88  76  82   1   0  17 0.35  0.0    0 10.4 23 120   M    M   3 18     29 110
13  88  75  82   1   0  17 0.22  0.0    0  7.8 23 150   M    M   5 13     32 180
14  91  73  82   1   0  17 0.34  0.0    0  4.4 21 140   M    M   3 138    23 150
15  90  73  82   1   0  17 0.01  0.0    0  2.9 12 100   M    M   3 3      15 120
16  89  74  82   1   0  17    T  0.0    0  1.8 12  80   M    M   2 13     15  80
17  89  72  81   0   0  16 0.00  0.0    0  3.8 12  80   M    M   4 12     16  60
18  90  73  82   1   0  17 0.00  0.0    0  3.2 12 100   M    M   3 13     15 100
19  91  72  82   1   0  17 2.59  0.0    0  3.5 24 160   M    M   3 123    32 170
20  89  71  80   0   0  15 0.00  0.0    0  2.9 10 120   M    M   1        13 110
21  90  74  82   2   0  17 0.62  0.0    0  3.2 12 120   M    M   3 13     15 110
22  89  74  82   2   0  17 0.03  0.0    0  2.5 12  90   M    M   2 3      15  90
23  90  74  82   2   0  17    T  0.0    0  3.7 16 130   M    M   2 3      20 130
24  89  73  81   1   0  16    T  0.0    0  2.0 12 100   M    M   3 3      13 100
25  88  72  80   0   0  15    T  0.0    0  4.4 13 110   M    M   1 3      17 100
26  87  71  79  -1   0  14    T  0.0    0  3.2 13 310   M    M   1 3      17 300
27  89  71  80   0   0  15 0.03  0.0    0  4.5 16 130   M    M   1 13     20 130
28  89  70  80   0   0  15 0.23  0.0    0  4.6 15 130   M    M   3 13     18 130
================================================================================
SM 2490 2056         0 461  7.27     0.0 142.8          M       74
================================================================================
AV 88.9 73.4                               5.1 FASTST   M    M   3    MAX(MPH)
                                 MISC ---->  # 25 190               # 32  180
================================================================================
NOTES:
# LAST OF SEVERAL OCCURRENCES

COLUMN 17 PEAK WIND IN M.P.H.

PRELIMINARY LOCAL CLIMATOLOGICAL DATA (WS FORM: F-6) , PAGE 2

                                          STATION:  FORT PIERCE
                                          MONTH:    SEPTEMBER
                                          YEAR:     2016
                                          LATITUDE:   27 30 N
                                          LONGITUDE:  80 22 W

[TEMPERATURE DATA]      [PRECIPITATION DATA]       SYMBOLS USED IN COLUMN 16

AVERAGE MONTHLY: 81.2   TOTAL FOR MONTH:   7.27    1 = FOG OR MIST
DPTR FM NORMAL:   0.5   DPTR FM NORMAL:    0.47    2 = FOG REDUCING VISIBILITY
HIGHEST:    92 ON  3    GRTST 24HR  2.59 ON 19-19      TO 1/4 MILE OR LESS
LOWEST:     70 ON 28                               3 = THUNDER
                        SNOW, ICE PELLETS, HAIL    4 = ICE PELLETS
                        TOTAL MONTH:   0.0 INCH    5 = HAIL
                        GRTST 24HR     0.0         6 = FREEZING RAIN OR DRIZZLE
                        GRTST DEPTH:   0           7 = DUSTSTORM OR SANDSTORM:
                                                       VSBY 1/2 MILE OR LESS
                                                   8 = SMOKE OR HAZE
[NO. OF DAYS WITH]      [WEATHER - DAYS WITH]      9 = BLOWING SNOW
                                                   X = TORNADO
MAX 32 OR BELOW:   0    0.01 INCH OR MORE:  16
MAX 90 OR ABOVE:   9    0.10 INCH OR MORE:  11
MIN 32 OR BELOW:   0    0.50 INCH OR MORE:   5
MIN  0 OR BELOW:   0    1.00 INCH OR MORE:   2

[HDD (BASE 65) ]
TOTAL THIS MO.     0    CLEAR  (SCALE 0-3)  18
DPTR FM NORMAL     0    PTCLDY (SCALE 4-7)  10
TOTAL FM JUL 1     0    CLOUDY (SCALE 8-10)  0
DPTR FM NORMAL     0

[CDD (BASE 65) ]
TOTAL THIS MO.   461
DPTR FM NORMAL    21    [PRESSURE DATA]
TOTAL FM JAN 1  2815    HIGHEST SLP M ON M
DPTR FM NORMAL   106    LOWEST  SLP 29.79 ON  2

[REMARKS]
