000
CXUS55 KFSD 010905
CF6FSD
PRELIMINARY LOCAL CLIMATOLOGICAL DATA (WS FORM: F-6)

                                          STATION:   SIOUX FALLS
                                          MONTH:     JULY
                                          YEAR:      2015
                                          LATITUDE:   43 34 N
                                          LONGITUDE:  96 44 W

  TEMPERATURE IN F:       :PCPN:    SNOW:  WIND      :SUNSHINE: SKY     :PK WND
================================================================================
1   2   3   4   5  6A  6B    7    8   9   10  11  12  13   14  15   16   17  18
                                     12Z  AVG MX 2MIN
DY MAX MIN AVG DEP HDD CDD  WTR  SNW DPTH SPD SPD DIR MIN PSBL S-S WX    SPD DR
================================================================================

 1  75  61  68  -4   0   3 0.19  0.0    0  9.3 16 150   M    M   7 13     24 100
 2  72  56  64  -8   1   0 0.01  0.0    0  5.1 12 120   M    M   7 1      14 170
 3  79  51  65  -7   0   0 0.00  0.0    0  2.3  9 290   M    M   7 128    12 250
 4  82  60  71  -1   0   6 0.00  0.0    0  8.7 18 180   M    M   4 18     25 170
 5  90  67  79   6   0  14 0.11  0.0    0 13.4 29  30   M    M   6 138    43  30
 6  74  55  65  -8   0   0 1.67  0.0    0 12.5 25 350   M    M   7 18     33  10
 7  71  50  61 -12   4   0 0.00  0.0    0  7.0 15  50   M    M   4        21  50
 8  74  54  64  -9   1   0 0.00  0.0    0  8.0 14 200   M    M   6        18 190
 9  83  57  70  -3   0   5 0.00  0.0    0  3.1 10 190   M    M   4        13 180
10  81  64  73   0   0   8 0.00  0.0    0 11.5 22 180   M    M   4        28 180
11  86  67  77   4   0  12 0.00  0.0    0 10.9 17 180   M    M   4 1      22 180
12  92  69  81   8   0  16 0.00  0.0    0  8.3 22 200   M    M   3 1      26 190
13  89  65  77   4   0  12    T  0.0    0  8.0 17 290   M    M   2 3      25 270
14  87  66  77   4   0  12 0.00  0.0    0  6.5 12 360   M    M   2        16 350
15  81  68  75   2   0  10    T  0.0    0  7.1 16 190   M    M   7        21 160
16  85  66  76   3   0  11 0.01  0.0    0  5.4 17 360   M    M   7 3      21  10
17  92  62  77   4   0  12    T  0.0    0  8.9 25 250   M    M   2        39 250
18  86  61  74   1   0   9    T  0.0    0  7.4 31 160   M    M   3 3      43 180
19  83  57  70  -3   0   5 0.00  0.0    0  7.2 16 190   M    M   3        20 200
20  81  59  70  -3   0   5 0.12  0.0    0  8.7 22 300   M    M   3 3      32 300
21  80  50  65  -8   0   0 0.00  0.0    0  4.8 12 180   M    M   3        15 210
22  81  67  74   1   0   9    T  0.0    0 10.5 16 180   M    M   6        25 170
23  86  64  75   2   0  10 0.00  0.0    0 14.9 24 170   M    M   5 3      31 170
24  91  69  80   7   0  15 0.00  0.0    0  8.9 20 190   M    M   2        26 190
25  85  63  74   1   0   9 1.53  0.0    0  9.4 30 320   M    M   5 13     43 320
26  84  65  75   2   0  10 0.04  0.0    0  5.6 21 180   M    M   6 3      25 170
27  86  73  80   7   0  15 0.03  0.0    0 11.7 22 180   M    M   5 3      29 180
28  80  61  71  -2   0   6 0.48  0.0    0 10.5 26 150   M    M   3 13     36 260
29  83  59  71  -2   0   6 0.00  0.0    0  6.8 20 290   M    M   1        29 280
30  87  57  72  -1   0   7 0.00  0.0    0  4.3 12  30   M    M   2        14  10
31  88  60  74   1   0   9 0.00  0.0    0  3.5 12  50   M    M   2        14  60
================================================================================
SM 2574 1903         6 236  4.19     0.0 250.2          M      132
================================================================================
AV 83.0 61.4                               8.1 FASTST   M    M   4    MAX(MPH)
                                 MISC ---->  # 31 160               # 43   30
================================================================================
NOTES:
# LAST OF SEVERAL OCCURRENCES

COLUMN 17 PEAK WIND IN M.P.H.

PRELIMINARY LOCAL CLIMATOLOGICAL DATA (WS FORM: F-6) , PAGE 2

                                          STATION:  SIOUX FALLS
                                          MONTH:    JULY
                                          YEAR:     2015
                                          LATITUDE:   43 34 N
                                          LONGITUDE:  96 44 W

[TEMPERATURE DATA]      [PRECIPITATION DATA]       SYMBOLS USED IN COLUMN 16

AVERAGE MONTHLY: 72.2   TOTAL FOR MONTH:   4.19    1 = FOG OR MIST
DPTR FM NORMAL:  -0.8   DPTR FM NORMAL:    1.10    2 = FOG REDUCING VISIBILITY
HIGHEST:    92 ON 17,12 GRTST 24HR  1.67 ON  5- 6      TO 1/4 MILE OR LESS
LOWEST:     50 ON 21, 7                            3 = THUNDER
                        SNOW, ICE PELLETS, HAIL    4 = ICE PELLETS
                        TOTAL MONTH:   0.0 INCH    5 = HAIL
                        GRTST 24HR     0.0         6 = FREEZING RAIN OR DRIZZLE
                        GRTST DEPTH:   0           7 = DUSTSTORM OR SANDSTORM:
                                                       VSBY 1/2 MILE OR LESS
                                                   8 = SMOKE OR HAZE
[NO. OF DAYS WITH]      [WEATHER - DAYS WITH]      9 = BLOWING SNOW
                                                   X = TORNADO
MAX 32 OR BELOW:   0    0.01 INCH OR MORE:  10
MAX 90 OR ABOVE:   4    0.10 INCH OR MORE:   6
MIN 32 OR BELOW:   0    0.50 INCH OR MORE:   2
MIN  0 OR BELOW:   0    1.00 INCH OR MORE:   2

[HDD (BASE 65) ]
TOTAL THIS MO.     6    CLEAR  (SCALE 0-3)  12
DPTR FM NORMAL    -2    PTCLDY (SCALE 4-7)  19
TOTAL FM JUL 1     6    CLOUDY (SCALE 8-10)  0
DPTR FM NORMAL    -2

[CDD (BASE 65) ]
TOTAL THIS MO.   236
DPTR FM NORMAL   -20    [PRESSURE DATA]
TOTAL FM JAN 1   397    HIGHEST SLP 30.21 ON  7
DPTR FM NORMAL   -30    LOWEST  SLP 29.56 ON 17

[REMARKS]
#FINAL-07-15#
