000
CXUS55 KFSD 170905
CF6FSD
PRELIMINARY LOCAL CLIMATOLOGICAL DATA (WS FORM: F-6)

                                          STATION:   SIOUX FALLS
                                          MONTH:     AUGUST
                                          YEAR:      2017
                                          LATITUDE:   43 34 N
                                          LONGITUDE:  96 44 W

  TEMPERATURE IN F:       :PCPN:    SNOW:  WIND      :SUNSHINE: SKY     :PK WND
================================================================================
1   2   3   4   5  6A  6B    7    8   9   10  11  12  13   14  15   16   17  18
                                     12Z  AVG MX 2MIN
DY MAX MIN AVG DEP HDD CDD  WTR  SNW DPTH SPD SPD DIR MIN PSBL S-S WX    SPD DR
================================================================================

 1  89  62  76   3   0  11    T  0.0    0  3.5 25 200   M    M   4 13     30 210
 2  82  57  70  -3   0   5 0.01  0.0    0  5.8 16 230   M    M   7        26 210
 3  71  54  63 -10   2   0    T  0.0    0 10.8 23 350   M    M   7 1      30 340
 4  78  48  63  -9   2   0    T  0.0    0  4.7 10 220   M    M   3        15 200
 5  71  57  64  -8   1   0    T  0.0    0  8.1 16 190   M    M   9        22 310
 6  70  58  64  -8   1   0 0.01  0.0    0  6.0 14 150   M    M   9        17 160
 7  81  57  69  -3   0   4 0.06  0.0    0  3.5 12  90   M    M   5 1      14  80
 8  80  51  66  -6   0   1 0.00  0.0    0  6.6 15 170   M    M   4 1      20 170
 9  82  61  72   0   0   7 0.67  0.0    0  8.1 21 180   M    M   5 13     26 220
10  76  58  67  -5   0   2 0.00  0.0    0  8.4 18 320   M    M   5        22 330
11  81  53  67  -5   0   2 0.00  0.0    0  3.0 12 140   M    M   4 1      14 140
12  80  55  68  -4   0   3    T  0.0    0  9.3 18 150   M    M   6        23 150
13  73  62  68  -3   0   3 0.07  0.0    0  7.1 18 170   M    M   8 13     22 170
14  78  57  68  -3   0   3 0.00  0.0    0  5.1 15  40   M    M   7 12     19  30
15  75  60  68  -3   0   3 0.08  0.0    0  8.5 17 110   M    M   8 1      23 110
16  69  65  67  -4   0   2 1.25  0.0    0  8.0 18 340   M    M  10 1      23 340
================================================================================
SM 1236  915         6  46  2.15     0.0 106.5          M      101
================================================================================
AV 77.3 57.2                               6.7 FASTST   M    M   6    MAX(MPH)
                                 MISC ---->  # 25 200               # 30  210
================================================================================
NOTES:
# LAST OF SEVERAL OCCURRENCES

COLUMN 17 PEAK WIND IN M.P.H.

PRELIMINARY LOCAL CLIMATOLOGICAL DATA (WS FORM: F-6) , PAGE 2

                                          STATION:  SIOUX FALLS
                                          MONTH:    AUGUST
                                          YEAR:     2017
                                          LATITUDE:   43 34 N
                                          LONGITUDE:  96 44 W

[TEMPERATURE DATA]      [PRECIPITATION DATA]       SYMBOLS USED IN COLUMN 16

AVERAGE MONTHLY: 67.2   TOTAL FOR MONTH:   2.15    1 = FOG OR MIST
DPTR FM NORMAL:  -4.7   DPTR FM NORMAL:    0.54    2 = FOG REDUCING VISIBILITY
HIGHEST:    89 ON  1    GRTST 24HR  1.25 ON 16-16      TO 1/4 MILE OR LESS
LOWEST:     48 ON  4                               3 = THUNDER
                        SNOW, ICE PELLETS, HAIL    4 = ICE PELLETS
                        TOTAL MONTH:   0.0 INCH    5 = HAIL
                        GRTST 24HR     0.0         6 = FREEZING RAIN OR DRIZZLE
                        GRTST DEPTH:   0           7 = DUSTSTORM OR SANDSTORM:
                                                       VSBY 1/2 MILE OR LESS
                                                   8 = SMOKE OR HAZE
[NO. OF DAYS WITH]      [WEATHER - DAYS WITH]      9 = BLOWING SNOW
                                                   X = TORNADO
MAX 32 OR BELOW:   0    0.01 INCH OR MORE:   7
MAX 90 OR ABOVE:   0    0.10 INCH OR MORE:   2
MIN 32 OR BELOW:   0    0.50 INCH OR MORE:   2
MIN  0 OR BELOW:   0    1.00 INCH OR MORE:   1

[HDD (BASE 65) ]
TOTAL THIS MO.     6    CLEAR  (SCALE 0-3)   1
DPTR FM NORMAL     3    PTCLDY (SCALE 4-7)  11
TOTAL FM JUL 1     6    CLOUDY (SCALE 8-10)  4
DPTR FM NORMAL    -5

[CDD (BASE 65) ]
TOTAL THIS MO.    46
DPTR FM NORMAL   -72    [PRESSURE DATA]
TOTAL FM JAN 1   607    HIGHEST SLP M ON M
DPTR FM NORMAL    62    LOWEST  SLP 29.75 ON 13

[REMARKS]
